{"id":936,"date":"2022-05-25T09:08:27","date_gmt":"2022-05-25T14:08:27","guid":{"rendered":"https:\/\/cs3lacs.wpengine.com\/virginie-roy\/?page_id=936"},"modified":"2026-01-29T10:43:58","modified_gmt":"2026-01-29T15:43:58","slug":"inscription-scolaire","status":"publish","type":"page","link":"https:\/\/csstl.gouv.qc.ca\/virginie-roy\/inscription-scolaire\/","title":{"rendered":"Inscription scolaire"},"content":{"rendered":"\n<p>La p\u00e9riode d\u2019inscription officielle des \u00e9l\u00e8ves pour l\u2019ann\u00e9e scolaire\u00a02026-2027 aura lieu du 26\u00a0janvier au 13\u00a0f\u00e9vrier 2026.<\/p>\n\n\n\n<p>L\u2019admission d\u2019un nouvel \u00e9l\u00e8ve pour l\u2019ann\u00e9e scolaire 2026-2027 se fait directement en ligne via le&nbsp;<a href=\"https:\/\/portailparents.ca\/accueil\/fr\/\" target=\"_blank\" rel=\"noreferrer noopener\"><strong>Moza\u00efk Portail Parents<\/strong><\/a><strong>&nbsp;ou l\u2019application Clic-\u00c9cole.<\/strong><br><br>Pour effectuer une inscription en ligne, le parent doit d\u2019abord cr\u00e9er un compte sur Mozaik Portail Parents. Si un compte existe d\u00e9j\u00e0 parce qu\u2019un enfant fr\u00e9quente le Centre de services scolaire des Trois-Lacs ou un autre Centre de services scolaire, il faut utiliser ce compte.<strong>&nbsp;Pour plus d\u2019informations, veuillez consulter la&nbsp;<a href=\"https:\/\/media.csstl.gouv.qc.ca\/wp-content\/uploads\/2025\/12\/16115004\/Nouvelle-procedure-inscription-en-ligne-V2.pdf\" target=\"_blank\" rel=\"noreferrer noopener\">nouvelle proc\u00e9dure d\u2019inscription en ligne<\/a>.<\/strong><br><br><strong>Respect de la p\u00e9riode d\u2019inscription&nbsp;<\/strong><br>Il est important de proc\u00e9der \u00e0 l\u2019inscription de son enfant pendant la p\u00e9riode officielle. En effet, conform\u00e9ment aux Crit\u00e8res d\u2019admission et d\u2019inscription des \u00e9l\u00e8ves, les inscriptions tardives sont parmi les premi\u00e8res \u00e0 \u00eatre identifi\u00e9es pour un transfert en cas de surplus d\u2019\u00e9l\u00e8ves dans un groupe.<\/p>\n\n\n\n<p>_______________________________________________________________________________________________________________<\/p>\n","protected":false},"excerpt":{"rendered":"<p>La p\u00e9riode d\u2019inscription officielle des \u00e9l\u00e8ves pour l\u2019ann\u00e9e scolaire\u00a02026-2027 aura lieu du 26\u00a0janvier au 13\u00a0f\u00e9vrier 2026. L\u2019admission d\u2019un nouvel \u00e9l\u00e8ve pour l\u2019ann\u00e9e scolaire 2026-2027 se fait directement en ligne via le&nbsp;Moza\u00efk Portail Parents&nbsp;ou l\u2019application Clic-\u00c9cole. Pour effectuer une inscription en ligne, le parent doit d\u2019abord cr\u00e9er un compte sur Mozaik Portail Parents. Si un compte [&hellip;]<\/p>\n","protected":false},"author":4,"featured_media":0,"parent":0,"menu_order":0,"comment_status":"closed","ping_status":"closed","template":"","meta":{"_genesis_hide_title":false,"_genesis_hide_breadcrumbs":false,"_genesis_hide_singular_image":false,"_genesis_hide_footer_widgets":false,"_genesis_custom_body_class":"","_genesis_custom_post_class":"","_genesis_layout":"","footnotes":""},"class_list":{"0":"post-936","1":"page","2":"type-page","3":"status-publish","5":"entry"},"featured_image_src":null,"featured_image_src_square":null,"_links":{"self":[{"href":"https:\/\/csstl.gouv.qc.ca\/virginie-roy\/wp-json\/wp\/v2\/pages\/936","targetHints":{"allow":["GET"]}}],"collection":[{"href":"https:\/\/csstl.gouv.qc.ca\/virginie-roy\/wp-json\/wp\/v2\/pages"}],"about":[{"href":"https:\/\/csstl.gouv.qc.ca\/virginie-roy\/wp-json\/wp\/v2\/types\/page"}],"author":[{"embeddable":true,"href":"https:\/\/csstl.gouv.qc.ca\/virginie-roy\/wp-json\/wp\/v2\/users\/4"}],"replies":[{"embeddable":true,"href":"https:\/\/csstl.gouv.qc.ca\/virginie-roy\/wp-json\/wp\/v2\/comments?post=936"}],"version-history":[{"count":0,"href":"https:\/\/csstl.gouv.qc.ca\/virginie-roy\/wp-json\/wp\/v2\/pages\/936\/revisions"}],"wp:attachment":[{"href":"https:\/\/csstl.gouv.qc.ca\/virginie-roy\/wp-json\/wp\/v2\/media?parent=936"}],"curies":[{"name":"wp","href":"https:\/\/api.w.org\/{rel}","templated":true}]}}