{"id":481,"date":"2019-06-18T13:48:46","date_gmt":"2019-06-18T18:48:46","guid":{"rendered":"http:\/\/cs3lacs.wpengine.com\/val-des-pres\/?page_id=481"},"modified":"2025-08-20T07:46:40","modified_gmt":"2025-08-20T12:46:40","slug":"service-de-garde","status":"publish","type":"page","link":"https:\/\/csstl.gouv.qc.ca\/val-des-pres\/service-de-garde\/","title":{"rendered":"Service de garde"},"content":{"rendered":"\n<p>Il me fait plaisir de vous accueillir au service de garde de l&rsquo;\u00e9cole du Val-des-Pr\u00e9s. Votre enfant d\u00e9couvrira un milieu stimulant o\u00f9 plusieurs activit\u00e9s diff\u00e9rentes lui seront offertes.&nbsp;&nbsp;Au cours de l&rsquo;ann\u00e9e scolaire, plusieurs activit\u00e9s sp\u00e9ciales seront organis\u00e9es afin que votre enfant vive des moments inoubliables.&nbsp;Pendant les journ\u00e9es p\u00e9dagogiques, le service de garde organisera pour votre enfant des activit\u00e9s enrichissantes qui lui permettront d&rsquo;exp\u00e9rimenter de nouvelles choses.&nbsp;<\/p>\n\n\n\n<p>Sylvia Bachand, responsable du service de garde<\/p>\n\n\n\n<p>450 267-3454 poste 3350 \/ sgarde.sacre-coeur@cstrois-lacs.qc.ca <\/p>\n\n\n\n<h2 class=\"wp-block-heading\">&nbsp;Horaire<\/h2>\n\n\n\n<ul class=\"wp-block-list\">\n<li>Le matin :&nbsp;6 h 30 \u00e0 7 h 40<\/li>\n\n\n\n<li>Le midi : 11 h 15 \u00e0 12 h 45<\/li>\n\n\n\n<li>L&rsquo;apr\u00e8s-midi:&nbsp;14 h \u00e0 18 h (groupe des&nbsp;maternelles) et 15 h 10 \u00e0 18 h (autres groupes)<\/li>\n<\/ul>\n\n\n\n<h2 class=\"wp-block-heading\">Documents <\/h2>\n\n\n\n<p><a href=\"https:\/\/media.csstl.gouv.qc.ca\/wp-content\/uploads\/sites\/30\/2025\/08\/20072713\/Politiques-et-reglements-des-SDG-VDP-25-26.pdf\" data-type=\"attachment\" data-id=\"1426\">Politiques et r\u00e8glements des services de garde &#8211; CSSTL <\/a><\/p>\n\n\n\n<p><a href=\"https:\/\/media.csstl.gouv.qc.ca\/wp-content\/uploads\/sites\/30\/2025\/08\/20072709\/Inscription-SDG-25-26.pdf\" data-type=\"attachment\" data-id=\"1425\">Fiche d&rsquo;inscription 2025-2026<\/a><\/p>\n\n\n\n<p>Calendrier facturation &#8211; Service de garde<\/p>\n\n\n\n<p>Calendrier facturation &#8211; Surveillance du diner<\/p>\n\n\n\n<p>Programme d&rsquo;activit\u00e9s 2025-2026<\/p>\n","protected":false},"excerpt":{"rendered":"<p>Il me fait plaisir de vous accueillir au service de garde de l&rsquo;\u00e9cole du Val-des-Pr\u00e9s. Votre enfant d\u00e9couvrira un milieu stimulant o\u00f9 plusieurs activit\u00e9s diff\u00e9rentes lui seront offertes.&nbsp;&nbsp;Au cours de l&rsquo;ann\u00e9e scolaire, plusieurs activit\u00e9s sp\u00e9ciales seront organis\u00e9es afin que votre enfant vive des moments inoubliables.&nbsp;Pendant les journ\u00e9es p\u00e9dagogiques, le service de garde organisera pour votre [&hellip;]<\/p>\n","protected":false},"author":2,"featured_media":0,"parent":0,"menu_order":0,"comment_status":"closed","ping_status":"closed","template":"","meta":{"_genesis_hide_title":false,"_genesis_hide_breadcrumbs":false,"_genesis_hide_singular_image":false,"_genesis_hide_footer_widgets":false,"_genesis_custom_body_class":"","_genesis_custom_post_class":"","_genesis_layout":"","footnotes":""},"class_list":{"0":"post-481","1":"page","2":"type-page","3":"status-publish","5":"entry"},"featured_image_src":null,"featured_image_src_square":null,"_links":{"self":[{"href":"https:\/\/csstl.gouv.qc.ca\/val-des-pres\/wp-json\/wp\/v2\/pages\/481","targetHints":{"allow":["GET"]}}],"collection":[{"href":"https:\/\/csstl.gouv.qc.ca\/val-des-pres\/wp-json\/wp\/v2\/pages"}],"about":[{"href":"https:\/\/csstl.gouv.qc.ca\/val-des-pres\/wp-json\/wp\/v2\/types\/page"}],"author":[{"embeddable":true,"href":"https:\/\/csstl.gouv.qc.ca\/val-des-pres\/wp-json\/wp\/v2\/users\/2"}],"replies":[{"embeddable":true,"href":"https:\/\/csstl.gouv.qc.ca\/val-des-pres\/wp-json\/wp\/v2\/comments?post=481"}],"version-history":[{"count":0,"href":"https:\/\/csstl.gouv.qc.ca\/val-des-pres\/wp-json\/wp\/v2\/pages\/481\/revisions"}],"wp:attachment":[{"href":"https:\/\/csstl.gouv.qc.ca\/val-des-pres\/wp-json\/wp\/v2\/media?parent=481"}],"curies":[{"name":"wp","href":"https:\/\/api.w.org\/{rel}","templated":true}]}}