{"id":1008,"date":"2022-10-17T08:44:33","date_gmt":"2022-10-17T13:44:33","guid":{"rendered":"https:\/\/cs3lacs.wpengine.com\/val-des-pres\/?page_id=1008"},"modified":"2025-06-11T12:19:22","modified_gmt":"2025-06-11T17:19:22","slug":"reglements","status":"publish","type":"page","link":"https:\/\/csstl.gouv.qc.ca\/val-des-pres\/reglements\/","title":{"rendered":"R\u00e8glements \/ Code de vie"},"content":{"rendered":"\n<p>Le document ci-bas vous informe des r\u00e8gles appliqu\u00e9es \u00e0 l&rsquo;\u00e9cole du Val-des-Pr\u00e9s.&nbsp; L&rsquo;objectif est de responsabiliser l&rsquo;\u00e9l\u00e8ve dans ses attitudes et ses comportements face \u00e0 son environnement scolaire et dans le respect de tous.<\/p>\n\n\n\n<p>Ces r\u00e8gles sont des moyens pour aider nos \u00e9l\u00e8ves \u00e0&nbsp;respecter la vie de groupe. Les mesures correctives qui appuient ces r\u00e8gles sugg\u00e8rent des attitudes agr\u00e9ables en soci\u00e9t\u00e9. Le r\u00e8glement s&rsquo;appuie sur des conditions sociales majoritairement accept\u00e9es et sur des comportements attendus dans le respect du projet \u00e9ducatif.&nbsp;&nbsp;&nbsp;&nbsp;&nbsp;&nbsp;&nbsp;&nbsp;&nbsp;&nbsp;<\/p>\n\n\n\n<p>Le comportement positif des \u00e9l\u00e8ves est reconnu \u00e0 l&rsquo;\u00e9cole. Chaque \u00e9cole a son propre protocole qui est \u00e9tabli en d\u00e9but d&rsquo;ann\u00e9e.<\/p>\n\n\n\n<p>M\u00eame si ces r\u00e8gles sont claires, certains \u00e9l\u00e8ves ont de la difficult\u00e9 \u00e0 les appliquer.&nbsp;Un plan d&rsquo;action aide l&rsquo;\u00e9l\u00e8ve \u00e0 modifier son comportement (r\u00e9solution des conflits).<\/p>\n\n\n\n<p>Nous vous prions de prendre connaissance de cette d\u00e9marche \u00e9ducative et d&rsquo;inciter votre enfant \u00e0 enrichir sa qualit\u00e9 de vie \u00e0 l&rsquo;\u00e9cole par le travail bien fait et un comportement refl\u00e9tant la fiert\u00e9.<\/p>\n\n\n\n\t\t<div class=\"wppdfemb-frame-container-1\" style=\"-webkit-overflow-scrolling:auto;\">\n\t\t\t<iframe class=\"pdfembed-iframe nonfullscreen wppdf-emb-iframe-1\"\n\t\t\t\tsrc=\"https:\/\/csstl.gouv.qc.ca\/val-des-pres\/?pdfemb-data=eyJwZGZJRCI6MTQxNCwidXJsIjoiaHR0cHM6XC9cL21lZGlhLmNzc3RsLmdvdXYucWMuY2FcL3dwLWNvbnRlbnRcL3VwbG9hZHNcL3NpdGVzXC8zMFwvMjAyNVwvMDZcLzExMTIxNzE5XC9Db2RlLWRlLXZpZS0yNS0yNi5wZGYiLCJpbmRleCI6MSwid21fdGV4dCI6IiJ9\"\n\t\t\t\t\t\t\t\tdata-pdf-id=\"1414\"\n\t\t\t\tdata-pdf-index=\"1\"\n\t\t\t\tstyle=\"border:none;width:100%;max-width:100%;height:100vh;\"\n\t\t\t\tscrolling=\"yes\">\n\t\t\t<\/iframe>\n\t\t<\/div>\n\n\t\t","protected":false},"excerpt":{"rendered":"<p>Le document ci-bas vous informe des r\u00e8gles appliqu\u00e9es \u00e0 l&rsquo;\u00e9cole du Val-des-Pr\u00e9s.&nbsp; L&rsquo;objectif est de responsabiliser l&rsquo;\u00e9l\u00e8ve dans ses attitudes et ses comportements face \u00e0 son environnement scolaire et dans le respect de tous. Ces r\u00e8gles sont des moyens pour aider nos \u00e9l\u00e8ves \u00e0&nbsp;respecter la vie de groupe. Les mesures correctives qui appuient ces r\u00e8gles [&hellip;]<\/p>\n","protected":false},"author":2,"featured_media":0,"parent":0,"menu_order":0,"comment_status":"closed","ping_status":"closed","template":"","meta":{"_genesis_hide_title":false,"_genesis_hide_breadcrumbs":false,"_genesis_hide_singular_image":false,"_genesis_hide_footer_widgets":false,"_genesis_custom_body_class":"","_genesis_custom_post_class":"","_genesis_layout":"","footnotes":""},"class_list":{"0":"post-1008","1":"page","2":"type-page","3":"status-publish","5":"entry"},"featured_image_src":null,"featured_image_src_square":null,"_links":{"self":[{"href":"https:\/\/csstl.gouv.qc.ca\/val-des-pres\/wp-json\/wp\/v2\/pages\/1008","targetHints":{"allow":["GET"]}}],"collection":[{"href":"https:\/\/csstl.gouv.qc.ca\/val-des-pres\/wp-json\/wp\/v2\/pages"}],"about":[{"href":"https:\/\/csstl.gouv.qc.ca\/val-des-pres\/wp-json\/wp\/v2\/types\/page"}],"author":[{"embeddable":true,"href":"https:\/\/csstl.gouv.qc.ca\/val-des-pres\/wp-json\/wp\/v2\/users\/2"}],"replies":[{"embeddable":true,"href":"https:\/\/csstl.gouv.qc.ca\/val-des-pres\/wp-json\/wp\/v2\/comments?post=1008"}],"version-history":[{"count":0,"href":"https:\/\/csstl.gouv.qc.ca\/val-des-pres\/wp-json\/wp\/v2\/pages\/1008\/revisions"}],"wp:attachment":[{"href":"https:\/\/csstl.gouv.qc.ca\/val-des-pres\/wp-json\/wp\/v2\/media?parent=1008"}],"curies":[{"name":"wp","href":"https:\/\/api.w.org\/{rel}","templated":true}]}}

Règlements / Code de vie

<p>Le document ci-bas vous informe des règles appliquées à l&rsquo;école du Val-des-Prés.&nbsp; L&rsquo;objectif est de responsabiliser l&rsquo;élève dans ses attitudes et ses comportements face à son environnement scolaire et dans le respect de tous.</p>



<p>Ces règles sont des moyens pour aider nos élèves à&nbsp;respecter la vie de groupe. Les mesures correctives qui appuient ces règles suggèrent des attitudes agréables en société. Le règlement s&rsquo;appuie sur des conditions sociales majoritairement acceptées et sur des comportements attendus dans le respect du projet éducatif.&nbsp;&nbsp;&nbsp;&nbsp;&nbsp;&nbsp;&nbsp;&nbsp;&nbsp;&nbsp;</p>



<p>Le comportement positif des élèves est reconnu à l&rsquo;école. Chaque école a son propre protocole qui est établi en début d&rsquo;année.</p>



<p>Même si ces règles sont claires, certains élèves ont de la difficulté à les appliquer.&nbsp;Un plan d&rsquo;action aide l&rsquo;élève à modifier son comportement (résolution des conflits).</p>



<p>Nous vous prions de prendre connaissance de cette démarche éducative et d&rsquo;inciter votre enfant à enrichir sa qualité de vie à l&rsquo;école par le travail bien fait et un comportement reflétant la fierté.</p>



		<div class="wppdfemb-frame-container-1" style="-webkit-overflow-scrolling:auto;">
			<iframe class="pdfembed-iframe nonfullscreen wppdf-emb-iframe-1"
				src="https://csstl.gouv.qc.ca/val-des-pres/?pdfemb-data=eyJwZGZJRCI6MTQxNCwidXJsIjoiaHR0cHM6XC9cL21lZGlhLmNzc3RsLmdvdXYucWMuY2FcL3dwLWNvbnRlbnRcL3VwbG9hZHNcL3NpdGVzXC8zMFwvMjAyNVwvMDZcLzExMTIxNzE5XC9Db2RlLWRlLXZpZS0yNS0yNi5wZGYiLCJpbmRleCI6MSwid21fdGV4dCI6IiJ9"
								data-pdf-id="1414"
				data-pdf-index="1"
				style="border:none;width:100%;max-width:100%;height:100vh;"
				scrolling="yes">
			</iframe>
		</div>

<p>Le document ci-bas vous informe des règles appliquées à l&rsquo;école du Val-des-Prés.&nbsp; L&rsquo;objectif est de responsabiliser l&rsquo;élève dans ses attitudes et ses comportements face à son environnement scolaire et dans le respect de tous. Ces règles sont des moyens pour aider nos élèves à&nbsp;respecter la vie de groupe. Les mesures correctives qui appuient ces règles [&hellip;]</p>
