{"id":10,"date":"2019-02-06T13:15:15","date_gmt":"2019-02-06T13:15:15","guid":{"rendered":"http:\/\/cs3lacs.wpengine.com\/val-des-pres\/?page_id=10"},"modified":"2025-11-04T14:32:38","modified_gmt":"2025-11-04T19:32:38","slug":"conseil-detablissement","status":"publish","type":"page","link":"https:\/\/csstl.gouv.qc.ca\/val-des-pres\/conseil-detablissement\/","title":{"rendered":"Conseil d&rsquo;\u00e9tablissement"},"content":{"rendered":"\n<p>L&rsquo;\u00e9cole de votre ou vos enfants vous interpelle? Quelles que soient vos disponibilit\u00e9s, votre \u00e9ducation, vos connaissances g\u00e9n\u00e9rales, sachez qu&rsquo;il y a place pour tous dans votre milieu scolaire. Votre implication sera appr\u00e9ci\u00e9e par le personnel enseignant, mais surtout par votre ou vos enfants. Pour plus d&rsquo;information, n&rsquo;h\u00e9sitez pas \u00e0 contacter les membres de votre \u00e9cole ou votre direction ou consultez le site de la F\u00e9d\u00e9ration des comit\u00e9s de parents soit le&nbsp;www.fcpq.qc.ca.<\/p>\n\n\n\n<h2 class=\"wp-block-heading\"><a href=\"https:\/\/media.csstl.gouv.qc.ca\/wp-content\/uploads\/sites\/30\/2024\/07\/18104518\/Role-des-parents-OPP-et-CE-24-25.pdf\" data-type=\"attachment\" data-id=\"1326\">Les comit\u00e9s scolaires<\/a><\/h2>\n\n\n\n<ul class=\"wp-block-list\">\n<li>Conseil d&rsquo;\u00e9tablissement (C\u00c9)<\/li>\n\n\n\n<li>Organisme de Participation des Parents (OPP)<\/li>\n\n\n\n<li>Le comit\u00e9 de parents<\/li>\n\n\n\n<li>Le comit\u00e9 EHDAA<\/li>\n<\/ul>\n\n\n\n<h2 class=\"wp-block-heading\">R\u00f4le du conseil d&rsquo;\u00e9tablissement<\/h2>\n\n\n\n<p>Le conseil d&rsquo;\u00e9tablissement (C\u00c9) constitue l&rsquo;endroit privil\u00e9gi\u00e9 pour participer aux d\u00e9cisions importantes qui concernent l&rsquo;\u00e9cole et les \u00e9l\u00e8ves. C&rsquo;est un lieu propice \u00e0 la concertation avec les autres personnes qui \u0153uvrent \u00e0 l&rsquo;\u00e9cole. S&rsquo;y faire \u00e9lire permet d&rsquo;\u00eatre au coeur de la vie de l&rsquo;\u00e9cole.<\/p>\n\n\n\n<h2 class=\"wp-block-heading\">Liste des membres du conseil d&rsquo;\u00e9tablissement <\/h2>\n\n\n\n<ul class=\"wp-block-list\">\n<li>Monsieur Vincent Gingras, parent<\/li>\n\n\n\n<li>Madame Cynthia Pilon, parent<\/li>\n\n\n\n<li>Madame Joanie Brisebois, parent<\/li>\n\n\n\n<li>Monsieur Maxime Dufresne, parent<\/li>\n\n\n\n<li>Madame Ismanuelle Baillargeon-Longpr\u00e9, parent<\/li>\n\n\n\n<li>Madame Marie-Claude Sciotto, enseignante \u00e0 Sacr\u00e9-Coeur<\/li>\n\n\n\n<li>Madame Joannie St-Onge, enseignante \u00e0 Immacul\u00e9e-Conception<\/li>\n\n\n\n<li>Madame \u00c9milie Cadieux, enseignante \u00e0 Sacr\u00e9-Coeur<\/li>\n\n\n\n<li>Madame Sylvia Bachand, repr\u00e9sentante du service de garde<\/li>\n\n\n\n<li>Parents substituts: Madame Jessika Pelletier et Madame Claudia Harvey<\/li>\n<\/ul>\n\n\n\n<h2 class=\"wp-block-heading\">Dates des rencontres et proc\u00e8s-verbaux 2025-2026<\/h2>\n\n\n\n<ul class=\"wp-block-list\">\n<li><a href=\"https:\/\/media.csstl.gouv.qc.ca\/wp-content\/uploads\/sites\/30\/2025\/11\/04143155\/PV-Assemblee-generale-26-aout-2025.pdf\" data-type=\"attachment\" data-id=\"1445\">Proc\u00e8s-verbal<\/a>: 26 ao\u00fbt 2025<\/li>\n\n\n\n<li><a href=\"https:\/\/media.csstl.gouv.qc.ca\/wp-content\/uploads\/sites\/30\/2025\/11\/04143157\/PV-CE-23-sept-2025.pdf\" data-type=\"attachment\" data-id=\"1446\">Proc\u00e8s-verbal<\/a>: 23 septembre 2025<\/li>\n\n\n\n<li>Proc\u00e8s-verbal: 18 novembre 2025<\/li>\n\n\n\n<li>Proc\u00e8s-verbal: 10 f\u00e9vrier 2026<\/li>\n\n\n\n<li>Proc\u00e8s-verbal: 31 mars 2026<\/li>\n\n\n\n<li>Proc\u00e8s-verbal: 12 mai 2026<\/li>\n\n\n\n<li>Proc\u00e8s-verbal: 9 juin 2026<\/li>\n<\/ul>\n\n\n\n<p><\/p>\n\n\n\n<h2 class=\"wp-block-heading\">Proc\u00e8s-verbaux 2024-2025<\/h2>\n\n\n\n<ul class=\"wp-block-list\">\n<li><a href=\"https:\/\/media.csstl.gouv.qc.ca\/wp-content\/uploads\/sites\/30\/2025\/04\/16124629\/PV-CE-25-sept-2024.pdf\" data-type=\"attachment\" data-id=\"1393\">Proc\u00e8s-verbal:<\/a> 25 septembre 2024<\/li>\n\n\n\n<li><a href=\"https:\/\/media.csstl.gouv.qc.ca\/wp-content\/uploads\/sites\/30\/2025\/04\/16124626\/PV-CE-13-nov-2024.pdf\" data-type=\"attachment\" data-id=\"1392\">Proc\u00e8s-verbal:<\/a> 13 novembre 2025<\/li>\n\n\n\n<li><a href=\"https:\/\/media.csstl.gouv.qc.ca\/wp-content\/uploads\/sites\/30\/2025\/04\/16124623\/PV-CE-5-fevrier-2025.pdf\" data-type=\"attachment\" data-id=\"1391\">Proc\u00e8s-verbal:<\/a>   5 f\u00e9vrier 2025<\/li>\n\n\n\n<li><a href=\"https:\/\/media.csstl.gouv.qc.ca\/wp-content\/uploads\/sites\/30\/2025\/04\/16124619\/PV-CE-2-avril-2025.pdf\" data-type=\"attachment\" data-id=\"1390\">Proc\u00e8s-verbal:<\/a>   2 avril 2025<\/li>\n\n\n\n<li><a href=\"https:\/\/media.csstl.gouv.qc.ca\/wp-content\/uploads\/sites\/30\/2025\/06\/11122222\/PV-CE-14-mai-2025.pdf\" data-type=\"attachment\" data-id=\"1415\">Proc\u00e8s-verbal<\/a>: 14 mai 2025<\/li>\n\n\n\n<li>Proc\u00e8s-verbal: 11 juin 2025 <\/li>\n<\/ul>\n\n\n\n<h2 class=\"wp-block-heading\">L&rsquo;OPP<\/h2>\n\n\n\n<p>L&rsquo;organisme de participation des parents (OPP) repr\u00e9sente un moteur exceptionnel de participation des parents. Un tel engagement favorise notamment le rapprochement entre l&rsquo;\u00e9cole, les familles et la communaut\u00e9.<\/p>\n\n\n\n<p>Les parents impliqu\u00e9s dans ce comit\u00e9 devront participer aux diff\u00e9rentes activit\u00e9s de l&rsquo;\u00e9cole, participer \u00e0 l&rsquo;organisation de diff\u00e9rente f\u00eates, r\u00e9aliser des campagnes de financement, etc.<\/p>\n","protected":false},"excerpt":{"rendered":"<p>L&rsquo;\u00e9cole de votre ou vos enfants vous interpelle? Quelles que soient vos disponibilit\u00e9s, votre \u00e9ducation, vos connaissances g\u00e9n\u00e9rales, sachez qu&rsquo;il y a place pour tous dans votre milieu scolaire. Votre implication sera appr\u00e9ci\u00e9e par le personnel enseignant, mais surtout par votre ou vos enfants. Pour plus d&rsquo;information, n&rsquo;h\u00e9sitez pas \u00e0 contacter les membres de votre [&hellip;]<\/p>\n","protected":false},"author":2,"featured_media":0,"parent":0,"menu_order":11,"comment_status":"closed","ping_status":"closed","template":"","meta":{"_genesis_hide_title":false,"_genesis_hide_breadcrumbs":false,"_genesis_hide_singular_image":false,"_genesis_hide_footer_widgets":false,"_genesis_custom_body_class":"","_genesis_custom_post_class":"","_genesis_layout":"","footnotes":""},"class_list":{"0":"post-10","1":"page","2":"type-page","3":"status-publish","5":"entry"},"featured_image_src":null,"featured_image_src_square":null,"_links":{"self":[{"href":"https:\/\/csstl.gouv.qc.ca\/val-des-pres\/wp-json\/wp\/v2\/pages\/10","targetHints":{"allow":["GET"]}}],"collection":[{"href":"https:\/\/csstl.gouv.qc.ca\/val-des-pres\/wp-json\/wp\/v2\/pages"}],"about":[{"href":"https:\/\/csstl.gouv.qc.ca\/val-des-pres\/wp-json\/wp\/v2\/types\/page"}],"author":[{"embeddable":true,"href":"https:\/\/csstl.gouv.qc.ca\/val-des-pres\/wp-json\/wp\/v2\/users\/2"}],"replies":[{"embeddable":true,"href":"https:\/\/csstl.gouv.qc.ca\/val-des-pres\/wp-json\/wp\/v2\/comments?post=10"}],"version-history":[{"count":0,"href":"https:\/\/csstl.gouv.qc.ca\/val-des-pres\/wp-json\/wp\/v2\/pages\/10\/revisions"}],"wp:attachment":[{"href":"https:\/\/csstl.gouv.qc.ca\/val-des-pres\/wp-json\/wp\/v2\/media?parent=10"}],"curies":[{"name":"wp","href":"https:\/\/api.w.org\/{rel}","templated":true}]}}