{"id":182,"date":"2022-11-21T13:22:47","date_gmt":"2022-11-21T18:22:47","guid":{"rendered":"https:\/\/cs3lacs.wpengine.com\/services-aux-entreprises\/?page_id=182"},"modified":"2023-02-22T14:25:39","modified_gmt":"2023-02-22T19:25:39","slug":"formation-sur-mesure","status":"publish","type":"page","link":"https:\/\/csstl.gouv.qc.ca\/services-aux-entreprises\/formation-sur-mesure\/","title":{"rendered":"Formation sur mesure"},"content":{"rendered":"\n<p>Notre \u00e9quipe de conseillers est en mesure d&rsquo;identifier vos besoins en formation, de concevoir des programmes, d&rsquo;\u00e9laborer des guides de r\u00e9f\u00e9rence, de d\u00e9velopper du mat\u00e9riel didactique ainsi que de planifier et d&rsquo;organiser des s\u00e9ances de formation adapt\u00e9es \u00e0 vos objectifs.<\/p>\n\n\n\n<p>La formation sur mesure c\u2019est l\u2019avantage d\u2019un service personnalis\u00e9 aux besoins de votre organisation. En effet, notre \u00e9quipe de conseillers est en mesure d\u2019identifier vos besoins en formation, de concevoir des programmes, d\u2019\u00e9laborer des guides de r\u00e9f\u00e9rence, de d\u00e9velopper du mat\u00e9riel didactique ainsi que de planifier et d\u2019organiser des s\u00e9ances de formation adapt\u00e9es \u00e0 vos objectifs.<\/p>\n\n\n\n<p>Disponible \u00e0 un prix concurrentiel, elle vous permet de faire face aux nombreux d\u00e9fis suivants\u00a0:<\/p>\n\n\n\n<ul class=\"wp-block-list\">\n<li>augmentation de la comp\u00e9titivit\u00e9 de votre organisation;<\/li>\n\n\n\n<li>adaptation facilit\u00e9e aux changements technologiques ou organisationnels (dans la modification, la modernisation ou la r\u00e9orientation des proc\u00e9d\u00e9s de fabrication ou de gestion);<\/li>\n\n\n\n<li>maintien de poste ou acc\u00e8s aux promotions pour vos employ\u00e9s.<\/li>\n<\/ul>\n\n\n\n<p>Nos formations sont offertes par des professionnels reconnus et sont sanctionn\u00e9es par la&nbsp;<a href=\"http:\/\/www2.publicationsduquebec.gouv.qc.ca\/dynamicSearch\/telecharge.php?type=2&amp;file=\/D_8_3\/D8_3.html\" target=\"_blank\" rel=\"noreferrer noopener\">loi&nbsp;90<\/a>.<\/p>\n\n\n\n<p>Ces formations sont offertes \u00e0 temps plein ou \u00e0 temps partiel, selon l\u2019horaire qui vous convient dans l\u2019un de nos centres de formation professionnelle ou dans vos propres installations. Le tout, au moment qui vous convient.<\/p>\n\n\n\n<ol class=\"wp-block-list\">\n<li>identification des comp\u00e9tences d\u00e9sir\u00e9es \u00e0 acqu\u00e9rir dans votre milieu de travail;<\/li>\n\n\n\n<li>\u00e9laboration d&rsquo;un plan de formation;<\/li>\n\n\n\n<li>validation des attentes de l\u2019organisation;<\/li>\n\n\n\n<li>affectation de formateurs sp\u00e9cialis\u00e9s, dynamiques et comp\u00e9tents;<\/li>\n\n\n\n<li>\u00e9valuation de l\u2019atteinte des objectifs de la formation.<\/li>\n<\/ol>\n","protected":false},"excerpt":{"rendered":"<p>Notre \u00e9quipe de conseillers est en mesure d&rsquo;identifier vos besoins en formation, de concevoir des programmes, d&rsquo;\u00e9laborer des guides de r\u00e9f\u00e9rence, de d\u00e9velopper du mat\u00e9riel didactique ainsi que de planifier [&hellip;]<\/p>\n","protected":false},"author":2,"featured_media":0,"parent":0,"menu_order":0,"comment_status":"closed","ping_status":"closed","template":"","meta":{"_genesis_hide_title":false,"_genesis_hide_breadcrumbs":false,"_genesis_hide_singular_image":false,"_genesis_hide_footer_widgets":false,"_genesis_custom_body_class":"","_genesis_custom_post_class":"","_genesis_layout":"","footnotes":""},"class_list":["post-182","page","type-page","status-publish","entry"],"featured_image_src":null,"featured_image_src_square":null,"_links":{"self":[{"href":"https:\/\/csstl.gouv.qc.ca\/services-aux-entreprises\/wp-json\/wp\/v2\/pages\/182","targetHints":{"allow":["GET"]}}],"collection":[{"href":"https:\/\/csstl.gouv.qc.ca\/services-aux-entreprises\/wp-json\/wp\/v2\/pages"}],"about":[{"href":"https:\/\/csstl.gouv.qc.ca\/services-aux-entreprises\/wp-json\/wp\/v2\/types\/page"}],"author":[{"embeddable":true,"href":"https:\/\/csstl.gouv.qc.ca\/services-aux-entreprises\/wp-json\/wp\/v2\/users\/2"}],"replies":[{"embeddable":true,"href":"https:\/\/csstl.gouv.qc.ca\/services-aux-entreprises\/wp-json\/wp\/v2\/comments?post=182"}],"version-history":[{"count":0,"href":"https:\/\/csstl.gouv.qc.ca\/services-aux-entreprises\/wp-json\/wp\/v2\/pages\/182\/revisions"}],"wp:attachment":[{"href":"https:\/\/csstl.gouv.qc.ca\/services-aux-entreprises\/wp-json\/wp\/v2\/media?parent=182"}],"curies":[{"name":"wp","href":"https:\/\/api.w.org\/{rel}","templated":true}]}}

<p>Notre équipe de conseillers est en mesure d&rsquo;identifier vos besoins en formation, de concevoir des programmes, d&rsquo;élaborer des guides de référence, de développer du matériel didactique ainsi que de planifier et d&rsquo;organiser des séances de formation adaptées à vos objectifs.</p>



<p>La formation sur mesure c’est l’avantage d’un service personnalisé aux besoins de votre organisation. En effet, notre équipe de conseillers est en mesure d’identifier vos besoins en formation, de concevoir des programmes, d’élaborer des guides de référence, de développer du matériel didactique ainsi que de planifier et d’organiser des séances de formation adaptées à vos objectifs.</p>



<p>Disponible à un prix concurrentiel, elle vous permet de faire face aux nombreux défis suivants :</p>



<ul class="wp-block-list">
<li>augmentation de la compétitivité de votre organisation;</li>



<li>adaptation facilitée aux changements technologiques ou organisationnels (dans la modification, la modernisation ou la réorientation des procédés de fabrication ou de gestion);</li>



<li>maintien de poste ou accès aux promotions pour vos employés.</li>
</ul>



<p>Nos formations sont offertes par des professionnels reconnus et sont sanctionnées par la&nbsp;<a href="http://www2.publicationsduquebec.gouv.qc.ca/dynamicSearch/telecharge.php?type=2&amp;file=/D_8_3/D8_3.html" target="_blank" rel="noreferrer noopener">loi&nbsp;90</a>.</p>



<p>Ces formations sont offertes à temps plein ou à temps partiel, selon l’horaire qui vous convient dans l’un de nos centres de formation professionnelle ou dans vos propres installations. Le tout, au moment qui vous convient.</p>



<ol class="wp-block-list">
<li>identification des compétences désirées à acquérir dans votre milieu de travail;</li>



<li>élaboration d&rsquo;un plan de formation;</li>



<li>validation des attentes de l’organisation;</li>



<li>affectation de formateurs spécialisés, dynamiques et compétents;</li>



<li>évaluation de l’atteinte des objectifs de la formation.</li>
</ol>

<p>Notre équipe de conseillers est en mesure d&rsquo;identifier vos besoins en formation, de concevoir des programmes, d&rsquo;élaborer des guides de référence, de développer du matériel didactique ainsi que de planifier [&hellip;]</p>
