{"id":170,"date":"2022-11-21T13:09:32","date_gmt":"2022-11-21T18:09:32","guid":{"rendered":"https:\/\/cs3lacs.wpengine.com\/services-aux-entreprises\/?page_id=170"},"modified":"2025-11-17T10:05:37","modified_gmt":"2025-11-17T15:05:37","slug":"attestations-detudes-professionnelles-aep","status":"publish","type":"page","link":"https:\/\/csstl.gouv.qc.ca\/services-aux-entreprises\/attestations-detudes-professionnelles-aep\/","title":{"rendered":"Attestations d&rsquo;\u00e9tudes professionnelles (AEP)"},"content":{"rendered":"\n<p>AEP Service de garde en milieu scolaire<\/p>\n\n\n\n<p>Objectifs du programme <\/p>\n\n\n\n<p>Ce programme d\u2019\u00e9tudes pr\u00e9pare \u00e0 l\u2019exercice de la profession d\u2019\u00e9ducatrice, d\u2019\u00e9ducateur en service de garde en milieu scolaire. Le r\u00f4le principal et habituel de l\u2019\u00e9ducatrice ou de l\u2019\u00e9ducateur consiste \u00e0 organiser, pr\u00e9parer et animer une vari\u00e9t\u00e9 d\u2019activit\u00e9s favorisant le d\u00e9veloppement global des \u00e9l\u00e8ves de l\u2019\u00e9ducation pr\u00e9scolaire et de l\u2019enseignement primaire dont elle ou il a la garde, tout en assurant leur bien-\u00eatre et leur s\u00e9curit\u00e9, selon les orientations du projet \u00e9ducatif de l\u2019\u00e9cole. Il permet d\u2019acqu\u00e9rir les comp\u00e9tences minimales requises pour exercer le m\u00e9tier et pour \u00e9voluer ad\u00e9quatement dans un milieu de travail. Il est constitu\u00e9 d\u2019un ensemble coh\u00e9rent de comp\u00e9tences \u00e0 d\u00e9velopper, permettant de rendre la personne efficace dans l\u2019exercice de sa profession.<\/p>\n\n\n\n<p>Principaux \u00e9l\u00e9ments de contenu <\/p>\n\n\n\n<ul class=\"wp-block-list\">\n<li>d\u00e9veloppement d\u2019une \u00e9thique professionnelle;<\/li>\n\n\n\n<li>acquisition des habilet\u00e9s intellectuelles et des techniques qui rendent possible des choix judicieux au moment de l\u2019ex\u00e9cution des t\u00e2ches;<\/li>\n\n\n\n<li>d\u00e9veloppement d\u2019une communication efficace avec les enfants, les coll\u00e8gues de travail, les parents, d\u2019autres intervenants, etc.;<\/li>\n\n\n\n<li>renforcement des habitudes de vigilance et de diligence dans l\u2019ex\u00e9cution du travail;<\/li>\n\n\n\n<li>d\u00e9veloppement d\u2019une pr\u00e9occupation constante du bien-\u00eatre et de la s\u00e9curit\u00e9 des enfants;<\/li>\n\n\n\n<li>d\u00e9veloppement d\u2019une pr\u00e9occupation constante du d\u00e9veloppement global de l\u2019enfant.\n<ul class=\"wp-block-list\">\n<li><\/li>\n<\/ul>\n<\/li>\n<\/ul>\n\n\n\n<p>Particularit\u00e9s du programme<\/p>\n\n\n\n<ul class=\"wp-block-list\">\n<li>horaire \u00e0 temps partiel, de matin en formule hybride (\u00e0 distance et en salle);<\/li>\n\n\n\n<li>stage en milieu de travail.<\/li>\n<\/ul>\n\n\n\n<p>Conditions d\u2019admission<\/p>\n\n\n\n<ul class=\"wp-block-list\">\n<li>Avoir obtenu le dipl\u00f4me d&rsquo;\u00e9tudes secondaires ou son \u00e9quivalent reconnu*.<\/li>\n<\/ul>\n\n\n\n<p>Le m\u00e9tier<\/p>\n\n\n\n<p>L\u2019\u00e9ducatrice ou l\u2019\u00e9ducateur en service de garde en milieu scolaire s\u2019assure du d\u00e9veloppement harmonieux de l\u2019enfant. Sa fonction principale et quotidienne consiste \u00e0 cr\u00e9er un milieu de vie propice au d\u00e9veloppement physique, psychomoteur, cognitif, langagier, socio-affectif et moral de l\u2019enfant. Elle ou il accompagne l\u2019enfant dans l\u2019exploration de son environnement. L\u2019\u00e9ducatrice ou l\u2019\u00e9ducateur a \u00e9galement pour r\u00f4le de concevoir, d\u2019organiser, d\u2019animer et d\u2019\u00e9valuer des activit\u00e9s \u00e9ducatives favorisant le d\u00e9veloppement global et g\u00e9n\u00e9ral d\u2019un enfant plac\u00e9 sous sa responsabilit\u00e9. Elle ou il contribue \u00e0 la cr\u00e9ation d\u2019un climat stimulant pour l\u2019apprentissage.<\/p>\n\n\n\n<p>Qualit\u00e9s requises<\/p>\n\n\n\n<ul class=\"wp-block-list\">\n<li>avoir un bon sens de l&rsquo;organisation;<\/li>\n\n\n\n<li>aimer les enfants;<\/li>\n\n\n\n<li>avoir beaucoup de flexibilit\u00e9;<\/li>\n\n\n\n<li>faire preuve de cr\u00e9ativit\u00e9;<\/li>\n\n\n\n<li>avoir un grand sens des responsabilit\u00e9s;<\/li>\n\n\n\n<li>avoir une grande capacit\u00e9 d&rsquo;\u00e9coute;<\/li>\n\n\n\n<li>avoir de la facilit\u00e9 \u00e0 communiquer.<\/li>\n<\/ul>\n\n\n\n<p>Perspectives d\u2019emploi<\/p>\n\n\n\n<ul class=\"wp-block-list\">\n<li>Les perspectives d&#8217;emploi sont bonnes dans cette profession pour toutes les r\u00e9gions du Qu\u00e9bec.<\/li>\n<\/ul>\n\n\n\n<p>Conditions de travail<\/p>\n\n\n\n<ul class=\"wp-block-list\">\n<li>travail \u00e0 horaire variable ou coup\u00e9;<\/li>\n\n\n\n<li>travail de jour surtout;<\/li>\n\n\n\n<li>travail sur appel.<\/li>\n<\/ul>\n\n\n\n<p>**Informez-vous aupr\u00e8s des SARCA, 514-477-7020 poste 5041, pour en savoir plus sur les \u00e9quivalences reconnues.<\/p>\n\n\n\n<figure class=\"wp-block-image size-full is-resized\"><img loading=\"lazy\" decoding=\"async\" width=\"741\" height=\"197\" src=\"https:\/\/media.csstl.gouv.qc.ca\/wp-content\/uploads\/sites\/55\/2024\/04\/08095507\/image.png\" alt=\"\" class=\"wp-image-326\" style=\"width:840px;height:auto\" srcset=\"https:\/\/media.csstl.gouv.qc.ca\/wp-content\/uploads\/sites\/55\/2024\/04\/08095507\/image.png 741w, https:\/\/media.csstl.gouv.qc.ca\/wp-content\/uploads\/sites\/55\/2024\/04\/08095507\/image-300x80.png 300w\" sizes=\"auto, (max-width: 741px) 100vw, 741px\" \/><\/figure>\n\n\n\n<p><a href=\"https:\/\/www.personneleducateur.ca\/\">Travailler en milieu scolaire, c\u2019est tellement d\u2019amour! (personneleducateur.ca)<\/a><\/p>\n","protected":false},"excerpt":{"rendered":"<p>AEP Service de garde en milieu scolaire Objectifs du programme Ce programme d\u2019\u00e9tudes pr\u00e9pare \u00e0 l\u2019exercice de la profession d\u2019\u00e9ducatrice, d\u2019\u00e9ducateur en service de garde en milieu scolaire. Le r\u00f4le [&hellip;]<\/p>\n","protected":false},"author":2,"featured_media":0,"parent":0,"menu_order":0,"comment_status":"closed","ping_status":"closed","template":"","meta":{"_genesis_hide_title":false,"_genesis_hide_breadcrumbs":false,"_genesis_hide_singular_image":false,"_genesis_hide_footer_widgets":false,"_genesis_custom_body_class":"","_genesis_custom_post_class":"","_genesis_layout":"","footnotes":""},"class_list":["post-170","page","type-page","status-publish","entry"],"featured_image_src":null,"featured_image_src_square":null,"_links":{"self":[{"href":"https:\/\/csstl.gouv.qc.ca\/services-aux-entreprises\/wp-json\/wp\/v2\/pages\/170","targetHints":{"allow":["GET"]}}],"collection":[{"href":"https:\/\/csstl.gouv.qc.ca\/services-aux-entreprises\/wp-json\/wp\/v2\/pages"}],"about":[{"href":"https:\/\/csstl.gouv.qc.ca\/services-aux-entreprises\/wp-json\/wp\/v2\/types\/page"}],"author":[{"embeddable":true,"href":"https:\/\/csstl.gouv.qc.ca\/services-aux-entreprises\/wp-json\/wp\/v2\/users\/2"}],"replies":[{"embeddable":true,"href":"https:\/\/csstl.gouv.qc.ca\/services-aux-entreprises\/wp-json\/wp\/v2\/comments?post=170"}],"version-history":[{"count":0,"href":"https:\/\/csstl.gouv.qc.ca\/services-aux-entreprises\/wp-json\/wp\/v2\/pages\/170\/revisions"}],"wp:attachment":[{"href":"https:\/\/csstl.gouv.qc.ca\/services-aux-entreprises\/wp-json\/wp\/v2\/media?parent=170"}],"curies":[{"name":"wp","href":"https:\/\/api.w.org\/{rel}","templated":true}]}}