{"id":111,"date":"2022-10-25T12:58:45","date_gmt":"2022-10-25T17:58:45","guid":{"rendered":"https:\/\/cs3lacs.wpengine.com\/services-aux-entreprises\/?page_id=111"},"modified":"2026-04-08T08:19:51","modified_gmt":"2026-04-08T13:19:51","slug":"sante-et-securite-au-travail","status":"publish","type":"page","link":"https:\/\/csstl.gouv.qc.ca\/services-aux-entreprises\/sante-et-securite-au-travail\/","title":{"rendered":"Sant\u00e9 et s\u00e9curit\u00e9 au travail"},"content":{"rendered":"\n<h2 class=\"wp-block-heading\">Sant\u00e9 et s\u00e9curit\u00e9 g\u00e9n\u00e9rale sur les chantiers de construction (SSGCC) de l\u2019ASP Construction<\/h2>\n\n\n\n<p>Le personnel de la direction et de la surveillance d&rsquo;une entreprise travaillant principalement et habituellement sur un chantier de construction ainsi que les travailleurs \u0153uvrant sur un chantier de construction doivent obligatoirement suivre le cours&nbsp;<em>Sant\u00e9 et s\u00e9curit\u00e9 g\u00e9n\u00e9rale sur les chantiers de construction<\/em>&nbsp;et d\u00e9tenir une attestation d\u00e9cern\u00e9e par l&rsquo;ASP Construction.<\/p>\n\n\n\n<p>Pour ces raisons, le cours&nbsp;<em>Sant\u00e9 et s\u00e9curit\u00e9 g\u00e9n\u00e9rale sur les chantiers de construction<\/em>&nbsp;est un pr\u00e9alable \u00e0 l&rsquo;obtention d&rsquo;un certificat de comp\u00e9tence, lequel autorise son d\u00e9tenteur \u00e0 travailler sur un chantier de construction.<\/p>\n\n\n\n<p>Cette formation permet aux participants d&rsquo;acqu\u00e9rir les connaissances techniques n\u00e9cessaires en pr\u00e9vention en fonction des exigences r\u00e9glementaires du&nbsp;Code de s\u00e9curit\u00e9 pour les travaux de construction (article 2.4.2. f) i.)&nbsp;pour travailler de fa\u00e7on s\u00e9curitaire.<\/p>\n\n\n\n<p>Elle permet de d\u00e9velopper chez le participant des habilet\u00e9s lui permettant d&rsquo;identifier les risques et les dangers dans son milieu de travail et de prendre les moyens pour les \u00e9liminer.<\/p>\n\n\n\n<p><strong>Dur\u00e9e<\/strong>&nbsp;: 30 heures<br><strong>Co\u00fbt*<\/strong>&nbsp;: 50 $ (des conditions s&rsquo;appliquent)<br><strong>Prochaines formations<\/strong>&nbsp;: <\/p>\n\n\n\n<ul class=\"wp-block-list\">\n<li><strong>25, 26 avril et 2, 3 mai 2026<\/strong>\n<ul class=\"wp-block-list\">\n<li><strong>Horaire<\/strong>&nbsp;: Samedi et dimanche, de 8&nbsp;h&nbsp;00 \u00e0 16&nbsp;h 30<\/li>\n<\/ul>\n<\/li>\n<\/ul>\n\n\n\n<p><br><strong>Lieu<\/strong>&nbsp;: CFP Paul-G\u00e9rin-Lajoie, 400, avenue Saint-Charles, Vaudreuil-Dorion<\/p>\n\n\n\n<p><strong>*<\/strong> Pour \u00eatre admissible au tarif de 50 $ et recevoir votre relev\u00e9 de notes du MEES, vous devez nous fournir les documents suivants lors de l\u2019inscription :<\/p>\n\n\n\n<p>R\u00e9sident n\u00e9 au Qu\u00e9bec :<\/p>\n\n\n\n<ul class=\"wp-block-list\">\n<li>certificat de naissance de l\u2019\u00c9tat civil (le grand format avec le nom des parents);<\/li>\n\n\n\n<li>relev\u00e9 de notes ou dipl\u00f4me sur lequel appara\u00eet votre code permanent;<\/li>\n\n\n\n<li>pi\u00e8ce d\u2019identit\u00e9 avec photo.<\/li>\n<\/ul>\n\n\n\n<p>R\u00e9sident n\u00e9 hors du Qu\u00e9bec :<\/p>\n\n\n\n<ul class=\"wp-block-list\">\n<li>carte de r\u00e9sident permanent ou carte de citoyennet\u00e9 canadienne;<\/li>\n\n\n\n<li>relev\u00e9 de notes ou dipl\u00f4me sur lequel appara\u00eet votre code permanent;<\/li>\n\n\n\n<li>deux pi\u00e8ces d\u2019identit\u00e9, dont une avec photo;<\/li>\n\n\n\n<li>certificat de s\u00e9lection du Qu\u00e9bec (CSQ), si vous n\u2019avez pas le CSQ, vous devez fournir :\n<ul class=\"wp-block-list\">\n<li>une preuve de travail OU d\u2019assurance-emploi OU de la s\u00e9curit\u00e9 du revenu; ET<\/li>\n\n\n\n<li>une facture d\u2019Hydro-Qu\u00e9bec OU un bail de locataire OU un compte de taxes municipales o\u00f9 vous demeurez.<\/li>\n<\/ul>\n<\/li>\n<\/ul>\n\n\n\n<p><strong>*<\/strong> Si vous ne pouvez soumettre ces pi\u00e8ces justificatives, vous devrez payer les frais de 300 $ pour cette formation.<\/p>\n\n\n\n<p><strong>Note: La pr\u00e9sence \u00e0 tous les modules est obligatoire pour l&rsquo;obtention de la carte ASP Construction. De plus, depuis janvier 2020, la r\u00e9ussite de l&rsquo;examen est obligatoire afin d&rsquo;obtenir la carte ASP.<\/strong><\/p>\n\n\n\n<p><strong>Attestation perdue ou illisible?<\/strong><\/p>\n\n\n\n<p>Vous avez perdu votre attestation? Votre attestation est illisible? Pour recevoir une nouvelle carte, vous devez en faire la demande directement aupr\u00e8s de l&rsquo;ASP Construction, soit en ligne, en personne ou par la poste. Suivez ce lien :&nbsp;<a href=\"https:\/\/www.asp-construction.org\/demande-de-remplacement-d-attestation\" target=\"_blank\" rel=\"noreferrer noopener\">ASP Construction &#8211; Demande de remplacement d&rsquo;attestation (Carte) (asp-construction.org)<\/a>.<\/p>\n\n\n\n<h1 class=\"wp-block-heading\"><\/h1>\n\n\n\n<p><\/p>\n","protected":false},"excerpt":{"rendered":"<p>Sant\u00e9 et s\u00e9curit\u00e9 g\u00e9n\u00e9rale sur les chantiers de construction (SSGCC) de l\u2019ASP Construction Le personnel de la direction et de la surveillance d&rsquo;une entreprise travaillant principalement et habituellement sur un [&hellip;]<\/p>\n","protected":false},"author":2,"featured_media":0,"parent":0,"menu_order":0,"comment_status":"closed","ping_status":"closed","template":"","meta":{"_genesis_hide_title":false,"_genesis_hide_breadcrumbs":false,"_genesis_hide_singular_image":false,"_genesis_hide_footer_widgets":false,"_genesis_custom_body_class":"","_genesis_custom_post_class":"","_genesis_layout":"","footnotes":""},"class_list":["post-111","page","type-page","status-publish","entry"],"featured_image_src":null,"featured_image_src_square":null,"_links":{"self":[{"href":"https:\/\/csstl.gouv.qc.ca\/services-aux-entreprises\/wp-json\/wp\/v2\/pages\/111","targetHints":{"allow":["GET"]}}],"collection":[{"href":"https:\/\/csstl.gouv.qc.ca\/services-aux-entreprises\/wp-json\/wp\/v2\/pages"}],"about":[{"href":"https:\/\/csstl.gouv.qc.ca\/services-aux-entreprises\/wp-json\/wp\/v2\/types\/page"}],"author":[{"embeddable":true,"href":"https:\/\/csstl.gouv.qc.ca\/services-aux-entreprises\/wp-json\/wp\/v2\/users\/2"}],"replies":[{"embeddable":true,"href":"https:\/\/csstl.gouv.qc.ca\/services-aux-entreprises\/wp-json\/wp\/v2\/comments?post=111"}],"version-history":[{"count":0,"href":"https:\/\/csstl.gouv.qc.ca\/services-aux-entreprises\/wp-json\/wp\/v2\/pages\/111\/revisions"}],"wp:attachment":[{"href":"https:\/\/csstl.gouv.qc.ca\/services-aux-entreprises\/wp-json\/wp\/v2\/media?parent=111"}],"curies":[{"name":"wp","href":"https:\/\/api.w.org\/{rel}","templated":true}]}}