{"id":482,"date":"2019-06-18T13:49:24","date_gmt":"2019-06-18T18:49:24","guid":{"rendered":"http:\/\/cs3lacs.wpengine.com\/de-la-samare\/?page_id=482"},"modified":"2026-02-16T09:38:04","modified_gmt":"2026-02-16T14:38:04","slug":"service-alimentaire","status":"publish","type":"page","link":"https:\/\/csstl.gouv.qc.ca\/samare\/service-alimentaire\/","title":{"rendered":"Services alimentaires"},"content":{"rendered":"\n<p><strong>Traiteur Merenda<\/strong><br>Commandes en ligne seulement<br>www.traiteurmerenda.com<\/p>\n\n\n\n<p>Si vous avez des questions ou commentaires n\u2019h\u00e9sitez pas \u00e0 les contacter<br>au 514-490-1235 ou par courriel \u00e0 info@traiteurmerenda.com.<\/p>\n\n\n\n<p><strong><em>D\u00eeners Pizza<\/em><\/strong>:<br>Vendredi le 24 octobre 2025<br>Vendredi le 6 f\u00e9vrier 2026<br>Vendredi le 10 avril 2026<br>Vendredi le 22 mai 2026<\/p>\n\n\n\n<p>Veuillez prendre note que les journ\u00e9e de d\u00eener pizza, il n&rsquo;y a pas de service de traiteur.<br>Si vous n&rsquo;avez pas command\u00e9 de pizza, votre enfant devra apporter sa bo\u00eete \u00e0 d\u00eener.<br>Aucune commande ne sera accept\u00e9e apr\u00e8s la date d&rsquo;\u00e9ch\u00e9ance ou le jour m\u00eame du d\u00eener pizza.<\/p>\n\n\n\n<p><a href=\"https:\/\/media.csstl.gouv.qc.ca\/wp-content\/uploads\/sites\/35\/2026\/02\/16093704\/Formulaire-Pizza-2026.pdf\">Formulaire &#8211; D\u00eener pizza 2026<\/a><\/p>\n","protected":false},"excerpt":{"rendered":"<p>Traiteur MerendaCommandes en ligne seulementwww.traiteurmerenda.com Si vous avez des questions ou commentaires n\u2019h\u00e9sitez pas \u00e0 les contacterau 514-490-1235 ou par courriel \u00e0 info@traiteurmerenda.com. D\u00eeners Pizza:Vendredi le 24 octobre 2025Vendredi le 6 f\u00e9vrier 2026Vendredi le 10 avril 2026Vendredi le 22 mai 2026 Veuillez prendre note que les journ\u00e9e de d\u00eener pizza, il n&rsquo;y a pas de [&hellip;]<\/p>\n","protected":false},"author":2,"featured_media":0,"parent":0,"menu_order":0,"comment_status":"closed","ping_status":"closed","template":"","meta":{"_genesis_hide_title":false,"_genesis_hide_breadcrumbs":false,"_genesis_hide_singular_image":false,"_genesis_hide_footer_widgets":false,"_genesis_custom_body_class":"","_genesis_custom_post_class":"","_genesis_layout":"","footnotes":""},"class_list":{"0":"post-482","1":"page","2":"type-page","3":"status-publish","5":"entry"},"featured_image_src":null,"featured_image_src_square":null,"_links":{"self":[{"href":"https:\/\/csstl.gouv.qc.ca\/samare\/wp-json\/wp\/v2\/pages\/482","targetHints":{"allow":["GET"]}}],"collection":[{"href":"https:\/\/csstl.gouv.qc.ca\/samare\/wp-json\/wp\/v2\/pages"}],"about":[{"href":"https:\/\/csstl.gouv.qc.ca\/samare\/wp-json\/wp\/v2\/types\/page"}],"author":[{"embeddable":true,"href":"https:\/\/csstl.gouv.qc.ca\/samare\/wp-json\/wp\/v2\/users\/2"}],"replies":[{"embeddable":true,"href":"https:\/\/csstl.gouv.qc.ca\/samare\/wp-json\/wp\/v2\/comments?post=482"}],"version-history":[{"count":0,"href":"https:\/\/csstl.gouv.qc.ca\/samare\/wp-json\/wp\/v2\/pages\/482\/revisions"}],"wp:attachment":[{"href":"https:\/\/csstl.gouv.qc.ca\/samare\/wp-json\/wp\/v2\/media?parent=482"}],"curies":[{"name":"wp","href":"https:\/\/api.w.org\/{rel}","templated":true}]}}