{"id":746,"date":"2019-11-28T14:55:59","date_gmt":"2019-11-28T19:55:59","guid":{"rendered":"https:\/\/cs3lacs.wpengine.com\/sainte-marthe-cuillierrier\/?page_id=746"},"modified":"2025-08-14T10:45:04","modified_gmt":"2025-08-14T15:45:04","slug":"portrait","status":"publish","type":"page","link":"https:\/\/csstl.gouv.qc.ca\/sainte-marthe-cuillierrier\/portrait\/","title":{"rendered":"Portrait"},"content":{"rendered":"\n<h2 class=\"wp-block-heading\">Mot de la directrice<\/h2>\n\n\n\n<p>C\u2019est avec enthousiasme que je vous accueille sur le site de notre belle \u00e9cole Sainte-Marthe et Cuillierrier. Cette ann\u00e9e, notre th\u00e8me sera \u00ab les voyages \u00bb \u2013 une invitation \u00e0 d\u00e9couvrir, explorer, et s\u2019ouvrir \u00e0 de nouveaux horizons. Que ce soit \u00e0 travers les livres, les projets, les jeux ou les exp\u00e9riences v\u00e9cues, nous irons \u00e0 la rencontre du monde, tout en cultivant notre curiosit\u00e9 et notre sens de l\u2019aventure.<\/p>\n\n\n\n<p>Notre \u00e9cole est bien plus qu\u2019un lieu d\u2019apprentissage : c\u2019est un milieu de vie o\u00f9 grandissent les passions, les amiti\u00e9s et l\u2019estime de soi. L\u2019esprit des Coyotes unit les \u00e9l\u00e8ves et le personnel dans une m\u00eame fiert\u00e9 et un m\u00eame dynamisme. Chaque membre de notre meute contribue \u00e0 rendre notre communaut\u00e9 vivante, bienveillante et inspirante.<\/p>\n\n\n\n<p>Cette ann\u00e9e, plus de 280 \u00e9l\u00e8ves, de la maternelle 4 ans \u00e0 la 6<sup>e<\/sup> ann\u00e9e, franchiront les portes de nos deux \u00e9tablissements. Ensemble, nous mettrons c\u0153ur, \u00e9nergie et cr\u00e9ativit\u00e9 au service de notre mission : instruire, socialiser et qualifier, avec chaleur et engagement.<\/p>\n\n\n\n<p>Au nom de toute l\u2019\u00e9quipe, je vous souhaite une ann\u00e9e scolaire \u00e9panouissante, remplie de d\u00e9couvertes, de belles rencontres et de petits bonheurs partag\u00e9s.<\/p>\n\n\n\n<p>Bon voyage \u00e0 travers cette nouvelle aventure scolaire !<\/p>\n\n\n\n<p><strong>Cynthia Genovesi, directrice<\/strong><\/p>\n\n\n\n<figure class=\"wp-block-image size-full\"><img loading=\"lazy\" decoding=\"async\" width=\"300\" height=\"268\" src=\"https:\/\/media.csstl.gouv.qc.ca\/wp-content\/uploads\/sites\/28\/2023\/08\/15094307\/image-1.png\" alt=\"\" class=\"wp-image-1217\" \/><\/figure>\n\n\n\n<p><\/p>\n\n\n\n<h2 class=\"wp-block-heading\">Historique<\/h2>\n\n\n\n<h3 class=\"wp-block-heading\">\u00c9cole Cuillierrier<\/h3>\n\n\n<div class=\"wp-block-image\">\n<figure class=\"alignleft size-medium\"><img loading=\"lazy\" decoding=\"async\" width=\"300\" height=\"218\" src=\"https:\/\/media.csstl.gouv.qc.ca\/wp-content\/uploads\/sites\/28\/2022\/12\/08120257\/cuillierrier-300x218.jpg\" alt=\"\" class=\"wp-image-1105\" srcset=\"https:\/\/media.csstl.gouv.qc.ca\/wp-content\/uploads\/sites\/28\/2022\/12\/08120257\/cuillierrier-300x218.jpg 300w, https:\/\/media.csstl.gouv.qc.ca\/wp-content\/uploads\/sites\/28\/2022\/12\/08120257\/cuillierrier.jpg 375w\" sizes=\"auto, (max-width: 300px) 100vw, 300px\" \/><\/figure>\n<\/div>\n\n\n<p>En 1953, une \u00e9cole toute neuve ouvrait ses portes. Elle fut nomm\u00e9e \u00ab&nbsp;\u00c9cole Cuillierrier&nbsp;\u00bb, en l&rsquo;honneur du cur\u00e9 M. Henri Cuillierrier. En 1960, les commissions scolaires de Saint-Jacques, du Ruisseau, du Haut de Sainte-Anne, de Saint-Emmanuel et du village fusionn\u00e8rent sous le nom de la commission scolaire de Saint-Clet. Cette fusion obligea l&rsquo;agrandissement de l&rsquo;\u00e9cole.&nbsp; Les religieuses de la congr\u00e9gation de Sainte-Anne, enseignantes depuis l&rsquo;ouverture, quitt\u00e8rent en 1975. Elles furent remplac\u00e9es par des enseignants la\u00efcs. Par la suite, la commission scolaire de Soulanges fut form\u00e9e jusqu&rsquo;en 1992, pour devenir l&rsquo;actuelle Commission scolaire des Trois-Lacs. <\/p>\n\n\n\n<p>L&rsquo;\u00e9cole Cuillierrier a fait l&rsquo;objet d&rsquo;un agrandissement en 2023 afin d&rsquo;accueillir deux classes de maternelle (4 ans et 5 ans), un gymnase, des vestiaires, un d\u00e9barcad\u00e8re d&rsquo;autobus et une aile administrative. Des travaux de r\u00e9novation ont \u00e9galement eu lieu la m\u00eame ann\u00e9e dans le sous-sol de l&rsquo;ancienne partie (agrandissement du local de musique\/service de garde, r\u00e9fection de la salle polyvalente et des bureaux de professionnels). <\/p>\n\n\n\n<figure class=\"wp-block-image size-full\"><img loading=\"lazy\" decoding=\"async\" width=\"399\" height=\"301\" src=\"https:\/\/media.csstl.gouv.qc.ca\/wp-content\/uploads\/sites\/28\/2023\/08\/15094647\/image-3.png\" alt=\"\" class=\"wp-image-1219\" srcset=\"https:\/\/media.csstl.gouv.qc.ca\/wp-content\/uploads\/sites\/28\/2023\/08\/15094647\/image-3.png 399w, https:\/\/media.csstl.gouv.qc.ca\/wp-content\/uploads\/sites\/28\/2023\/08\/15094647\/image-3-300x226.png 300w\" sizes=\"auto, (max-width: 399px) 100vw, 399px\" \/><\/figure>\n\n\n\n<h3 class=\"wp-block-heading\">\u00c9cole Sainte-Marthe<\/h3>\n\n\n<div class=\"wp-block-image\">\n<figure class=\"alignleft size-medium\"><img loading=\"lazy\" decoding=\"async\" width=\"225\" height=\"300\" src=\"https:\/\/media.csstl.gouv.qc.ca\/wp-content\/uploads\/sites\/28\/2022\/12\/08120346\/ecole_Ste-Marthe-225x300.jpg\" alt=\"\" class=\"wp-image-1106\" srcset=\"https:\/\/media.csstl.gouv.qc.ca\/wp-content\/uploads\/sites\/28\/2022\/12\/08120346\/ecole_Ste-Marthe-225x300.jpg 225w, https:\/\/media.csstl.gouv.qc.ca\/wp-content\/uploads\/sites\/28\/2022\/12\/08120346\/ecole_Ste-Marthe.jpg 480w\" sizes=\"auto, (max-width: 225px) 100vw, 225px\" \/><\/figure>\n<\/div>\n\n\n<p>Le 4 septembre 1954, les contribuables adoptent une r\u00e9solution en faveur de la construction d&rsquo;une \u00e9cole centrale de quatre classes pour les \u00e9l\u00e8ves du village, du rang Saint-Henri et du Bas Saint-Guillaume. L&rsquo;ann\u00e9e suivante, les&nbsp;contribuables du rang du Haut de Sainte-Marie demandent \u00e0 la Commission scolaire de Sainte-Marthe&nbsp;l&rsquo;autorisation de se joindre \u00e0 eux. Leur proposition est accept\u00e9e et de nouveaux plans sont soumis, le 11 novembre 1955, pour une \u00e9cole de six classes avec un logement. Les travaux commencent le 1er avril 1956 par le d\u00e9m\u00e9nagement de la vieille \u00e9cole qui est d\u00e9plac\u00e9e pour la troisi\u00e8me fois. L&rsquo;\u00e9cole centrale est b\u00e9nite le 12 mai 1957 par Mgr J.-A. Langlois, \u00e9v\u00eaque de Valleyfield, en pr\u00e9sence de nombreux invit\u00e9s et des paroissiens.&nbsp;C&rsquo;est une religieuse qui prend la direction de l&rsquo;\u00e9cole du village. C&rsquo;est le 8 octobre 1956 que l&rsquo;\u00e9cole ouvre ses portes&nbsp;pour la premi\u00e8re fois aux \u00e9l\u00e8ves. Les \u00e9l\u00e8ves du Haut Saint-Guillaume viendront \u00e0 l&rsquo;\u00e9cole du village d\u00e8s l&rsquo;ann\u00e9e suivante.&nbsp; En 1960, l&rsquo;\u00e9cole de&nbsp;Sainte-Marthe est alors fr\u00e9quent\u00e9e par quelque 150 enfants. &nbsp;<\/p>\n","protected":false},"excerpt":{"rendered":"<p>Mot de la directrice C\u2019est avec enthousiasme que je vous accueille sur le site de notre belle \u00e9cole Sainte-Marthe et Cuillierrier. Cette ann\u00e9e, notre th\u00e8me sera \u00ab les voyages \u00bb \u2013 une invitation \u00e0 d\u00e9couvrir, explorer, et s\u2019ouvrir \u00e0 de nouveaux horizons. Que ce soit \u00e0 travers les livres, les projets, les jeux ou les [&hellip;]<\/p>\n","protected":false},"author":4,"featured_media":0,"parent":0,"menu_order":0,"comment_status":"closed","ping_status":"closed","template":"","meta":{"_genesis_hide_title":false,"_genesis_hide_breadcrumbs":false,"_genesis_hide_singular_image":false,"_genesis_hide_footer_widgets":false,"_genesis_custom_body_class":"","_genesis_custom_post_class":"","_genesis_layout":"","footnotes":""},"class_list":{"0":"post-746","1":"page","2":"type-page","3":"status-publish","5":"entry"},"featured_image_src":null,"featured_image_src_square":null,"_links":{"self":[{"href":"https:\/\/csstl.gouv.qc.ca\/sainte-marthe-cuillierrier\/wp-json\/wp\/v2\/pages\/746","targetHints":{"allow":["GET"]}}],"collection":[{"href":"https:\/\/csstl.gouv.qc.ca\/sainte-marthe-cuillierrier\/wp-json\/wp\/v2\/pages"}],"about":[{"href":"https:\/\/csstl.gouv.qc.ca\/sainte-marthe-cuillierrier\/wp-json\/wp\/v2\/types\/page"}],"author":[{"embeddable":true,"href":"https:\/\/csstl.gouv.qc.ca\/sainte-marthe-cuillierrier\/wp-json\/wp\/v2\/users\/4"}],"replies":[{"embeddable":true,"href":"https:\/\/csstl.gouv.qc.ca\/sainte-marthe-cuillierrier\/wp-json\/wp\/v2\/comments?post=746"}],"version-history":[{"count":0,"href":"https:\/\/csstl.gouv.qc.ca\/sainte-marthe-cuillierrier\/wp-json\/wp\/v2\/pages\/746\/revisions"}],"wp:attachment":[{"href":"https:\/\/csstl.gouv.qc.ca\/sainte-marthe-cuillierrier\/wp-json\/wp\/v2\/media?parent=746"}],"curies":[{"name":"wp","href":"https:\/\/api.w.org\/{rel}","templated":true}]}}

<h2 class="wp-block-heading">Mot de la directrice</h2>



<p>C’est avec enthousiasme que je vous accueille sur le site de notre belle école Sainte-Marthe et Cuillierrier. Cette année, notre thème sera « les voyages » – une invitation à découvrir, explorer, et s’ouvrir à de nouveaux horizons. Que ce soit à travers les livres, les projets, les jeux ou les expériences vécues, nous irons à la rencontre du monde, tout en cultivant notre curiosité et notre sens de l’aventure.</p>



<p>Notre école est bien plus qu’un lieu d’apprentissage : c’est un milieu de vie où grandissent les passions, les amitiés et l’estime de soi. L’esprit des Coyotes unit les élèves et le personnel dans une même fierté et un même dynamisme. Chaque membre de notre meute contribue à rendre notre communauté vivante, bienveillante et inspirante.</p>



<p>Cette année, plus de 280 élèves, de la maternelle 4 ans à la 6<sup>e</sup> année, franchiront les portes de nos deux établissements. Ensemble, nous mettrons cœur, énergie et créativité au service de notre mission : instruire, socialiser et qualifier, avec chaleur et engagement.</p>



<p>Au nom de toute l’équipe, je vous souhaite une année scolaire épanouissante, remplie de découvertes, de belles rencontres et de petits bonheurs partagés.</p>



<p>Bon voyage à travers cette nouvelle aventure scolaire !</p>



<p><strong>Cynthia Genovesi, directrice</strong></p>



<figure class="wp-block-image size-full"><img loading="lazy" decoding="async" width="300" height="268" src="https://media.csstl.gouv.qc.ca/wp-content/uploads/sites/28/2023/08/15094307/image-1.png" alt="" class="wp-image-1217" /></figure>



<p></p>



<h2 class="wp-block-heading">Historique</h2>



<h3 class="wp-block-heading">École Cuillierrier</h3>


<div class="wp-block-image">
<figure class="alignleft size-medium"><img loading="lazy" decoding="async" width="300" height="218" src="https://media.csstl.gouv.qc.ca/wp-content/uploads/sites/28/2022/12/08120257/cuillierrier-300x218.jpg" alt="" class="wp-image-1105" srcset="https://media.csstl.gouv.qc.ca/wp-content/uploads/sites/28/2022/12/08120257/cuillierrier-300x218.jpg 300w, https://media.csstl.gouv.qc.ca/wp-content/uploads/sites/28/2022/12/08120257/cuillierrier.jpg 375w" sizes="auto, (max-width: 300px) 100vw, 300px" /></figure>
</div>


<p>En 1953, une école toute neuve ouvrait ses portes. Elle fut nommée «&nbsp;École Cuillierrier&nbsp;», en l&rsquo;honneur du curé M. Henri Cuillierrier. En 1960, les commissions scolaires de Saint-Jacques, du Ruisseau, du Haut de Sainte-Anne, de Saint-Emmanuel et du village fusionnèrent sous le nom de la commission scolaire de Saint-Clet. Cette fusion obligea l&rsquo;agrandissement de l&rsquo;école.&nbsp; Les religieuses de la congrégation de Sainte-Anne, enseignantes depuis l&rsquo;ouverture, quittèrent en 1975. Elles furent remplacées par des enseignants laïcs. Par la suite, la commission scolaire de Soulanges fut formée jusqu&rsquo;en 1992, pour devenir l&rsquo;actuelle Commission scolaire des Trois-Lacs. </p>



<p>L&rsquo;école Cuillierrier a fait l&rsquo;objet d&rsquo;un agrandissement en 2023 afin d&rsquo;accueillir deux classes de maternelle (4 ans et 5 ans), un gymnase, des vestiaires, un débarcadère d&rsquo;autobus et une aile administrative. Des travaux de rénovation ont également eu lieu la même année dans le sous-sol de l&rsquo;ancienne partie (agrandissement du local de musique/service de garde, réfection de la salle polyvalente et des bureaux de professionnels). </p>



<figure class="wp-block-image size-full"><img loading="lazy" decoding="async" width="399" height="301" src="https://media.csstl.gouv.qc.ca/wp-content/uploads/sites/28/2023/08/15094647/image-3.png" alt="" class="wp-image-1219" srcset="https://media.csstl.gouv.qc.ca/wp-content/uploads/sites/28/2023/08/15094647/image-3.png 399w, https://media.csstl.gouv.qc.ca/wp-content/uploads/sites/28/2023/08/15094647/image-3-300x226.png 300w" sizes="auto, (max-width: 399px) 100vw, 399px" /></figure>



<h3 class="wp-block-heading">École Sainte-Marthe</h3>


<div class="wp-block-image">
<figure class="alignleft size-medium"><img loading="lazy" decoding="async" width="225" height="300" src="https://media.csstl.gouv.qc.ca/wp-content/uploads/sites/28/2022/12/08120346/ecole_Ste-Marthe-225x300.jpg" alt="" class="wp-image-1106" srcset="https://media.csstl.gouv.qc.ca/wp-content/uploads/sites/28/2022/12/08120346/ecole_Ste-Marthe-225x300.jpg 225w, https://media.csstl.gouv.qc.ca/wp-content/uploads/sites/28/2022/12/08120346/ecole_Ste-Marthe.jpg 480w" sizes="auto, (max-width: 225px) 100vw, 225px" /></figure>
</div>


<p>Le 4 septembre 1954, les contribuables adoptent une résolution en faveur de la construction d&rsquo;une école centrale de quatre classes pour les élèves du village, du rang Saint-Henri et du Bas Saint-Guillaume. L&rsquo;année suivante, les&nbsp;contribuables du rang du Haut de Sainte-Marie demandent à la Commission scolaire de Sainte-Marthe&nbsp;l&rsquo;autorisation de se joindre à eux. Leur proposition est acceptée et de nouveaux plans sont soumis, le 11 novembre 1955, pour une école de six classes avec un logement. Les travaux commencent le 1er avril 1956 par le déménagement de la vieille école qui est déplacée pour la troisième fois. L&rsquo;école centrale est bénite le 12 mai 1957 par Mgr J.-A. Langlois, évêque de Valleyfield, en présence de nombreux invités et des paroissiens.&nbsp;C&rsquo;est une religieuse qui prend la direction de l&rsquo;école du village. C&rsquo;est le 8 octobre 1956 que l&rsquo;école ouvre ses portes&nbsp;pour la première fois aux élèves. Les élèves du Haut Saint-Guillaume viendront à l&rsquo;école du village dès l&rsquo;année suivante.&nbsp; En 1960, l&rsquo;école de&nbsp;Sainte-Marthe est alors fréquentée par quelque 150 enfants. &nbsp;</p>

<p>Mot de la directrice C’est avec enthousiasme que je vous accueille sur le site de notre belle école Sainte-Marthe et Cuillierrier. Cette année, notre thème sera « les voyages » – une invitation à découvrir, explorer, et s’ouvrir à de nouveaux horizons. Que ce soit à travers les livres, les projets, les jeux ou les [&hellip;]</p>
