{"id":742,"date":"2019-11-28T14:51:45","date_gmt":"2019-11-28T19:51:45","guid":{"rendered":"https:\/\/cs3lacs.wpengine.com\/sainte-marthe-cuillierrier\/?page_id=742"},"modified":"2025-12-02T15:23:55","modified_gmt":"2025-12-02T20:23:55","slug":"documents-liens-utiles","status":"publish","type":"page","link":"https:\/\/csstl.gouv.qc.ca\/sainte-marthe-cuillierrier\/documents-liens-utiles\/","title":{"rendered":"Documents et liens utiles"},"content":{"rendered":"\n<h2 class=\"wp-block-heading\">Info-\u00e9cole <\/h2>\n\n\n\n<p>Cette publication mensuelle permet de vous informer sur la vie scolaire et toutes les activit\u00e9s de l&rsquo;\u00e9cole. Un incontournable! Bonne lecture! <\/p>\n\n\n\n<ul class=\"wp-block-list\">\n<li><a href=\"https:\/\/cstroislacs.sharepoint.com\/:b:\/r\/sites\/cuillierrier\/Personnel\/Direction\/Secr%C3%A9tariat%20-%20Ste-Marthe\/2-%20LETTRES%20-%20INFO-PARENTS\/INFO-%C3%89COLE\/Info-%C3%A9cole%20Rentr%C3%A9e%202025-compress%C3%A9.pdf?csf=1&amp;web=1&amp;e=vAmt0F\">Info-\u00e9cole de la rentr\u00e9e 2025-2026<\/a><\/li>\n\n\n\n<li><a href=\"http:\/\/&quot;C:\\Users\\carole.simard\\OneDrive - cstl\\Secr\u00e9tariat - Ste-Marthe\\2- LETTRES - INFO-PARENTS\\INFO-\u00c9COLE\\Info-\u00e9cole Oct 2025 (1)-compress\u00e9.pdf&quot;\">Info-\u00e9cole d&rsquo;octobre<\/a><\/li>\n\n\n\n<li><a href=\"https:\/\/cstroislacs.sharepoint.com\/:b:\/r\/sites\/cuillierrier\/Personnel\/Direction\/Secr%C3%A9tariat%20-%20Ste-Marthe\/2-%20LETTRES%20-%20INFO-PARENTS\/INFO-%C3%89COLE\/Info-%C3%A9cole%20Nov%202025-compress%C3%A9.pdf?csf=1&amp;web=1&amp;e=bclGeX\">Info-\u00e9cole de novembre<\/a><\/li>\n\n\n\n<li><a href=\"https:\/\/media.csstl.gouv.qc.ca\/wp-content\/uploads\/sites\/28\/2025\/12\/02152247\/Info-ecole-Decembre-2025-compresse.pdf\">Info-\u00e9cole de d\u00e9cembre<\/a><\/li>\n\n\n\n<li>Info-\u00e9cole de janvier<\/li>\n\n\n\n<li>Info-\u00e9cole de f\u00e9vrier<\/li>\n\n\n\n<li>Info-\u00e9cole de mars<\/li>\n\n\n\n<li>Info-\u00e9cole d&rsquo;avril<\/li>\n\n\n\n<li>Info-\u00e9cole de mai<\/li>\n<\/ul>\n","protected":false},"excerpt":{"rendered":"<p>Info-\u00e9cole Cette publication mensuelle permet de vous informer sur la vie scolaire et toutes les activit\u00e9s de l&rsquo;\u00e9cole. Un incontournable! Bonne lecture!<\/p>\n","protected":false},"author":4,"featured_media":0,"parent":0,"menu_order":0,"comment_status":"closed","ping_status":"closed","template":"","meta":{"_genesis_hide_title":false,"_genesis_hide_breadcrumbs":false,"_genesis_hide_singular_image":false,"_genesis_hide_footer_widgets":false,"_genesis_custom_body_class":"","_genesis_custom_post_class":"","_genesis_layout":"","footnotes":""},"class_list":{"0":"post-742","1":"page","2":"type-page","3":"status-publish","5":"entry"},"featured_image_src":null,"featured_image_src_square":null,"_links":{"self":[{"href":"https:\/\/csstl.gouv.qc.ca\/sainte-marthe-cuillierrier\/wp-json\/wp\/v2\/pages\/742","targetHints":{"allow":["GET"]}}],"collection":[{"href":"https:\/\/csstl.gouv.qc.ca\/sainte-marthe-cuillierrier\/wp-json\/wp\/v2\/pages"}],"about":[{"href":"https:\/\/csstl.gouv.qc.ca\/sainte-marthe-cuillierrier\/wp-json\/wp\/v2\/types\/page"}],"author":[{"embeddable":true,"href":"https:\/\/csstl.gouv.qc.ca\/sainte-marthe-cuillierrier\/wp-json\/wp\/v2\/users\/4"}],"replies":[{"embeddable":true,"href":"https:\/\/csstl.gouv.qc.ca\/sainte-marthe-cuillierrier\/wp-json\/wp\/v2\/comments?post=742"}],"version-history":[{"count":0,"href":"https:\/\/csstl.gouv.qc.ca\/sainte-marthe-cuillierrier\/wp-json\/wp\/v2\/pages\/742\/revisions"}],"wp:attachment":[{"href":"https:\/\/csstl.gouv.qc.ca\/sainte-marthe-cuillierrier\/wp-json\/wp\/v2\/media?parent=742"}],"curies":[{"name":"wp","href":"https:\/\/api.w.org\/{rel}","templated":true}]}}

<h2 class="wp-block-heading">Info-école </h2>



<p>Cette publication mensuelle permet de vous informer sur la vie scolaire et toutes les activités de l&rsquo;école. Un incontournable! Bonne lecture! </p>



<ul class="wp-block-list">
<li><a href="https://cstroislacs.sharepoint.com/:b:/r/sites/cuillierrier/Personnel/Direction/Secr%C3%A9tariat%20-%20Ste-Marthe/2-%20LETTRES%20-%20INFO-PARENTS/INFO-%C3%89COLE/Info-%C3%A9cole%20Rentr%C3%A9e%202025-compress%C3%A9.pdf?csf=1&amp;web=1&amp;e=vAmt0F">Info-école de la rentrée 2025-2026</a></li>



<li><a href="http://&quot;C:\Users\carole.simard\OneDrive - cstl\Secrétariat - Ste-Marthe\2- LETTRES - INFO-PARENTS\INFO-ÉCOLE\Info-école Oct 2025 (1)-compressé.pdf&quot;">Info-école d&rsquo;octobre</a></li>



<li><a href="https://cstroislacs.sharepoint.com/:b:/r/sites/cuillierrier/Personnel/Direction/Secr%C3%A9tariat%20-%20Ste-Marthe/2-%20LETTRES%20-%20INFO-PARENTS/INFO-%C3%89COLE/Info-%C3%A9cole%20Nov%202025-compress%C3%A9.pdf?csf=1&amp;web=1&amp;e=bclGeX">Info-école de novembre</a></li>



<li><a href="https://media.csstl.gouv.qc.ca/wp-content/uploads/sites/28/2025/12/02152247/Info-ecole-Decembre-2025-compresse.pdf">Info-école de décembre</a></li>



<li>Info-école de janvier</li>



<li>Info-école de février</li>



<li>Info-école de mars</li>



<li>Info-école d&rsquo;avril</li>



<li>Info-école de mai</li>
</ul>

<p>Info-école Cette publication mensuelle permet de vous informer sur la vie scolaire et toutes les activités de l&rsquo;école. Un incontournable! Bonne lecture!</p>
