{"id":670,"date":"2019-08-26T14:50:14","date_gmt":"2019-08-26T19:50:14","guid":{"rendered":"https:\/\/cs3lacs.wpengine.com\/sainte-marthe-cuillierrier\/?page_id=670"},"modified":"2025-09-18T13:40:01","modified_gmt":"2025-09-18T18:40:01","slug":"vie-scolaire","status":"publish","type":"page","link":"https:\/\/csstl.gouv.qc.ca\/sainte-marthe-cuillierrier\/vie-scolaire\/","title":{"rendered":"Vie scolaire"},"content":{"rendered":"\n<h2 class=\"wp-block-heading\">Les Coyotes de l&rsquo;\u00e9cole Sainte-Marthe Cuillierrier<\/h2>\n\n\n<div class=\"wp-block-image\">\n<figure class=\"alignleft size-full\"><img loading=\"lazy\" decoding=\"async\" width=\"143\" height=\"134\" src=\"https:\/\/media.csstl.gouv.qc.ca\/wp-content\/uploads\/sites\/28\/2022\/12\/08153716\/Coyotes-1.png\" alt=\"\" class=\"wp-image-1136\" \/><\/figure>\n<\/div>\n\n\n<p>Les Coyotes repr\u00e9sentent la banni\u00e8re des \u00e9quipes sportives de l&rsquo;\u00e9cole mais est \u00e9galement le symbole d&rsquo;un fort sentiment d&rsquo;appartenance des \u00e9l\u00e8ves envers notre milieu. <\/p>\n\n\n\n<p>Pour commander des v\u00eatements \u00e0 l&rsquo;effigie des Coyotes cliquez <a href=\"https:\/\/lavoielasourcedusport.com\/coyotes-sainte-marthe-cuillierrier\">Coyotes &#8211; \u00c9coles Ste-Marthe et Cuillierrier<\/a><\/p>\n\n\n\n<p><\/p>\n","protected":false},"excerpt":{"rendered":"<p>Les Coyotes de l&rsquo;\u00e9cole Sainte-Marthe Cuillierrier Les Coyotes repr\u00e9sentent la banni\u00e8re des \u00e9quipes sportives de l&rsquo;\u00e9cole mais est \u00e9galement le symbole d&rsquo;un fort sentiment d&rsquo;appartenance des \u00e9l\u00e8ves envers notre milieu. Pour commander des v\u00eatements \u00e0 l&rsquo;effigie des Coyotes cliquez Coyotes &#8211; \u00c9coles Ste-Marthe et Cuillierrier<\/p>\n","protected":false},"author":2,"featured_media":0,"parent":0,"menu_order":0,"comment_status":"closed","ping_status":"closed","template":"","meta":{"_genesis_hide_title":false,"_genesis_hide_breadcrumbs":false,"_genesis_hide_singular_image":false,"_genesis_hide_footer_widgets":false,"_genesis_custom_body_class":"","_genesis_custom_post_class":"","_genesis_layout":"","footnotes":""},"class_list":{"0":"post-670","1":"page","2":"type-page","3":"status-publish","5":"entry"},"featured_image_src":null,"featured_image_src_square":null,"_links":{"self":[{"href":"https:\/\/csstl.gouv.qc.ca\/sainte-marthe-cuillierrier\/wp-json\/wp\/v2\/pages\/670","targetHints":{"allow":["GET"]}}],"collection":[{"href":"https:\/\/csstl.gouv.qc.ca\/sainte-marthe-cuillierrier\/wp-json\/wp\/v2\/pages"}],"about":[{"href":"https:\/\/csstl.gouv.qc.ca\/sainte-marthe-cuillierrier\/wp-json\/wp\/v2\/types\/page"}],"author":[{"embeddable":true,"href":"https:\/\/csstl.gouv.qc.ca\/sainte-marthe-cuillierrier\/wp-json\/wp\/v2\/users\/2"}],"replies":[{"embeddable":true,"href":"https:\/\/csstl.gouv.qc.ca\/sainte-marthe-cuillierrier\/wp-json\/wp\/v2\/comments?post=670"}],"version-history":[{"count":0,"href":"https:\/\/csstl.gouv.qc.ca\/sainte-marthe-cuillierrier\/wp-json\/wp\/v2\/pages\/670\/revisions"}],"wp:attachment":[{"href":"https:\/\/csstl.gouv.qc.ca\/sainte-marthe-cuillierrier\/wp-json\/wp\/v2\/media?parent=670"}],"curies":[{"name":"wp","href":"https:\/\/api.w.org\/{rel}","templated":true}]}}

<h2 class="wp-block-heading">Les Coyotes de l&rsquo;école Sainte-Marthe Cuillierrier</h2>


<div class="wp-block-image">
<figure class="alignleft size-full"><img loading="lazy" decoding="async" width="143" height="134" src="https://media.csstl.gouv.qc.ca/wp-content/uploads/sites/28/2022/12/08153716/Coyotes-1.png" alt="" class="wp-image-1136" /></figure>
</div>


<p>Les Coyotes représentent la bannière des équipes sportives de l&rsquo;école mais est également le symbole d&rsquo;un fort sentiment d&rsquo;appartenance des élèves envers notre milieu. </p>



<p>Pour commander des vêtements à l&rsquo;effigie des Coyotes cliquez <a href="https://lavoielasourcedusport.com/coyotes-sainte-marthe-cuillierrier">Coyotes &#8211; Écoles Ste-Marthe et Cuillierrier</a></p>



<p></p>

<p>Les Coyotes de l&rsquo;école Sainte-Marthe Cuillierrier Les Coyotes représentent la bannière des équipes sportives de l&rsquo;école mais est également le symbole d&rsquo;un fort sentiment d&rsquo;appartenance des élèves envers notre milieu. Pour commander des vêtements à l&rsquo;effigie des Coyotes cliquez Coyotes &#8211; Écoles Ste-Marthe et Cuillierrier</p>
