{"id":742,"date":"2019-11-28T14:51:45","date_gmt":"2019-11-28T19:51:45","guid":{"rendered":"https:\/\/cs3lacs.wpengine.com\/saint-zotique-riveraine\/?page_id=742"},"modified":"2026-03-31T08:26:18","modified_gmt":"2026-03-31T13:26:18","slug":"documents-liens-utiles","status":"publish","type":"page","link":"https:\/\/csstl.gouv.qc.ca\/saint-zotique-riveraine\/documents-liens-utiles\/","title":{"rendered":"Documents et liens utiles"},"content":{"rendered":"\n<p><\/p>\n\n\n\n<h2 class=\"wp-block-heading\">Info-Parents&nbsp;<\/h2>\n\n\n\n<ul class=\"wp-block-list\">\n<li><a href=\"https:\/\/media.csstl.gouv.qc.ca\/wp-content\/uploads\/sites\/34\/2025\/08\/18102747\/Info-parents-septembre-2025.pdf\" data-type=\"attachment\" data-id=\"1477\">1 &#8211; Info-Parents &#8211; ao\u00fbt &#8211; septembre 2025 (Rentr\u00e9e scolaire)<\/a><\/li>\n\n\n\n<li><a href=\"https:\/\/media.csstl.gouv.qc.ca\/wp-content\/uploads\/sites\/34\/2025\/10\/01075835\/Info-parents-octobre-2025.pdf\" data-type=\"attachment\" data-id=\"1492\">2 &#8211; Info-Parents &#8211; octobre 2025<\/a><\/li>\n\n\n\n<li><a href=\"https:\/\/media.csstl.gouv.qc.ca\/wp-content\/uploads\/sites\/34\/2025\/11\/03091115\/Info-parents-nov-2025.pdf\" data-type=\"attachment\" data-id=\"1502\">3 &#8211; Info-Parents &#8211; Novembre 2025<\/a><\/li>\n\n\n\n<li><a href=\"https:\/\/media.csstl.gouv.qc.ca\/wp-content\/uploads\/sites\/34\/2025\/12\/03100318\/Info-parents-decembre-2025.pdf\" data-type=\"attachment\" data-id=\"1503\">4 &#8211; Info-Parents &#8211; D\u00e9cembre 2025<\/a><\/li>\n\n\n\n<li><a href=\"https:\/\/media.csstl.gouv.qc.ca\/wp-content\/uploads\/sites\/34\/2026\/01\/06094154\/Info-parents-janvier-2026.pdf\" data-type=\"attachment\" data-id=\"1507\">5 &#8211; Info-Parents &#8211; Janvier 2026<\/a><\/li>\n\n\n\n<li><a href=\"https:\/\/media.csstl.gouv.qc.ca\/wp-content\/uploads\/sites\/34\/2026\/02\/02081735\/Info-parents-fevrier-2026.pdf\" data-type=\"attachment\" data-id=\"1509\">6 &#8211; Info-Parents &#8211; F\u00e9vrier 2026<\/a><\/li>\n\n\n\n<li><a href=\"https:\/\/media.csstl.gouv.qc.ca\/wp-content\/uploads\/sites\/34\/2026\/03\/16082105\/Info-parents-mars-2026-2.pdf\" data-type=\"attachment\" data-id=\"1512\">7 &#8211; Info-Parents &#8211; Mars 2026<\/a><\/li>\n\n\n\n<li><a href=\"https:\/\/media.csstl.gouv.qc.ca\/wp-content\/uploads\/sites\/34\/2026\/03\/31082528\/Info-parents-avril-2026.pdf\" data-type=\"attachment\" data-id=\"1513\">8 &#8211; Info-Parents &#8211; Avril 2026<\/a> <\/li>\n\n\n\n<li>9 &#8211; Info-Parents &#8211; Mai 2026<\/li>\n\n\n\n<li>10 &#8211; Info-Parents &#8211; Juin 2026<\/li>\n<\/ul>\n\n\n\n<h2 class=\"wp-block-heading\">Moza\u00efk-Portail Parents<\/h2>\n\n\n\n<p>Vous pouvez d\u00e8s maintenant acc\u00e9der au Moza\u00efk-Portail Parents qui vous donne acc\u00e8s \u00e0 plusieurs informations sur vos enfants. Vous y trouverez, entres autres, les bulletins scolaires qui ne sont plus imprim\u00e9s \u00e0 l&rsquo;\u00e9cole dor\u00e9navant.<\/p>\n\n\n\n<ul class=\"wp-block-list\">\n<li><a rel=\"noreferrer noopener\" href=\"https:\/\/media.csstl.gouv.qc.ca\/wp-content\/uploads\/sites\/34\/2022\/11\/24102111\/Procedure_Mozaik_creation_du_compte.pdf\" data-type=\"attachment\" data-id=\"1139\" target=\"_blank\">Proc\u00e9dure &#8211; Cr\u00e9ation d&rsquo;un compte<\/a><\/li>\n\n\n\n<li><a rel=\"noreferrer noopener\" href=\"https:\/\/media.csstl.gouv.qc.ca\/wp-content\/uploads\/sites\/34\/2022\/11\/24102107\/Procedure_Mozaik_consultation_dossier_enfantbulletin.pdf\" data-type=\"attachment\" data-id=\"1138\" target=\"_blank\">Proc\u00e9dure &#8211; Consultation dossier enfant (bulletin)<\/a><\/li>\n\n\n\n<li><a rel=\"noreferrer noopener\" href=\"https:\/\/media.csstl.gouv.qc.ca\/wp-content\/uploads\/sites\/34\/2022\/11\/24102116\/Procedure_Mozaik_reinscription_en_fevrier.pdf\" data-type=\"attachment\" data-id=\"1140\" target=\"_blank\">Proc\u00e9dure &#8211; R\u00e9inscription en f\u00e9vrier<\/a><\/li>\n\n\n\n<li><a rel=\"noreferrer noopener\" href=\"https:\/\/media.csstl.gouv.qc.ca\/wp-content\/uploads\/sites\/34\/2022\/11\/24102119\/Procedure_paiement_Internet.pdf\" data-type=\"attachment\" data-id=\"1141\" target=\"_blank\">Proc\u00e9dure &#8211; Paiement par internet<\/a><\/li>\n\n\n\n<li><a href=\"https:\/\/media.csstl.gouv.qc.ca\/wp-content\/uploads\/sites\/34\/2023\/05\/01082951\/Gestion-des-absences-Portail-Parents.pdf\" data-type=\"attachment\" data-id=\"1253\">Proc\u00e9dure &#8211; D\u00e9claration des absences (document)<\/a><\/li>\n\n\n\n<li><a href=\"https:\/\/youtu.be\/3uh0tQOvpPE?si=U8FBtB0Tvg8XXIyP\">Proc\u00e9dure &#8211; D\u00e9claration des absences (vid\u00e9o Web)<\/a> <\/li>\n\n\n\n<li><a href=\"https:\/\/youtu.be\/_mkb6u91QJc?si=11TUjR5BIM3eCHfT\">Proc\u00e9dure &#8211; D\u00e9claration des absences (par le cellulaire)<\/a><\/li>\n<\/ul>\n\n\n\n<p>Nous pr\u00e9cisons que si votre adresse courriel associ\u00e9e au compte n&rsquo;est pas la m\u00eame que celle donn\u00e9e \u00e0 l&rsquo;\u00e9cole, il ne vous sera pas possible d&rsquo;acc\u00e9der au portail de vos enfants. Vous devrez communiquer avec l&rsquo;\u00e9cole pour valider celle-ci.<\/p>\n\n\n\n<h2 class=\"wp-block-heading\">Planification des \u00e9valuations 2025-2026<\/h2>\n\n\n\n<ul class=\"wp-block-list\">\n<li><a href=\"https:\/\/media.csstl.gouv.qc.ca\/wp-content\/uploads\/sites\/34\/2025\/09\/08082430\/Document-destine-aux-parents-Presco-st-zotique.pdf\" data-type=\"attachment\" data-id=\"1485\">Planification des \u00e9valuations du pr\u00e9scolaire 2025-2026<\/a><\/li>\n\n\n\n<li><a href=\"https:\/\/media.csstl.gouv.qc.ca\/wp-content\/uploads\/sites\/34\/2025\/09\/08082424\/Document-destine-aux-parents-1er-cycle-riveraine.pdf\" data-type=\"attachment\" data-id=\"1482\">Planification des \u00e9valuations du 1er cycle 2025-2026<\/a><\/li>\n\n\n\n<li><a href=\"https:\/\/media.csstl.gouv.qc.ca\/wp-content\/uploads\/sites\/34\/2025\/09\/08082426\/Document-destine-aux-parents-2e-cyclela-riveraine.pdf\" data-type=\"attachment\" data-id=\"1483\">Planification des \u00e9valuations du 2e cycle 2025-2026<\/a><\/li>\n\n\n\n<li><a href=\"https:\/\/media.csstl.gouv.qc.ca\/wp-content\/uploads\/sites\/34\/2025\/09\/08082428\/Document-destine-aux-parents-3e-cycle-la-riveraine.pdf\" data-type=\"attachment\" data-id=\"1484\">Planification des \u00e9valuations du 3e cycle 2025-2026<\/a><\/li>\n<\/ul>\n\n\n\n<h2 class=\"wp-block-heading\">Formulaires<\/h2>\n\n\n\n<ul class=\"wp-block-list\">\n<li><a href=\"https:\/\/media.csstl.gouv.qc.ca\/wp-content\/uploads\/sites\/34\/2022\/11\/24102025\/autorisation_administration_medicament_riveraine.pdf\" data-type=\"attachment\" data-id=\"1130\" target=\"_blank\" rel=\"noreferrer noopener\">Autorisation d&rsquo;administrer un m\u00e9dicament prescrit<\/a><\/li>\n<\/ul>\n\n\n\n<h2 class=\"wp-block-heading\">Maladies infectieuses<\/h2>\n\n\n\n<ul class=\"wp-block-list\">\n<li><a href=\"https:\/\/media.csstl.gouv.qc.ca\/wp-content\/uploads\/sites\/34\/2022\/11\/24102059\/MI-lettreparents-_maternelle.pdf\" data-type=\"attachment\" data-id=\"1136\" target=\"_blank\" rel=\"noreferrer noopener\">Maladies infectieuses<\/a><\/li>\n\n\n\n<li><a href=\"https:\/\/media.csstl.gouv.qc.ca\/wp-content\/uploads\/sites\/34\/2022\/11\/24102103\/poux_poux_poux.pdf\" data-type=\"attachment\" data-id=\"1137\" target=\"_blank\" rel=\"noreferrer noopener\">D\u00e9pliant \u00ab Poux&#8230;poux&#8230;poux \u00bb <\/a><\/li>\n\n\n\n<li><a href=\"https:\/\/media.csstl.gouv.qc.ca\/wp-content\/uploads\/sites\/34\/2022\/11\/24102032\/Feuillet-oxyures.pdf\" data-type=\"attachment\" data-id=\"1132\" target=\"_blank\" rel=\"noreferrer noopener\">Feuillet oxyures<\/a><\/li>\n<\/ul>\n\n\n\n<p><\/p>\n\n\n\n<h2 class=\"wp-block-heading\">Transport scolaire<\/h2>\n\n\n\n<ul class=\"wp-block-list\">\n<li><a href=\"https:\/\/media.csstl.gouv.qc.ca\/wp-content\/uploads\/sites\/34\/2023\/05\/01085325\/Aide-memoire-pour-les-parents-23-24-Transport-scolaire.pdf\" data-type=\"attachment\" data-id=\"1256\">Transport scolaire &#8211; Aide-m\u00e9moire pour les parents<\/a><\/li>\n\n\n\n<li><a rel=\"noreferrer noopener\" href=\"https:\/\/media.csstl.gouv.qc.ca\/wp-content\/uploads\/sites\/34\/2022\/11\/28094624\/Fonctionnement_de_la_carte_passeport.pdf\" data-type=\"attachment\" data-id=\"1151\" target=\"_blank\">Carte passeport pour l&rsquo;autobus<\/a><\/li>\n<\/ul>\n\n\n\n<h2 class=\"wp-block-heading\">Soins infirmiers et sant\u00e9 dentaire<\/h2>\n\n\n\n<ul class=\"wp-block-list\">\n<li><a href=\"https:\/\/media.csstl.gouv.qc.ca\/wp-content\/uploads\/sites\/34\/2024\/10\/07081118\/Feuillet_Offre_de_Services_ecoles_V7.pdf\" data-type=\"attachment\" data-id=\"1409\">Services disponibles pour les milieux scolaires<\/a><\/li>\n\n\n\n<li><a href=\"https:\/\/media.csstl.gouv.qc.ca\/wp-content\/uploads\/sites\/34\/2024\/10\/07081325\/Offre-de-services_soins_infirmiers_sante_dentaire_2024-2025.pdf\" data-type=\"attachment\" data-id=\"1410\">Offre de services des infirmi\u00e8res et hygi\u00e9nistes dentaires du CISSSMO<\/a><\/li>\n<\/ul>\n\n\n\n<h2 class=\"wp-block-heading\">Informations diverses<\/h2>\n\n\n\n<ul class=\"wp-block-list\">\n<li><a href=\"https:\/\/media.csstl.gouv.qc.ca\/wp-content\/uploads\/sites\/34\/2022\/11\/24102051\/Guides_aux_parents_-_3_cycles_du_PRIMAIRE.pdf\" data-type=\"attachment\" data-id=\"1133\" target=\"_blank\" rel=\"noreferrer noopener\">Le programme de formation et le bulletin au primaire &#8211; l\u2019\u00e9valuation des comp\u00e9tences<\/a><\/li>\n\n\n\n<li><a href=\"https:\/\/media.csstl.gouv.qc.ca\/wp-content\/uploads\/sites\/34\/2022\/11\/24102057\/Lettre_bulletin_prescolaire.pdf\" data-type=\"attachment\" data-id=\"1135\" target=\"_blank\" rel=\"noreferrer noopener\">L\u2019appr\u00e9ciation du cheminement de l\u2019enfant au bulletin, un travail professionnel et rigoureux<\/a><\/li>\n\n\n\n<li><a rel=\"noreferrer noopener\" href=\"https:\/\/media.csstl.gouv.qc.ca\/wp-content\/uploads\/sites\/34\/2022\/11\/24102054\/Lettre_bulletin_groupes_100_a_700.pdf\" data-type=\"attachment\" data-id=\"1134\" target=\"_blank\">Le jugement communiqu\u00e9 au bulletin, un travail professionnel et rigoureux pour les \u00e9l\u00e8ves du primaire<\/a><\/li>\n<\/ul>\n\n\n\n<h2 class=\"wp-block-heading\">Sites WEB<\/h2>\n\n\n\n<ul class=\"wp-block-list\">\n<li><a href=\"https:\/\/view.genial.ly\/5f89bc4faf053e0d0d562d1b\/horizontal-infographic-lists-csstl-2020-2021-ressources-pour-la-maison\" target=\"_blank\" rel=\"noreferrer noopener\">Ressources en ligne (si votre enfant doit s&rsquo;absenter de l&rsquo;\u00e9cole pour quelques jours)<\/a><\/li>\n\n\n\n<li><a href=\"https:\/\/media.csstl.gouv.qc.ca\/wp-content\/uploads\/sites\/34\/2022\/12\/02105458\/anglais.pdf\" data-type=\"attachment\" data-id=\"1207\" target=\"_blank\" rel=\"noreferrer noopener\">Anglais (divers sites sugg\u00e9r\u00e9s pour exercer l&rsquo;anglais)<\/a>&nbsp;&nbsp;&nbsp;&nbsp;&nbsp;&nbsp;&nbsp;&nbsp;<\/li>\n<\/ul>\n\n\n\n<p><\/p>\n","protected":false},"excerpt":{"rendered":"<p>Info-Parents&nbsp; Moza\u00efk-Portail Parents Vous pouvez d\u00e8s maintenant acc\u00e9der au Moza\u00efk-Portail Parents qui vous donne acc\u00e8s \u00e0 plusieurs informations sur vos enfants. Vous y trouverez, entres autres, les bulletins scolaires qui ne sont plus imprim\u00e9s \u00e0 l&rsquo;\u00e9cole dor\u00e9navant. Nous pr\u00e9cisons que si votre adresse courriel associ\u00e9e au compte n&rsquo;est pas la m\u00eame que celle donn\u00e9e \u00e0 [&hellip;]<\/p>\n","protected":false},"author":4,"featured_media":0,"parent":0,"menu_order":0,"comment_status":"closed","ping_status":"closed","template":"","meta":{"_genesis_hide_title":false,"_genesis_hide_breadcrumbs":false,"_genesis_hide_singular_image":false,"_genesis_hide_footer_widgets":false,"_genesis_custom_body_class":"","_genesis_custom_post_class":"","_genesis_layout":"","footnotes":""},"class_list":{"0":"post-742","1":"page","2":"type-page","3":"status-publish","5":"entry"},"featured_image_src":null,"featured_image_src_square":null,"_links":{"self":[{"href":"https:\/\/csstl.gouv.qc.ca\/saint-zotique-riveraine\/wp-json\/wp\/v2\/pages\/742","targetHints":{"allow":["GET"]}}],"collection":[{"href":"https:\/\/csstl.gouv.qc.ca\/saint-zotique-riveraine\/wp-json\/wp\/v2\/pages"}],"about":[{"href":"https:\/\/csstl.gouv.qc.ca\/saint-zotique-riveraine\/wp-json\/wp\/v2\/types\/page"}],"author":[{"embeddable":true,"href":"https:\/\/csstl.gouv.qc.ca\/saint-zotique-riveraine\/wp-json\/wp\/v2\/users\/4"}],"replies":[{"embeddable":true,"href":"https:\/\/csstl.gouv.qc.ca\/saint-zotique-riveraine\/wp-json\/wp\/v2\/comments?post=742"}],"version-history":[{"count":0,"href":"https:\/\/csstl.gouv.qc.ca\/saint-zotique-riveraine\/wp-json\/wp\/v2\/pages\/742\/revisions"}],"wp:attachment":[{"href":"https:\/\/csstl.gouv.qc.ca\/saint-zotique-riveraine\/wp-json\/wp\/v2\/media?parent=742"}],"curies":[{"name":"wp","href":"https:\/\/api.w.org\/{rel}","templated":true}]}}