{"id":670,"date":"2019-08-26T14:50:14","date_gmt":"2019-08-26T19:50:14","guid":{"rendered":"https:\/\/cs3lacs.wpengine.com\/saint-zotique-riveraine\/?page_id=670"},"modified":"2025-11-27T08:53:34","modified_gmt":"2025-11-27T13:53:34","slug":"vie-scolaire","status":"publish","type":"page","link":"https:\/\/csstl.gouv.qc.ca\/saint-zotique-riveraine\/vie-scolaire\/","title":{"rendered":"Vie scolaire"},"content":{"rendered":"\n<h2 class=\"wp-block-heading\">\u00c9tablissement vert Brundtland<\/h2>\n\n\n\n<p>Nous sommes fiers de&nbsp;nous afficher<em>&nbsp;\u00c9tablissement vert Brundtland<\/em>. Par des actions concr\u00e8tes, nous pr\u00f4nons les valeurs de ce mouvement.&nbsp; Nous agissons&nbsp;pour un avenir viable.<\/p>\n\n\n\n<p>Pour plus de d\u00e9tails, consulter le site \u00c9VB \u00e0 l&rsquo;adresse suivante <a rel=\"noreferrer noopener\" href=\"http:\/\/www.evb.lacsq.org\/\" data-type=\"URL\" data-id=\"http:\/\/www.evb.lacsq.org\/\" target=\"_blank\">http:\/\/www.evb.lacsq.org\/<\/a>. <\/p>\n\n\n\n<h2 class=\"wp-block-heading\">Organisme de participation des parents<\/h2>\n\n\n\n<p>L&rsquo;organisme de participation des parents (OPP) repr\u00e9sente un moteur exceptionnel de participation des parents. Un tel engagement favorise notamment le rapprochement entre l&rsquo;\u00e9cole, les familles et la communaut\u00e9.<\/p>\n\n\n\n<p>Les parents impliqu\u00e9s dans ce comit\u00e9 seront appel\u00e9s \u00e0&nbsp;participer aux diff\u00e9rentes activit\u00e9s de l&rsquo;\u00e9cole,&nbsp;s&rsquo;impliquer au niveau de l&rsquo;organisation de diff\u00e9rentes f\u00eates, r\u00e9aliser des campagnes de financement, etc.<\/p>\n\n\n\n<p>Pour vous joindre aux membres de l&rsquo;OPP, communiquer avec <a href=\"https:\/\/csstl.gouv.qc.ca\/saint-zotique-riveraine\/nous-joindre\/\" data-type=\"URL\" data-id=\"https:\/\/csstl.gouv.qc.ca\/saint-zotique-riveraine\/nous-joindre\/\" target=\"_blank\" rel=\"noreferrer noopener\">le secr\u00e9tariat de l&rsquo;\u00e9cole<\/a>. <\/p>\n","protected":false},"excerpt":{"rendered":"<p>\u00c9tablissement vert Brundtland Nous sommes fiers de&nbsp;nous afficher&nbsp;\u00c9tablissement vert Brundtland. Par des actions concr\u00e8tes, nous pr\u00f4nons les valeurs de ce mouvement.&nbsp; Nous agissons&nbsp;pour un avenir viable. Pour plus de d\u00e9tails, consulter le site \u00c9VB \u00e0 l&rsquo;adresse suivante http:\/\/www.evb.lacsq.org\/. Organisme de participation des parents L&rsquo;organisme de participation des parents (OPP) repr\u00e9sente un moteur exceptionnel de participation [&hellip;]<\/p>\n","protected":false},"author":2,"featured_media":0,"parent":0,"menu_order":0,"comment_status":"closed","ping_status":"closed","template":"","meta":{"_genesis_hide_title":false,"_genesis_hide_breadcrumbs":false,"_genesis_hide_singular_image":false,"_genesis_hide_footer_widgets":false,"_genesis_custom_body_class":"","_genesis_custom_post_class":"","_genesis_layout":"","footnotes":""},"class_list":{"0":"post-670","1":"page","2":"type-page","3":"status-publish","5":"entry"},"featured_image_src":null,"featured_image_src_square":null,"_links":{"self":[{"href":"https:\/\/csstl.gouv.qc.ca\/saint-zotique-riveraine\/wp-json\/wp\/v2\/pages\/670","targetHints":{"allow":["GET"]}}],"collection":[{"href":"https:\/\/csstl.gouv.qc.ca\/saint-zotique-riveraine\/wp-json\/wp\/v2\/pages"}],"about":[{"href":"https:\/\/csstl.gouv.qc.ca\/saint-zotique-riveraine\/wp-json\/wp\/v2\/types\/page"}],"author":[{"embeddable":true,"href":"https:\/\/csstl.gouv.qc.ca\/saint-zotique-riveraine\/wp-json\/wp\/v2\/users\/2"}],"replies":[{"embeddable":true,"href":"https:\/\/csstl.gouv.qc.ca\/saint-zotique-riveraine\/wp-json\/wp\/v2\/comments?post=670"}],"version-history":[{"count":0,"href":"https:\/\/csstl.gouv.qc.ca\/saint-zotique-riveraine\/wp-json\/wp\/v2\/pages\/670\/revisions"}],"wp:attachment":[{"href":"https:\/\/csstl.gouv.qc.ca\/saint-zotique-riveraine\/wp-json\/wp\/v2\/media?parent=670"}],"curies":[{"name":"wp","href":"https:\/\/api.w.org\/{rel}","templated":true}]}}