{"id":481,"date":"2019-06-18T13:48:46","date_gmt":"2019-06-18T18:48:46","guid":{"rendered":"http:\/\/cs3lacs.wpengine.com\/saint-zotique-riveraine\/?page_id=481"},"modified":"2024-09-30T09:44:46","modified_gmt":"2024-09-30T14:44:46","slug":"service-de-garde","status":"publish","type":"page","link":"https:\/\/csstl.gouv.qc.ca\/saint-zotique-riveraine\/service-de-garde\/","title":{"rendered":"Service de garde"},"content":{"rendered":"\n<p>Nous vous invitons \u00e0 consulter le document <a href=\"https:\/\/media.csstl.gouv.qc.ca\/wp-content\/uploads\/sites\/34\/2024\/09\/30094347\/Regles-de-regie-interne-du-service-de-garde-24-25.pdf\" data-type=\"attachment\" data-id=\"1401\"><em>R\u00e8glement de r\u00e9gie interne du service de garde 2024-2025<\/em> <\/a>pour obtenir les informations relatives au service de garde.<\/p>\n\n\n\n<ul class=\"wp-block-list\">\n<li>Le Service de garde ouvre \u00e0 compter du premier jour de classe des \u00e9l\u00e8ves et ferme ses portes le dernier jour de l&rsquo;ann\u00e9e scolaire.<\/li>\n\n\n\n<li>Le Service de garde sera ferm\u00e9 pendant la p\u00e9riode des F\u00eates, la semaine de rel\u00e2che, la p\u00e9riode estivale et les cong\u00e9s f\u00e9ri\u00e9s.<\/li>\n\n\n\n<li>Tous les jours, vers 15 h 20, une p\u00e9riode de collation est pr\u00e9vue. Chaque enfant doit avoir sa collation.<\/li>\n\n\n\n<li>Lors d&rsquo;intemp\u00e9ries, les stations de radio et de t\u00e9l\u00e9vision diffusent les consignes de fermeture des \u00e9tablissements scolaires du Centre de services scolaire des Trois-Lacs, afin d&rsquo;informer les parents et les enfants.<\/li>\n<\/ul>\n\n\n\n<p><strong>Pour joindre la responsable du service de garde <\/strong>:  Val\u00e9rie Collin-Lepage au 450 267-3290, poste 3650<\/p>\n\n\n\n<h2 class=\"wp-block-heading\">Journ\u00e9es p\u00e9dagogiques<\/h2>\n\n\n\n<p>Veuillez prendre note que si vous inscrivez votre enfant \u00e0 une journ\u00e9e p\u00e9dagogique et qu&rsquo;il est absent, des frais vous seront factur\u00e9s \u00e0 moins d&rsquo;avis contraire (une semaine avant l&rsquo;activit\u00e9). <\/p>\n\n\n\n<h2 class=\"wp-block-heading\">Facturation<\/h2>\n\n\n\n<p>Vous recevrez une facture aux deux semaines.<\/p>\n","protected":false},"excerpt":{"rendered":"<p>Nous vous invitons \u00e0 consulter le document R\u00e8glement de r\u00e9gie interne du service de garde 2024-2025 pour obtenir les informations relatives au service de garde. Pour joindre la responsable du service de garde : Val\u00e9rie Collin-Lepage au 450 267-3290, poste 3650 Journ\u00e9es p\u00e9dagogiques Veuillez prendre note que si vous inscrivez votre enfant \u00e0 une journ\u00e9e [&hellip;]<\/p>\n","protected":false},"author":2,"featured_media":0,"parent":0,"menu_order":0,"comment_status":"closed","ping_status":"closed","template":"","meta":{"_genesis_hide_title":false,"_genesis_hide_breadcrumbs":false,"_genesis_hide_singular_image":false,"_genesis_hide_footer_widgets":false,"_genesis_custom_body_class":"","_genesis_custom_post_class":"","_genesis_layout":"","footnotes":""},"class_list":{"0":"post-481","1":"page","2":"type-page","3":"status-publish","5":"entry"},"featured_image_src":null,"featured_image_src_square":null,"_links":{"self":[{"href":"https:\/\/csstl.gouv.qc.ca\/saint-zotique-riveraine\/wp-json\/wp\/v2\/pages\/481","targetHints":{"allow":["GET"]}}],"collection":[{"href":"https:\/\/csstl.gouv.qc.ca\/saint-zotique-riveraine\/wp-json\/wp\/v2\/pages"}],"about":[{"href":"https:\/\/csstl.gouv.qc.ca\/saint-zotique-riveraine\/wp-json\/wp\/v2\/types\/page"}],"author":[{"embeddable":true,"href":"https:\/\/csstl.gouv.qc.ca\/saint-zotique-riveraine\/wp-json\/wp\/v2\/users\/2"}],"replies":[{"embeddable":true,"href":"https:\/\/csstl.gouv.qc.ca\/saint-zotique-riveraine\/wp-json\/wp\/v2\/comments?post=481"}],"version-history":[{"count":0,"href":"https:\/\/csstl.gouv.qc.ca\/saint-zotique-riveraine\/wp-json\/wp\/v2\/pages\/481\/revisions"}],"wp:attachment":[{"href":"https:\/\/csstl.gouv.qc.ca\/saint-zotique-riveraine\/wp-json\/wp\/v2\/media?parent=481"}],"curies":[{"name":"wp","href":"https:\/\/api.w.org\/{rel}","templated":true}]}}

<p>Nous vous invitons à consulter le document <a href="https://media.csstl.gouv.qc.ca/wp-content/uploads/sites/34/2024/09/30094347/Regles-de-regie-interne-du-service-de-garde-24-25.pdf" data-type="attachment" data-id="1401"><em>Règlement de régie interne du service de garde 2024-2025</em> </a>pour obtenir les informations relatives au service de garde.</p>



<ul class="wp-block-list">
<li>Le Service de garde ouvre à compter du premier jour de classe des élèves et ferme ses portes le dernier jour de l&rsquo;année scolaire.</li>



<li>Le Service de garde sera fermé pendant la période des Fêtes, la semaine de relâche, la période estivale et les congés fériés.</li>



<li>Tous les jours, vers 15 h 20, une période de collation est prévue. Chaque enfant doit avoir sa collation.</li>



<li>Lors d&rsquo;intempéries, les stations de radio et de télévision diffusent les consignes de fermeture des établissements scolaires du Centre de services scolaire des Trois-Lacs, afin d&rsquo;informer les parents et les enfants.</li>
</ul>



<p><strong>Pour joindre la responsable du service de garde </strong>:  Valérie Collin-Lepage au 450 267-3290, poste 3650</p>



<h2 class="wp-block-heading">Journées pédagogiques</h2>



<p>Veuillez prendre note que si vous inscrivez votre enfant à une journée pédagogique et qu&rsquo;il est absent, des frais vous seront facturés à moins d&rsquo;avis contraire (une semaine avant l&rsquo;activité). </p>



<h2 class="wp-block-heading">Facturation</h2>



<p>Vous recevrez une facture aux deux semaines.</p>

<p>Nous vous invitons à consulter le document Règlement de régie interne du service de garde 2024-2025 pour obtenir les informations relatives au service de garde. Pour joindre la responsable du service de garde : Valérie Collin-Lepage au 450 267-3290, poste 3650 Journées pédagogiques Veuillez prendre note que si vous inscrivez votre enfant à une journée [&hellip;]</p>
