{"id":746,"date":"2019-11-28T14:55:59","date_gmt":"2019-11-28T19:55:59","guid":{"rendered":"https:\/\/cs3lacs.wpengine.com\/saint-thomas\/?page_id=746"},"modified":"2022-12-01T10:03:25","modified_gmt":"2022-12-01T15:03:25","slug":"portrait","status":"publish","type":"page","link":"https:\/\/csstl.gouv.qc.ca\/saint-thomas\/portrait\/","title":{"rendered":"Portrait"},"content":{"rendered":"<div class=\"wp-block-image is-style-rounded\">\n<figure class=\"aligncenter size-medium\"><img loading=\"lazy\" decoding=\"async\" width=\"300\" height=\"225\" src=\"https:\/\/media.csstl.gouv.qc.ca\/wp-content\/uploads\/sites\/50\/2022\/11\/30102649\/Exterieur-300x225.jpg\" alt=\"\" class=\"wp-image-1110\" srcset=\"https:\/\/media.csstl.gouv.qc.ca\/wp-content\/uploads\/sites\/50\/2022\/11\/30102649\/Exterieur-300x225.jpg 300w, https:\/\/media.csstl.gouv.qc.ca\/wp-content\/uploads\/sites\/50\/2022\/11\/30102649\/Exterieur-1024x768.jpg 1024w, https:\/\/media.csstl.gouv.qc.ca\/wp-content\/uploads\/sites\/50\/2022\/11\/30102649\/Exterieur-768x576.jpg 768w, https:\/\/media.csstl.gouv.qc.ca\/wp-content\/uploads\/sites\/50\/2022\/11\/30102649\/Exterieur-1536x1152.jpg 1536w, https:\/\/media.csstl.gouv.qc.ca\/wp-content\/uploads\/sites\/50\/2022\/11\/30102649\/Exterieur-2048x1536.jpg 2048w\" sizes=\"auto, (max-width: 300px) 100vw, 300px\" \/><\/figure>\n<\/div>\n\n\n<h2 class=\"wp-block-heading\">La construction<\/h2>\n\n\n\n<p>L&rsquo;\u00e9cole Saint-Thomas fut construite en trois \u00e9tapes.<\/p>\n\n\n\n<p>1952<\/p>\n\n\n\n<p>L&rsquo;ouverture de l&rsquo;\u00e9cole centrale Saint-Thomas a eu lieu en septembre 1952. L&rsquo;institution comprend 8 classes, un auditorium, une r\u00e9sidence pour les religieuses et un r\u00e9fectoire. Les niveaux d&rsquo;enseignement au secteur francophone&nbsp;: premi\u00e8re \u00e0 neuvi\u00e8me ann\u00e9e et au secteur anglophone&nbsp;: premi\u00e8re \u00e0 sixi\u00e8me ann\u00e9e. Naturellement, on y retrouve des groupes multi\u00e2ge. Cinq religieuses et trois la\u00efques dispensent les cours aux 198 \u00e9l\u00e8ves de l&rsquo;\u00e9cole.<\/p>\n\n\n\n<p>1954<\/p>\n\n\n\n<p>Les travaux, d\u00e9but\u00e9s en mai 1954, ajoutent un deuxi\u00e8me \u00e9tage \u00e0 l&rsquo;\u00e9cole Saint-Thomas. Les classes, log\u00e9es temporairement ailleurs, peuvent int\u00e9grer leurs nouveaux locaux le 10 novembre. Des chambres et un solarium agrandissent la r\u00e9sidence des religieuses. L&rsquo;ancien r\u00e9fectoire devient le bureau de la directrice. L&rsquo;auditorium sert maintenant de gymnase pour les premiers cours d&rsquo;\u00e9ducation physique. L&rsquo;\u00e9v\u00eaque de Valleyfield donne l&rsquo;autorisation d&rsquo;engager des professeurs masculins. On y retrouve encore, des classes de la premi\u00e8re \u00e0 la neuvi\u00e8me ann\u00e9e au secteur francophone et de la premi\u00e8re \u00e0 la huiti\u00e8me ann\u00e9e au secteur anglophone. Cinq religieuses, cinq enseignantes et quatre enseignants s&rsquo;occupent de 316 \u00e9coliers.<\/p>\n\n\n\n<p>1959<\/p>\n\n\n\n<p>Les nouvelles classes, secteur appel\u00e9 aujourd&rsquo;hui le Pavillon Soleil, et la caf\u00e9t\u00e9ria entrent en activit\u00e9 le 5 octobre 1959. Les niveaux enseign\u00e9s, chez les francophones, sont alors de la premi\u00e8re \u00e0 la onzi\u00e8me ann\u00e9e et, chez les anglophones, de la premi\u00e8re \u00e0 la neuvi\u00e8me ann\u00e9e. Dans le corps enseignant, on compte quatre religieuses, douze enseignantes, trois enseignants et deux sp\u00e9cialistes, dont un en \u00ab\u00a0enseignement m\u00e9nager\u00a0\u00bb et un en \u00ab\u00a0culture physique\u00a0\u00bb. Les titulaires masculins sont responsables des classes francophones de la cinqui\u00e8me \u00e0 la neuvi\u00e8me ann\u00e9e compos\u00e9es uniquement de gar\u00e7ons. Le nombre d&rsquo;\u00e9l\u00e8ves inscrits est de 487.<\/p>\n\n\n\n<p><em>Texte de Richard Bradley<\/em><\/p>\n\n\n\n<p><em>R\u00e9f\u00e9rences&nbsp;: Archives S\u0153urs de Sainte-Anne<\/em><\/p>\n\n\n\n<h2 class=\"wp-block-heading\">Qui \u00e9taient les premi\u00e8res personnes \u00e0 travailler \u00e0 l&rsquo;\u00e9cole Saint-Thomas<\/h2>\n\n\n\n<p>\u00c0 l&rsquo;ouverture de l&rsquo;\u00e9cole Saint-Thomas, en 1952,&nbsp; la congr\u00e9gation des soeurs de Sainte-Anne est fortement repr\u00e9sent\u00e9e parmi le personnel de l&rsquo;\u00e9tablissement. Ces religieuses, qui ont fait un travail remarquable, sont demeur\u00e9es pr\u00e9sentes dans l&rsquo;\u00e9cole jusqu&rsquo;\u00e0 l&rsquo;\u00e9t\u00e9 1965. Leur d\u00e9part est d\u00fb \u00e0 plusieurs facteurs, dont certains changements majeurs dans l&rsquo;\u00e9ducation au Qu\u00e9bec. Les deux premi\u00e8res directrices de Saint-Thomas furent Soeur Marie-Jean-Marc et Soeur Marie-Laure-C\u00e9cile. Soeur Marie-Jean-Marc fut directrice de septembre 1952 \u00e0 juin 1954 et de septembre 1961 \u00e0 juin 1964. Son nom civil \u00e9tait Victoria Dufort. Native de Saint-T\u00e9lesphore, elle est d\u00e9c\u00e9d\u00e9e le 23 octobre 1999 \u00e0 l&rsquo;\u00e2ge de 91 ans. Soeur Marie-Laure-C\u00e9cile dirigea l&rsquo;\u00e9cole de septembre 1954 \u00e0 juin 1961. C\u00e9cile Massy, son nom civil, est d\u00e9c\u00e9d\u00e9e le 26 octobre 1985 \u00e0 l&rsquo;\u00e2ge de 84 ans.<\/p>\n\n\n\n<p>La religieuse qui enseigna pendant le plus grand nombre d&rsquo;ann\u00e9es \u00e0 Saint-Thomas est Soeur Anne-Marie-of-Jesus. No\u00eblla Gautreau, son nom au civil, fut pr\u00e9sente d\u00e8s l&rsquo;ouverture de l&rsquo;\u00e9cole en 1952 jusqu&rsquo;en juin 1961. Elle s&rsquo;occupait de classes anglophones. L&rsquo;annonce de son d\u00e9part amena plusieurs protestations, aupr\u00e8s de la maison-m\u00e8re des soeurs de Sainte-Anne \u00e0 Lachine, de la part de parents, de commissaires et des enfants. Mais la direction de Lachine demeure inflexible. No\u00eblla Gautreau est toujours membre des soeurs de Sainte-Anne. Une journ\u00e9e par semaine, elle travaille b\u00e9n\u00e9volement pour l&rsquo;oeuvre du P\u00e8re Emmett Johns qui aide les jeunes dans la rue \u00e0 Montr\u00e9al.<\/p>\n\n\n\n<p><em>Texte et recherche de Richard Bradley<\/em><\/p>\n","protected":false},"excerpt":{"rendered":"<p>La construction L&rsquo;\u00e9cole Saint-Thomas fut construite en trois \u00e9tapes. 1952 L&rsquo;ouverture de l&rsquo;\u00e9cole centrale Saint-Thomas a eu lieu en septembre 1952. L&rsquo;institution comprend 8 classes, un auditorium, une r\u00e9sidence pour les religieuses et un r\u00e9fectoire. Les niveaux d&rsquo;enseignement au secteur francophone&nbsp;: premi\u00e8re \u00e0 neuvi\u00e8me ann\u00e9e et au secteur anglophone&nbsp;: premi\u00e8re \u00e0 sixi\u00e8me ann\u00e9e. Naturellement, on [&hellip;]<\/p>\n","protected":false},"author":4,"featured_media":0,"parent":0,"menu_order":0,"comment_status":"closed","ping_status":"closed","template":"","meta":{"_genesis_hide_title":false,"_genesis_hide_breadcrumbs":false,"_genesis_hide_singular_image":false,"_genesis_hide_footer_widgets":false,"_genesis_custom_body_class":"","_genesis_custom_post_class":"","_genesis_layout":"","footnotes":""},"class_list":{"0":"post-746","1":"page","2":"type-page","3":"status-publish","5":"entry"},"featured_image_src":null,"featured_image_src_square":null,"_links":{"self":[{"href":"https:\/\/csstl.gouv.qc.ca\/saint-thomas\/wp-json\/wp\/v2\/pages\/746","targetHints":{"allow":["GET"]}}],"collection":[{"href":"https:\/\/csstl.gouv.qc.ca\/saint-thomas\/wp-json\/wp\/v2\/pages"}],"about":[{"href":"https:\/\/csstl.gouv.qc.ca\/saint-thomas\/wp-json\/wp\/v2\/types\/page"}],"author":[{"embeddable":true,"href":"https:\/\/csstl.gouv.qc.ca\/saint-thomas\/wp-json\/wp\/v2\/users\/4"}],"replies":[{"embeddable":true,"href":"https:\/\/csstl.gouv.qc.ca\/saint-thomas\/wp-json\/wp\/v2\/comments?post=746"}],"version-history":[{"count":0,"href":"https:\/\/csstl.gouv.qc.ca\/saint-thomas\/wp-json\/wp\/v2\/pages\/746\/revisions"}],"wp:attachment":[{"href":"https:\/\/csstl.gouv.qc.ca\/saint-thomas\/wp-json\/wp\/v2\/media?parent=746"}],"curies":[{"name":"wp","href":"https:\/\/api.w.org\/{rel}","templated":true}]}}