{"id":746,"date":"2019-11-28T14:55:59","date_gmt":"2019-11-28T19:55:59","guid":{"rendered":"https:\/\/cs3lacs.wpengine.com\/saint-michel\/?page_id=746"},"modified":"2022-12-08T15:47:09","modified_gmt":"2022-12-08T20:47:09","slug":"portrait","status":"publish","type":"page","link":"https:\/\/csstl.gouv.qc.ca\/saint-michel\/portrait\/","title":{"rendered":"Portrait"},"content":{"rendered":"\n<p>Chers parents, chers visiteurs,<\/p>\n\n\n\n<p>Bienvenue sur le site de l\u2019\u00e9cole St-Michel, \u00e9cole situ\u00e9e en plein c\u0153ur de la ville de Vaudreuil-Dorion.<\/p>\n\n\n\n<p>Notre belle \u00e9cole accueille pr\u00e8s de 350 \u00e9l\u00e8ves de la maternelle 4 ans \u00e0 la 2<sup>e<\/sup> ann\u00e9e du primaire. Vous comprendrez que le bas \u00e2ge de nos \u00e9l\u00e8ves nous permet de leur faire vivre leurs premi\u00e8res ann\u00e9es de scolarit\u00e9 avec une touche de magie, de cr\u00e9ativit\u00e9 et d\u2019imagination. C\u2019est pourquoi leur quotidien est rempli d\u2019activit\u00e9s \u00e9ducatives et ludiques tr\u00e8s vari\u00e9es.<\/p>\n\n\n\n<p>\u00c0 notre sens, l\u2019\u00e9cole est une micro-soci\u00e9t\u00e9 dans laquelle les \u00e9l\u00e8ves apprennent des notions acad\u00e9miques, mais ils d\u00e9veloppent aussi les comp\u00e9tences n\u00e9cessaires \u00e0 la vie en soci\u00e9t\u00e9. C\u2019est pourquoi, consid\u00e9rant la pluriethnicit\u00e9 de notre client\u00e8le, nous avons \u00e0 c\u0153ur d\u2019inculquer \u00e0 nos tout-petits des valeurs d\u2019ouverture sur le monde, d\u2019ouverture d\u2019esprit et d\u2019\u00e9quit\u00e9.<\/p>\n\n\n\n<p>De votre c\u00f4t\u00e9, en tant que parents, vous jouez un r\u00f4le clef dans la r\u00e9ussite et le d\u00e9veloppement de vos enfants en les encourageant, en participant \u00e0 certaines activit\u00e9s propos\u00e9es, en facilitant la communication \u00eatre l\u2019\u00e9cole et la famille et en collaborant avec les divers intervenants de notre dynamique \u00e9quipe.<\/p>\n\n\n\n<p>Bonne visite de notre site et au plaisir de vous accueillir dans le si beau milieu \u00e9ducatif qu\u2019est l\u2019\u00e9cole St-Michel.<\/p>\n\n\n\n<p>Sara Tremblay<\/p>\n\n\n\n<p>directrice<\/p>\n","protected":false},"excerpt":{"rendered":"<p>Chers parents, chers visiteurs, Bienvenue sur le site de l\u2019\u00e9cole St-Michel, \u00e9cole situ\u00e9e en plein c\u0153ur de la ville de Vaudreuil-Dorion. Notre belle \u00e9cole accueille pr\u00e8s de 350 \u00e9l\u00e8ves de la maternelle 4 ans \u00e0 la 2e ann\u00e9e du primaire. Vous comprendrez que le bas \u00e2ge de nos \u00e9l\u00e8ves nous permet de leur faire vivre [&hellip;]<\/p>\n","protected":false},"author":4,"featured_media":0,"parent":0,"menu_order":0,"comment_status":"closed","ping_status":"closed","template":"","meta":{"_genesis_hide_title":false,"_genesis_hide_breadcrumbs":false,"_genesis_hide_singular_image":false,"_genesis_hide_footer_widgets":false,"_genesis_custom_body_class":"","_genesis_custom_post_class":"","_genesis_layout":"","footnotes":""},"class_list":{"0":"post-746","1":"page","2":"type-page","3":"status-publish","5":"entry"},"featured_image_src":null,"featured_image_src_square":null,"_links":{"self":[{"href":"https:\/\/csstl.gouv.qc.ca\/saint-michel\/wp-json\/wp\/v2\/pages\/746","targetHints":{"allow":["GET"]}}],"collection":[{"href":"https:\/\/csstl.gouv.qc.ca\/saint-michel\/wp-json\/wp\/v2\/pages"}],"about":[{"href":"https:\/\/csstl.gouv.qc.ca\/saint-michel\/wp-json\/wp\/v2\/types\/page"}],"author":[{"embeddable":true,"href":"https:\/\/csstl.gouv.qc.ca\/saint-michel\/wp-json\/wp\/v2\/users\/4"}],"replies":[{"embeddable":true,"href":"https:\/\/csstl.gouv.qc.ca\/saint-michel\/wp-json\/wp\/v2\/comments?post=746"}],"version-history":[{"count":0,"href":"https:\/\/csstl.gouv.qc.ca\/saint-michel\/wp-json\/wp\/v2\/pages\/746\/revisions"}],"wp:attachment":[{"href":"https:\/\/csstl.gouv.qc.ca\/saint-michel\/wp-json\/wp\/v2\/media?parent=746"}],"curies":[{"name":"wp","href":"https:\/\/api.w.org\/{rel}","templated":true}]}}