{"id":150,"date":"2022-11-16T08:25:40","date_gmt":"2022-11-16T13:25:40","guid":{"rendered":"https:\/\/cs3lacs.wpengine.com\/pgl\/?post_type=tribe_events&#038;p=150"},"modified":"2025-04-17T14:05:47","modified_gmt":"2025-04-17T19:05:47","slug":"journee-portes-ouvertes","status":"publish","type":"tribe_events","link":"https:\/\/csstl.gouv.qc.ca\/paul-gerin-lajoie\/evenement\/journee-portes-ouvertes\/","title":{"rendered":"Journ\u00e9e portes ouvertes"},"content":{"rendered":"<p>Profitez de cette occasion pour visiter les usines-\u00e9coles en traitement des eaux, en \u00e9lectrom\u00e9canique de syst\u00e8mes automatis\u00e9s et en techniques d&rsquo;usinage et de matri\u00e7age.<\/p>\n<p>Jetez un \u0153il sur le garage-\u00e9cole au c\u0153ur duquel sont d\u00e9voil\u00e9s les secrets de la m\u00e9canique de v\u00e9hicules lourds routiers, d&rsquo;engins de chantier et la m\u00e9canique sp\u00e9cialis\u00e9e d&rsquo;\u00e9quipement lourd. Prenez le temps de v\u00e9rifier l&rsquo;efficacit\u00e9 des laboratoires en secr\u00e9tariat et en comptabilit\u00e9.<\/p>\n<p>Ce tour d&rsquo;horizon vous permettra de mieux comprendre les besoins actuels du march\u00e9 du travail et de r\u00e9aliser avec quelle pr\u00e9cision les diff\u00e9rents programmes de formation professionnelle de PGL y r\u00e9pondent.<\/p>\n","protected":false},"excerpt":{"rendered":"<p>Profitez de cette occasion pour visiter les usines-\u00e9coles en traitement des eaux, en \u00e9lectrom\u00e9canique de syst\u00e8mes automatis\u00e9s et en techniques d&rsquo;usinage et de matri\u00e7age. Jetez un \u0153il sur le garage-\u00e9cole [&hellip;]<\/p>\n","protected":false},"author":2,"featured_media":0,"template":"","meta":{"_genesis_hide_title":false,"_genesis_hide_breadcrumbs":false,"_genesis_hide_singular_image":false,"_genesis_hide_footer_widgets":false,"_genesis_custom_body_class":"","_genesis_custom_post_class":"","_genesis_layout":"","_tribe_events_status":"","_tribe_events_status_reason":"","footnotes":""},"tags":[],"tribe_events_cat":[],"class_list":["post-150","tribe_events","type-tribe_events","status-publish","entry"],"_links":{"self":[{"href":"https:\/\/csstl.gouv.qc.ca\/paul-gerin-lajoie\/wp-json\/wp\/v2\/tribe_events\/150","targetHints":{"allow":["GET"]}}],"collection":[{"href":"https:\/\/csstl.gouv.qc.ca\/paul-gerin-lajoie\/wp-json\/wp\/v2\/tribe_events"}],"about":[{"href":"https:\/\/csstl.gouv.qc.ca\/paul-gerin-lajoie\/wp-json\/wp\/v2\/types\/tribe_events"}],"author":[{"embeddable":true,"href":"https:\/\/csstl.gouv.qc.ca\/paul-gerin-lajoie\/wp-json\/wp\/v2\/users\/2"}],"version-history":[{"count":0,"href":"https:\/\/csstl.gouv.qc.ca\/paul-gerin-lajoie\/wp-json\/wp\/v2\/tribe_events\/150\/revisions"}],"wp:attachment":[{"href":"https:\/\/csstl.gouv.qc.ca\/paul-gerin-lajoie\/wp-json\/wp\/v2\/media?parent=150"}],"wp:term":[{"taxonomy":"post_tag","embeddable":true,"href":"https:\/\/csstl.gouv.qc.ca\/paul-gerin-lajoie\/wp-json\/wp\/v2\/tags?post=150"},{"taxonomy":"tribe_events_cat","embeddable":true,"href":"https:\/\/csstl.gouv.qc.ca\/paul-gerin-lajoie\/wp-json\/wp\/v2\/tribe_events_cat?post=150"}],"curies":[{"name":"wp","href":"https:\/\/api.w.org\/{rel}","templated":true}]}}

Journée portes ouvertes

<p>Profitez de cette occasion pour visiter les usines-écoles en traitement des eaux, en électromécanique de systèmes automatisés et en techniques d&rsquo;usinage et de matriçage.</p>
<p>Jetez un œil sur le garage-école au cœur duquel sont dévoilés les secrets de la mécanique de véhicules lourds routiers, d&rsquo;engins de chantier et la mécanique spécialisée d&rsquo;équipement lourd. Prenez le temps de vérifier l&rsquo;efficacité des laboratoires en secrétariat et en comptabilité.</p>
<p>Ce tour d&rsquo;horizon vous permettra de mieux comprendre les besoins actuels du marché du travail et de réaliser avec quelle précision les différents programmes de formation professionnelle de PGL y répondent.</p>

<p>Profitez de cette occasion pour visiter les usines-écoles en traitement des eaux, en électromécanique de systèmes automatisés et en techniques d&rsquo;usinage et de matriçage. Jetez un œil sur le garage-école [&hellip;]</p>
