{"id":17,"date":"2022-09-08T12:56:50","date_gmt":"2022-09-08T12:56:50","guid":{"rendered":"https:\/\/cs3lacs.wpengine.com\/pgl\/?page_id=17"},"modified":"2023-11-15T11:44:29","modified_gmt":"2023-11-15T16:44:29","slug":"formation-en-traitement-de-leau","status":"publish","type":"page","link":"https:\/\/csstl.gouv.qc.ca\/paul-gerin-lajoie\/formation-en-traitement-de-leau\/","title":{"rendered":"Conduite de proc\u00e9d\u00e9s de traitement de l&rsquo;eau"},"content":{"rendered":"\n<h2 class=\"wp-block-heading\">Programme national, centre national!<\/h2>\n\n\n\n<p>Le centre de formation professionnelle Paul-G\u00e9rin-Lajoie est le seul au Qu\u00e9bec \u00e0 offrir le programme de conduite de proc\u00e9d\u00e9s de traitement de l&rsquo;eau. Il poss\u00e8de une installation unique en son genre au Canada, voire en Am\u00e9rique du Nord. C\u2019est la seule usine-\u00e9cole en activit\u00e9 au Canada!<\/p>\n\n\n\n<h3 class=\"wp-block-heading\">DEP&nbsp;: Conduite de proc\u00e9d\u00e9s de traitement de l\u2019eau<\/h3>\n\n\n\n<h2 class=\"wp-block-heading\">D\u00e9couvre la formation!<\/h2>\n\n\n\n<figure class=\"wp-block-image size-full is-resized\"><a href=\"https:\/\/www.youtube.com\/watch?v=REEhFvqm86E\" target=\"_blank\" rel=\"noreferrer noopener\"><img loading=\"lazy\" decoding=\"async\" width=\"985\" height=\"569\" src=\"https:\/\/media.csstl.gouv.qc.ca\/wp-content\/uploads\/sites\/21\/2023\/11\/15111002\/TDE.png\" alt=\"\" class=\"wp-image-333\" style=\"aspect-ratio:1.7311072056239016;width:597px;height:auto\" srcset=\"https:\/\/media.csstl.gouv.qc.ca\/wp-content\/uploads\/sites\/21\/2023\/11\/15111002\/TDE.png 985w, https:\/\/media.csstl.gouv.qc.ca\/wp-content\/uploads\/sites\/21\/2023\/11\/15111002\/TDE-300x173.png 300w, https:\/\/media.csstl.gouv.qc.ca\/wp-content\/uploads\/sites\/21\/2023\/11\/15111002\/TDE-768x444.png 768w\" sizes=\"auto, (max-width: 985px) 100vw, 985px\" \/><\/a><\/figure>\n\n\n\n<h3 class=\"wp-block-heading\">L\u2019eau : une pr\u00e9cieuse ressource naturelle<\/h3>\n\n\n\n<p>Au d\u00e9but des ann\u00e9es 60 est apparue la n\u00e9cessit\u00e9 de former des op\u00e9rateurs en traitement des eaux, en raison de la multiplication des installations et de la complexit\u00e9 des op\u00e9rations. Le m\u00e9tier a connu une \u00e9volution rapide gr\u00e2ce \u00e0 l\u2019int\u00e9gration de l\u2019\u00e9lectronique et de l\u2019informatique, tant dans les proc\u00e9d\u00e9s que dans l\u2019instrumentation.<\/p>\n\n\n\n<p>Le traitement de l\u2019eau au Qu\u00e9bec est r\u00e9alis\u00e9 par des municipalit\u00e9s et des entreprises.<\/p>\n\n\n\n<p>Les activit\u00e9s relatives au traitement de l\u2019eau dans les municipalit\u00e9s se rattachent \u00e0 la purification de l\u2019eau d\u2019alimentation provenant de sources souterraines ou de surface et \u00e0 l\u2019\u00e9puration des eaux us\u00e9es provenant des r\u00e9seaux d\u2019\u00e9gouts.<\/p>\n\n\n\n<p>Les municipalit\u00e9s emploient des pr\u00e9pos\u00e9s qui assurent le bon fonctionnement des \u00e9quipements. Ces personnes peuvent travailler seules, dans les petites municipalit\u00e9s ou en \u00e9quipe dans les agglom\u00e9rations plus populeuses.<\/p>\n\n\n\n<p>\u00c9tudier dans la seule usine-\u00e9cole en traitement des eaux en activit\u00e9 au Canada.<\/p>\n\n\n\n<p>Nos installations permettent de conjuguer th\u00e9orie et pratique dans un milieu ultramoderne et stimulant qui fait l&rsquo;envie des autres provinces et des autres pays. Elles comprennent, entre autres, une cinquantaine de proc\u00e9d\u00e9s pilotes et des appareils repr\u00e9sentatifs du milieu, tant en traitement de l&rsquo;eau potable qu&rsquo;en \u00e9puration des eaux us\u00e9es des secteurs r\u00e9sidentiels et industriels.<\/p>\n\n\n\n<h3 class=\"wp-block-heading\">Tout un m\u00e9tier!<\/h3>\n\n\n\n<p>Au cours de votre formation, vous apprendrez les diff\u00e9rents proc\u00e9d\u00e9s relatifs \u00e0 l&rsquo;eau potable tels que le pompage, le microtamisage, la coagulation, la s\u00e9dimentation, la filtration, l\u2019adoucissement, la correction du pH, la d\u00e9sinfection, la distribution, etc. Vous d\u00e9couvrirez aussi en quoi consistent le pr\u00e9traitement, la d\u00e9cantation primaire, les traitements biologiques, les traitements physico-chimiques, la d\u00e9sinfection par ultraviolet, le traitement des boues, la pr\u00e9cipitation des m\u00e9taux lourds, etc.<\/p>\n\n\n\n<p>Vous apprendrez \u00e0 ma\u00eetriser tous ces proc\u00e9d\u00e9s et \u00e0 intervenir sur les \u00e9quipements. Vous devrez identifier les causes des probl\u00e8mes, interpr\u00e9ter les r\u00e9sultats d&rsquo;analyses de laboratoire, proposer des solutions et les appliquer.<\/p>\n\n\n\n<p><a href=\"http:\/\/player.vimeo.com\/video\/136643466\">Apprenez-en encore un peu plus sur la formation!<\/a><\/p>\n\n\n\n<h3 class=\"wp-block-heading\">Du personnel qualifi\u00e9<\/h3>\n\n\n\n<p>Les principales t\u00e2ches des op\u00e9rateurs d&rsquo;installations d&rsquo;assainissement de l&rsquo;eau sont l&rsquo;analyse de laboratoire et l&rsquo;interpr\u00e9tation des donn\u00e9es, l&rsquo;\u00e9valuation du rendement et l&rsquo;ajustement du proc\u00e9d\u00e9 de traitement, l&rsquo;entretien et la r\u00e9paration de l&rsquo;\u00e9quipement. Le travail s&rsquo;effectue en usine ou en laboratoire, pour les municipalit\u00e9s ou les industries.<\/p>\n\n\n\n<p>Le programme de conduite de proc\u00e9d\u00e9s de traitement de l&rsquo;eau offre des d\u00e9bouch\u00e9s fort int\u00e9ressants dans les secteurs de l&rsquo;op\u00e9ration de proc\u00e9d\u00e9s de traitement de l&rsquo;eau potable, des eaux us\u00e9es ou industrielles. Les nouvelles r\u00e9glementations gouvernementales en mati\u00e8re de gestion des eaux ont contribu\u00e9 \u00e0 accro\u00eetre la demande de personnel qualifi\u00e9 dans cette industrie.<\/p>\n\n\n\n<h3 class=\"wp-block-heading\">Une formation pour qui?<\/h3>\n\n\n\n<p>Les personnes qui r\u00e9ussissent bien en traitement de l\u2019eau sont soucieuses de l\u2019environnement. Elles aiment les sciences, la chimie et la r\u00e9solution de situations probl\u00e9matiques. Elles aiment travailler physiquement et manuellement ainsi que manipuler des instruments.<\/p>\n\n\n\n<h3 class=\"wp-block-heading\">Taux de placement<\/h3>\n\n\n\n<p>Le taux de placement du programme de Conduite de proc\u00e9d\u00e9s de traitement de l\u2019eau fr\u00f4le le 100 %.<\/p>\n\n\n\n<h3 class=\"wp-block-heading\">Et le salaire\u2026?<\/h3>\n\n\n\n<p>Le salaire annuel moyen se situe \u00e0 tout pr\u00e8s de 66 500 $.\u00a0<\/p>\n\n\n\n<h3 class=\"wp-block-heading\">Horaire de formation<\/h3>\n\n\n\n<p>Vous pouvez commencer la formation en septembre ou en janvier. L\u2019horaire des cohortes de jour est de <br>8 h 30 \u00e0 16 h 30 et l&rsquo;horaires des cohortes de soir est de 12 h 15 \u00e0 20 h 15. Les horaires de jour ou de soir sont offerts autant en ao\u00fbt qu&rsquo;en janvier. <\/p>\n\n\n\n<p>Le programme de conduite de proc\u00e9d\u00e9s de traitement de l\u2019eau est le seul DEP en traitement de l\u2019eau au Qu\u00e9bec.&nbsp;<a rel=\"noreferrer noopener\" href=\"https:\/\/www.youtube.com\/watch?v=l4XhqBxqkvE\" target=\"_blank\">Cliquez ici pour une visite 360 du d\u00e9partement!<\/a><\/p>\n\n\n\n<h3 class=\"wp-block-heading\">Revues de presse<\/h3>\n\n\n\n<ul class=\"wp-block-list\">\n<li><a href=\"http:\/\/vimeo.com\/67427257\" target=\"_blank\" rel=\"noreferrer noopener\">Visite de l\u2019\u00e9cole-usine (Radio-Canada)<\/a><\/li>\n\n\n\n<li><a href=\"http:\/\/vimeo.com\/67427826\" target=\"_blank\" rel=\"noreferrer noopener\">Jonathan, celui qui a trouv\u00e9 sa voie (Radio-Canada)<\/a><\/li>\n\n\n\n<li><a href=\"http:\/\/vimeo.com\/67427751\" target=\"_blank\" rel=\"noreferrer noopener\">Jean-Yves, le comptable reconverti (Radio-Canada)<\/a><\/li>\n\n\n\n<li><a href=\"http:\/\/vimeo.com\/67427555\" target=\"_blank\" rel=\"noreferrer noopener\">Paola, la maman qui lave l&rsquo;eau (Radio-Canada)<\/a><\/li>\n\n\n\n<li><a href=\"https:\/\/media.csstl.gouv.qc.ca\/wp-content\/uploads\/sites\/21\/2023\/02\/23145625\/Vecteur-mai-2007.pdf\" data-type=\"attachment\" data-id=\"212\" target=\"_blank\" rel=\"noreferrer noopener\">Vecteur Environnement mai 2007<\/a><\/li>\n\n\n\n<li><a href=\"https:\/\/media.csstl.gouv.qc.ca\/wp-content\/uploads\/sites\/21\/2023\/02\/23145622\/OupsEau.pdf\" data-type=\"attachment\" data-id=\"211\" target=\"_blank\" rel=\"noreferrer noopener\">La Presse &#8211; Section Oups &#8211; \u00c9tudier en eau<\/a><\/li>\n\n\n\n<li><a rel=\"noreferrer noopener\" href=\"http:\/\/www.myvirtualpaper.com\/doc\/les-versants-du-mont-bruno\/meavril13\/2013040401\/#0\" target=\"_blank\">Magazine Mode d&#8217;emploi &#8211; avril 2013<\/a><\/li>\n<\/ul>\n\n\n\n<h3 class=\"wp-block-heading\">Liens utiles<\/h3>\n\n\n\n<ul class=\"wp-block-list\">\n<li><a href=\"http:\/\/www.mddefp.gouv.qc.ca\/index.asp\" target=\"_blank\" rel=\"noreferrer noopener\">Minist\u00e8re du D\u00e9veloppement Durable, de l&rsquo;Environnement, de la Faune et des Parcs<\/a><\/li>\n\n\n\n<li><a href=\"https:\/\/www.cobaver-vs.org\/fr\/\" target=\"_blank\" rel=\"noreferrer noopener\">Conseil du bassin versant de la r\u00e9gion de Vaudreuil\u2013Soulanges<\/a><\/li>\n\n\n\n<li><a rel=\"noreferrer noopener\" href=\"http:\/\/www.mapaq.gouv.qc.ca\/fr\/Pages\/Accueil.aspx\" target=\"_blank\">Minist\u00e8re de l\u2019Agriculture, des P\u00eacheries et de l\u2019Alimentation<\/a><\/li>\n\n\n\n<li><a href=\"https:\/\/media.csstl.gouv.qc.ca\/wp-content\/uploads\/sites\/21\/2023\/02\/23093731\/Etude2017.pdf\" data-type=\"attachment\" data-id=\"182\" target=\"_blank\" rel=\"noreferrer noopener\">\u00c9tude du personnel enseignant sur le projet d&rsquo;ol\u00e9oduc \u00c9nergie-Est &#8211; Pr\u00e9sentation \u00e0 l&rsquo;exposition Americana \/ 22 mars 2017<\/a><\/li>\n<\/ul>\n","protected":false},"excerpt":{"rendered":"<p>Programme national, centre national! Le centre de formation professionnelle Paul-G\u00e9rin-Lajoie est le seul au Qu\u00e9bec \u00e0 offrir le programme de conduite de proc\u00e9d\u00e9s de traitement de l&rsquo;eau. Il poss\u00e8de une [&hellip;]<\/p>\n","protected":false},"author":2,"featured_media":0,"parent":0,"menu_order":0,"comment_status":"closed","ping_status":"closed","template":"","meta":{"_genesis_hide_title":false,"_genesis_hide_breadcrumbs":false,"_genesis_hide_singular_image":false,"_genesis_hide_footer_widgets":false,"_genesis_custom_body_class":"","_genesis_custom_post_class":"","_genesis_layout":"","footnotes":""},"class_list":["post-17","page","type-page","status-publish","entry"],"featured_image_src":null,"featured_image_src_square":null,"_links":{"self":[{"href":"https:\/\/csstl.gouv.qc.ca\/paul-gerin-lajoie\/wp-json\/wp\/v2\/pages\/17","targetHints":{"allow":["GET"]}}],"collection":[{"href":"https:\/\/csstl.gouv.qc.ca\/paul-gerin-lajoie\/wp-json\/wp\/v2\/pages"}],"about":[{"href":"https:\/\/csstl.gouv.qc.ca\/paul-gerin-lajoie\/wp-json\/wp\/v2\/types\/page"}],"author":[{"embeddable":true,"href":"https:\/\/csstl.gouv.qc.ca\/paul-gerin-lajoie\/wp-json\/wp\/v2\/users\/2"}],"replies":[{"embeddable":true,"href":"https:\/\/csstl.gouv.qc.ca\/paul-gerin-lajoie\/wp-json\/wp\/v2\/comments?post=17"}],"version-history":[{"count":0,"href":"https:\/\/csstl.gouv.qc.ca\/paul-gerin-lajoie\/wp-json\/wp\/v2\/pages\/17\/revisions"}],"wp:attachment":[{"href":"https:\/\/csstl.gouv.qc.ca\/paul-gerin-lajoie\/wp-json\/wp\/v2\/media?parent=17"}],"curies":[{"name":"wp","href":"https:\/\/api.w.org\/{rel}","templated":true}]}}