{"id":15,"date":"2022-09-08T12:55:07","date_gmt":"2022-09-08T12:55:07","guid":{"rendered":"https:\/\/cs3lacs.wpengine.com\/pgl\/?page_id=15"},"modified":"2026-03-31T20:09:19","modified_gmt":"2026-04-01T01:09:19","slug":"conseil-detablissement","status":"publish","type":"page","link":"https:\/\/csstl.gouv.qc.ca\/paul-gerin-lajoie\/conseil-detablissement\/","title":{"rendered":"Conseil d&rsquo;\u00e9tablissement"},"content":{"rendered":"\n<p>Au Qu\u00e9bec, chaque centre de formation professionnelle doit instituer chaque ann\u00e9e un conseil d&rsquo;\u00e9tablissement compos\u00e9 de membres repr\u00e9sentant l&rsquo;ensemble des acteurs scolaires (membres de la communaut\u00e9, parents, personnel scolaire, \u00e9l\u00e8ves, etc.).<\/p>\n\n\n\n<p>Le conseil d&rsquo;\u00e9tablissement d\u00e9tient des fonctions et pouvoirs importants permettant aux \u00e9tablissements d&rsquo;enseignement d&rsquo;avoir les leviers n\u00e9cessaires pour r\u00e9pondre aux besoins de tous les \u00e9l\u00e8ves. Il est donc une instance de gouvernance scolaire au palier local o\u00f9 les membres, avec la direction d&rsquo;\u00e9tablissement, ont la possibilit\u00e9 d&rsquo;\u00e9changer, d&rsquo;orienter et de prendre des d\u00e9cisions dans le meilleur int\u00e9r\u00eat de l&rsquo;ensemble des \u00e9l\u00e8ves de l&rsquo;\u00e9tablissement, et ce, en vue d&rsquo;assurer leur r\u00e9ussite \u00e9ducative.<\/p>\n\n\n\n<h2 class=\"wp-block-heading\">Liste des membres<\/h2>\n\n\n\n<ul class=\"wp-block-list\">\n<li>Pierre Berniqu\u00e9 &#8211; Repr\u00e9sentant des entreprises et pr\u00e9sident<\/li>\n\n\n\n<li>Marie-France Caron- Repr\u00e9sentante du personnel professionnel<\/li>\n\n\n\n<li>Marina Cuerrier &#8211; Repr\u00e9sentante des \u00e9l\u00e8ves<\/li>\n\n\n\n<li>Nancy-Ann Dorais &#8211; Repr\u00e9sentante du personnel de soutien<\/li>\n\n\n\n<li>St\u00e9phan Gu\u00e9nette &#8211; Repr\u00e9sentant du personnel enseignant<\/li>\n\n\n\n<li>Bruno Lalonde &#8211; Repr\u00e9sentant du personnel enseignant<\/li>\n\n\n\n<li>Anick Leboeuf &#8211; Repr\u00e9sentante des \u00e9l\u00e8ves<\/li>\n\n\n\n<li>MaryAnne Martel &#8211; Repr\u00e9sentante sociocommunautaire<\/li>\n\n\n\n<li>Martin Thauvette &#8211; Repr\u00e9sentant des entreprises et vice-pr\u00e9sident<\/li>\n<\/ul>\n\n\n\n<h2 class=\"wp-block-heading\">Dates des rencontres et lieu<\/h2>\n\n\n\n<ul class=\"wp-block-list\">\n<li>Les rencontres ont lieu \u00e0 17 h 30 dans la salle de conf\u00e9rences du centre.<\/li>\n<\/ul>\n\n\n\n<p>Pour l&rsquo;ann\u00e9e scolaire 2025-2026, voici les dates des rencontres :<\/p>\n\n\n\n<ul class=\"wp-block-list\">\n<li>17 septembre 2025<\/li>\n\n\n\n<li>19 novembre 2025<\/li>\n\n\n\n<li>21 janvier 2026<\/li>\n\n\n\n<li>25 mars 2026<\/li>\n\n\n\n<li>3 juin 2026<\/li>\n<\/ul>\n\n\n\n<p><a href=\"https:\/\/media.csstl.gouv.qc.ca\/wp-content\/uploads\/sites\/21\/2025\/12\/10110344\/Rapport_annuel_PGL_2024_2025.pdf\" data-type=\"attachment\" data-id=\"291\" target=\"_blank\" rel=\"noreferrer noopener\">Rapport annuel du Centre de formation professionnelle Paul-G\u00e9rin-Lajoie 2024-2025<\/a><\/p>\n\n\n\n<p><a href=\"https:\/\/media.csstl.gouv.qc.ca\/wp-content\/uploads\/sites\/21\/2025\/12\/10110618\/Plan_Action_PGL.pdf\" data-type=\"attachment\" data-id=\"198\" target=\"_blank\" rel=\"noreferrer noopener\">Plan d&rsquo;action 2024-2025 du Centre de formation professionnelle Paul-G\u00e9rin-Lajoie<\/a><\/p>\n\n\n\n<h2 class=\"wp-block-heading\">Proc\u00e8s-verbaux 2025-2026<\/h2>\n\n\n\n<ul class=\"wp-block-list\">\n<li>Septembre 2025<\/li>\n\n\n\n<li>Novembre 2025<\/li>\n\n\n\n<li>Janvier 2026<\/li>\n\n\n\n<li>Mars 2026<\/li>\n\n\n\n<li>Juin 2026<\/li>\n<\/ul>\n\n\n\n<h2 class=\"wp-block-heading\">Proc\u00e8s-verbaux 2024-2025<\/h2>\n\n\n\n<ul class=\"wp-block-list\">\n<li>Septembre 2024<\/li>\n\n\n\n<li>Novembre 2024<\/li>\n\n\n\n<li>Janvier 2025<\/li>\n\n\n\n<li>Mars 2025<\/li>\n\n\n\n<li>Juin 2025<\/li>\n<\/ul>\n\n\n\n<h2 class=\"wp-block-heading\">Proc\u00e8s-verbaux 2023-2024<\/h2>\n\n\n\n<ul class=\"wp-block-list\">\n<li>Septembre 2023<\/li>\n\n\n\n<li>Novembre 2023<\/li>\n\n\n\n<li>Janvier 2024<\/li>\n\n\n\n<li>Mars 2024<\/li>\n\n\n\n<li>Juin 2024<\/li>\n<\/ul>\n\n\n\n<h2 class=\"wp-block-heading\">Proc\u00e8s-verbaux 2022-2023<\/h2>\n\n\n\n<ul class=\"wp-block-list\">\n<li><a href=\"https:\/\/media.csstl.gouv.qc.ca\/wp-content\/uploads\/sites\/21\/2023\/03\/23124415\/PV_CE_PGL_2022_09_21.pdf\" data-type=\"attachment\" data-id=\"239\" target=\"_blank\" rel=\"noreferrer noopener\">Septembre 2022<\/a><\/li>\n\n\n\n<li><a href=\"https:\/\/media.csstl.gouv.qc.ca\/wp-content\/uploads\/sites\/21\/2023\/03\/23124433\/PV_CE_PGL_2022_11_30.pdf\" data-type=\"attachment\" data-id=\"240\" target=\"_blank\" rel=\"noreferrer noopener\">Novembre 2022<\/a><\/li>\n\n\n\n<li><a href=\"https:\/\/media.csstl.gouv.qc.ca\/wp-content\/uploads\/sites\/21\/2023\/09\/06124852\/PV_CE_PGL_2023_02_08.pdf\" data-type=\"attachment\" data-id=\"292\" target=\"_blank\" rel=\"noreferrer noopener\">F\u00e9vrier 2023<\/a><\/li>\n\n\n\n<li>Avril 2023<\/li>\n\n\n\n<li><a href=\"https:\/\/media.csstl.gouv.qc.ca\/wp-content\/uploads\/sites\/21\/2026\/03\/31200829\/PV_CE_PGL_2023_06_07.pdf\">Juin 2023<\/a><\/li>\n<\/ul>\n\n\n\n<h2 class=\"wp-block-heading\">Proc\u00e8s-verbaux 2021-2022<\/h2>\n\n\n\n<ul class=\"wp-block-list\">\n<li><a rel=\"noreferrer noopener\" href=\"https:\/\/media.csstl.gouv.qc.ca\/wp-content\/uploads\/sites\/21\/2023\/02\/23094849\/PV_CE_PGL_2021_09_22.pdf\" data-type=\"attachment\" data-id=\"191\" target=\"_blank\">Septembre 2021<\/a><\/li>\n\n\n\n<li><a rel=\"noreferrer noopener\" href=\"https:\/\/media.csstl.gouv.qc.ca\/wp-content\/uploads\/sites\/21\/2023\/02\/23094851\/PV_CE_PGL_2021_11_17.pdf\" data-type=\"attachment\" data-id=\"192\" target=\"_blank\">Novembre 2021<\/a><\/li>\n\n\n\n<li><a rel=\"noreferrer noopener\" href=\"https:\/\/media.csstl.gouv.qc.ca\/wp-content\/uploads\/sites\/21\/2023\/02\/23094853\/PV_CE_PGL_2022_02_09.pdf\" data-type=\"attachment\" data-id=\"193\" target=\"_blank\">F\u00e9vrier 2022<\/a><\/li>\n\n\n\n<li><a rel=\"noreferrer noopener\" href=\"https:\/\/media.csstl.gouv.qc.ca\/wp-content\/uploads\/sites\/21\/2023\/02\/23094855\/PV_CE_PGL_2022_04_06.pdf\" data-type=\"attachment\" data-id=\"194\" target=\"_blank\">Avril 2022<\/a><\/li>\n\n\n\n<li><a rel=\"noreferrer noopener\" href=\"https:\/\/media.csstl.gouv.qc.ca\/wp-content\/uploads\/sites\/21\/2023\/02\/23094858\/PVCEPGL220608.pdf\" data-type=\"attachment\" data-id=\"195\" target=\"_blank\">Juin 2022<\/a><\/li>\n<\/ul>\n","protected":false},"excerpt":{"rendered":"<p>Au Qu\u00e9bec, chaque centre de formation professionnelle doit instituer chaque ann\u00e9e un conseil d&rsquo;\u00e9tablissement compos\u00e9 de membres repr\u00e9sentant l&rsquo;ensemble des acteurs scolaires (membres de la communaut\u00e9, parents, personnel scolaire, \u00e9l\u00e8ves, [&hellip;]<\/p>\n","protected":false},"author":2,"featured_media":0,"parent":0,"menu_order":0,"comment_status":"closed","ping_status":"closed","template":"","meta":{"_genesis_hide_title":false,"_genesis_hide_breadcrumbs":false,"_genesis_hide_singular_image":false,"_genesis_hide_footer_widgets":false,"_genesis_custom_body_class":"","_genesis_custom_post_class":"","_genesis_layout":"","footnotes":""},"class_list":["post-15","page","type-page","status-publish","entry"],"featured_image_src":null,"featured_image_src_square":null,"_links":{"self":[{"href":"https:\/\/csstl.gouv.qc.ca\/paul-gerin-lajoie\/wp-json\/wp\/v2\/pages\/15","targetHints":{"allow":["GET"]}}],"collection":[{"href":"https:\/\/csstl.gouv.qc.ca\/paul-gerin-lajoie\/wp-json\/wp\/v2\/pages"}],"about":[{"href":"https:\/\/csstl.gouv.qc.ca\/paul-gerin-lajoie\/wp-json\/wp\/v2\/types\/page"}],"author":[{"embeddable":true,"href":"https:\/\/csstl.gouv.qc.ca\/paul-gerin-lajoie\/wp-json\/wp\/v2\/users\/2"}],"replies":[{"embeddable":true,"href":"https:\/\/csstl.gouv.qc.ca\/paul-gerin-lajoie\/wp-json\/wp\/v2\/comments?post=15"}],"version-history":[{"count":0,"href":"https:\/\/csstl.gouv.qc.ca\/paul-gerin-lajoie\/wp-json\/wp\/v2\/pages\/15\/revisions"}],"wp:attachment":[{"href":"https:\/\/csstl.gouv.qc.ca\/paul-gerin-lajoie\/wp-json\/wp\/v2\/media?parent=15"}],"curies":[{"name":"wp","href":"https:\/\/api.w.org\/{rel}","templated":true}]}}

Conseil d&rsquo;établissement

<p>Au Québec, chaque centre de formation professionnelle doit instituer chaque année un conseil d&rsquo;établissement composé de membres représentant l&rsquo;ensemble des acteurs scolaires (membres de la communauté, parents, personnel scolaire, élèves, etc.).</p>



<p>Le conseil d&rsquo;établissement détient des fonctions et pouvoirs importants permettant aux établissements d&rsquo;enseignement d&rsquo;avoir les leviers nécessaires pour répondre aux besoins de tous les élèves. Il est donc une instance de gouvernance scolaire au palier local où les membres, avec la direction d&rsquo;établissement, ont la possibilité d&rsquo;échanger, d&rsquo;orienter et de prendre des décisions dans le meilleur intérêt de l&rsquo;ensemble des élèves de l&rsquo;établissement, et ce, en vue d&rsquo;assurer leur réussite éducative.</p>



<h2 class="wp-block-heading">Liste des membres</h2>



<ul class="wp-block-list">
<li>Pierre Berniqué &#8211; Représentant des entreprises et président</li>



<li>Marie-France Caron- Représentante du personnel professionnel</li>



<li>Marina Cuerrier &#8211; Représentante des élèves</li>



<li>Nancy-Ann Dorais &#8211; Représentante du personnel de soutien</li>



<li>Stéphan Guénette &#8211; Représentant du personnel enseignant</li>



<li>Bruno Lalonde &#8211; Représentant du personnel enseignant</li>



<li>Anick Leboeuf &#8211; Représentante des élèves</li>



<li>MaryAnne Martel &#8211; Représentante sociocommunautaire</li>



<li>Martin Thauvette &#8211; Représentant des entreprises et vice-président</li>
</ul>



<h2 class="wp-block-heading">Dates des rencontres et lieu</h2>



<ul class="wp-block-list">
<li>Les rencontres ont lieu à 17 h 30 dans la salle de conférences du centre.</li>
</ul>



<p>Pour l&rsquo;année scolaire 2025-2026, voici les dates des rencontres :</p>



<ul class="wp-block-list">
<li>17 septembre 2025</li>



<li>19 novembre 2025</li>



<li>21 janvier 2026</li>



<li>25 mars 2026</li>



<li>3 juin 2026</li>
</ul>



<p><a href="https://media.csstl.gouv.qc.ca/wp-content/uploads/sites/21/2025/12/10110344/Rapport_annuel_PGL_2024_2025.pdf" data-type="attachment" data-id="291" target="_blank" rel="noreferrer noopener">Rapport annuel du Centre de formation professionnelle Paul-Gérin-Lajoie 2024-2025</a></p>



<p><a href="https://media.csstl.gouv.qc.ca/wp-content/uploads/sites/21/2025/12/10110618/Plan_Action_PGL.pdf" data-type="attachment" data-id="198" target="_blank" rel="noreferrer noopener">Plan d&rsquo;action 2024-2025 du Centre de formation professionnelle Paul-Gérin-Lajoie</a></p>



<h2 class="wp-block-heading">Procès-verbaux 2025-2026</h2>



<ul class="wp-block-list">
<li>Septembre 2025</li>



<li>Novembre 2025</li>



<li>Janvier 2026</li>



<li>Mars 2026</li>



<li>Juin 2026</li>
</ul>



<h2 class="wp-block-heading">Procès-verbaux 2024-2025</h2>



<ul class="wp-block-list">
<li>Septembre 2024</li>



<li>Novembre 2024</li>



<li>Janvier 2025</li>



<li>Mars 2025</li>



<li>Juin 2025</li>
</ul>



<h2 class="wp-block-heading">Procès-verbaux 2023-2024</h2>



<ul class="wp-block-list">
<li>Septembre 2023</li>



<li>Novembre 2023</li>



<li>Janvier 2024</li>



<li>Mars 2024</li>



<li>Juin 2024</li>
</ul>



<h2 class="wp-block-heading">Procès-verbaux 2022-2023</h2>



<ul class="wp-block-list">
<li><a href="https://media.csstl.gouv.qc.ca/wp-content/uploads/sites/21/2023/03/23124415/PV_CE_PGL_2022_09_21.pdf" data-type="attachment" data-id="239" target="_blank" rel="noreferrer noopener">Septembre 2022</a></li>



<li><a href="https://media.csstl.gouv.qc.ca/wp-content/uploads/sites/21/2023/03/23124433/PV_CE_PGL_2022_11_30.pdf" data-type="attachment" data-id="240" target="_blank" rel="noreferrer noopener">Novembre 2022</a></li>



<li><a href="https://media.csstl.gouv.qc.ca/wp-content/uploads/sites/21/2023/09/06124852/PV_CE_PGL_2023_02_08.pdf" data-type="attachment" data-id="292" target="_blank" rel="noreferrer noopener">Février 2023</a></li>



<li>Avril 2023</li>



<li><a href="https://media.csstl.gouv.qc.ca/wp-content/uploads/sites/21/2026/03/31200829/PV_CE_PGL_2023_06_07.pdf">Juin 2023</a></li>
</ul>



<h2 class="wp-block-heading">Procès-verbaux 2021-2022</h2>



<ul class="wp-block-list">
<li><a rel="noreferrer noopener" href="https://media.csstl.gouv.qc.ca/wp-content/uploads/sites/21/2023/02/23094849/PV_CE_PGL_2021_09_22.pdf" data-type="attachment" data-id="191" target="_blank">Septembre 2021</a></li>



<li><a rel="noreferrer noopener" href="https://media.csstl.gouv.qc.ca/wp-content/uploads/sites/21/2023/02/23094851/PV_CE_PGL_2021_11_17.pdf" data-type="attachment" data-id="192" target="_blank">Novembre 2021</a></li>



<li><a rel="noreferrer noopener" href="https://media.csstl.gouv.qc.ca/wp-content/uploads/sites/21/2023/02/23094853/PV_CE_PGL_2022_02_09.pdf" data-type="attachment" data-id="193" target="_blank">Février 2022</a></li>



<li><a rel="noreferrer noopener" href="https://media.csstl.gouv.qc.ca/wp-content/uploads/sites/21/2023/02/23094855/PV_CE_PGL_2022_04_06.pdf" data-type="attachment" data-id="194" target="_blank">Avril 2022</a></li>



<li><a rel="noreferrer noopener" href="https://media.csstl.gouv.qc.ca/wp-content/uploads/sites/21/2023/02/23094858/PVCEPGL220608.pdf" data-type="attachment" data-id="195" target="_blank">Juin 2022</a></li>
</ul>

<p>Au Québec, chaque centre de formation professionnelle doit instituer chaque année un conseil d&rsquo;établissement composé de membres représentant l&rsquo;ensemble des acteurs scolaires (membres de la communauté, parents, personnel scolaire, élèves, [&hellip;]</p>
