{"id":14,"date":"2022-09-08T12:54:45","date_gmt":"2022-09-08T12:54:45","guid":{"rendered":"https:\/\/cs3lacs.wpengine.com\/pgl\/?page_id=14"},"modified":"2026-02-05T14:55:27","modified_gmt":"2026-02-05T19:55:27","slug":"plan-lutte-intimidation","status":"publish","type":"page","link":"https:\/\/csstl.gouv.qc.ca\/paul-gerin-lajoie\/plan-lutte-intimidation\/","title":{"rendered":"Plan de lutte \u00e0 l&rsquo;intimidation"},"content":{"rendered":"\n<h2 class=\"wp-block-heading\">Pr\u00e9vention de l&rsquo;intimidation et de la violence \u00e0 PGL<\/h2>\n\n\n\n<p>Le projet de loi 40, adopt\u00e9 le 8 f\u00e9vrier 2020, assujettit les centres d\u2019\u00e9ducation des adultes et de formation professionnelle aux principaux articles de la Loi sur l\u2019instruction publique (LIP) concernant la lutte contre l\u2019intimidation et la violence.<\/p>\n\n\n\n<p>Pour r\u00e9pondre \u00e0 cette obligation l\u00e9gale, le centre de formation professionnelle Paul-G\u00e9rin-Lajoie s\u2019est dot\u00e9 d\u2019un plan de lutte contre l\u2019intimidation et la violence, misant sur :<\/p>\n\n\n\n<ul class=\"wp-block-list\">\n<li>un milieu d\u2019apprentissage sain et s\u00e9curitaire<\/li>\n\n\n\n<li>la promotion d\u2019un environnement de bienveillance et de soutien au comportement positif<\/li>\n\n\n\n<li>le renforcement des mesures de civisme au centre<\/li>\n\n\n\n<li>la sensibilisation aux comportements d\u2019intimidation et de violence<\/li>\n\n\n\n<li>la mise en place d\u2019un m\u00e9canisme de signalement anonyme et accessible \u00e0 tous.<\/li>\n<\/ul>\n\n\n\n<p>Afin d\u2019atteindre ces objectifs, le CFP s\u2019est dot\u00e9 d\u2019un&nbsp;<a href=\"https:\/\/media.csstl.gouv.qc.ca\/wp-content\/uploads\/sites\/21\/2023\/02\/23094449\/Protocole_lutte_contre_intimidation_et_violence_PGL.pdf\" data-type=\"attachment\" data-id=\"184\" target=\"_blank\" rel=\"noreferrer noopener\">protocole contre l\u2019intimidation et la violence<\/a>. Le but de ce protocole est d\u2019outiller le personnel de l\u2019\u00e9tablissement, les \u00e9l\u00e8ves, ainsi que les parents d\u2019\u00e9l\u00e8ves mineurs \u00e0 intervenir de fa\u00e7on concert\u00e9e lors d\u2019un \u00e9v\u00e9nement d\u2019intimidation et de violence.<\/p>\n\n\n\n<p><a href=\"https:\/\/can01.safelinks.protection.outlook.com\/?url=https%3A%2F%2Fforms.office.com%2Fr%2FWQiqsa5vKb&amp;data=05%7C02%7Cranda.zarzour%40csstl.gouv.qc.ca%7C22fcf57eef3b46f528b108de64ec9b48%7C41cb8ddbfc734894a931aa86e5ee1661%7C0%7C0%7C639059164557804780%7CUnknown%7CTWFpbGZsb3d8eyJFbXB0eU1hcGkiOnRydWUsIlYiOiIwLjAuMDAwMCIsIlAiOiJXaW4zMiIsIkFOIjoiTWFpbCIsIldUIjoyfQ%3D%3D%7C0%7C%7C%7C&amp;sdata=MF%2FWIWzs6llpjym7tASS%2FcrkpSZrOzHLeimYqSJ%2BYW8%3D&amp;reserved=0\">Formulaire de signalement d&rsquo;une situation d&rsquo;intimidation ou de violence \u2013 Remplir le formulaire<\/a><\/p>\n\n\n\n<p><\/p>\n","protected":false},"excerpt":{"rendered":"<p>Pr\u00e9vention de l&rsquo;intimidation et de la violence \u00e0 PGL Le projet de loi 40, adopt\u00e9 le 8 f\u00e9vrier 2020, assujettit les centres d\u2019\u00e9ducation des adultes et de formation professionnelle aux [&hellip;]<\/p>\n","protected":false},"author":2,"featured_media":0,"parent":0,"menu_order":0,"comment_status":"closed","ping_status":"closed","template":"","meta":{"_genesis_hide_title":false,"_genesis_hide_breadcrumbs":false,"_genesis_hide_singular_image":false,"_genesis_hide_footer_widgets":false,"_genesis_custom_body_class":"","_genesis_custom_post_class":"","_genesis_layout":"","footnotes":""},"class_list":["post-14","page","type-page","status-publish","entry"],"featured_image_src":null,"featured_image_src_square":null,"_links":{"self":[{"href":"https:\/\/csstl.gouv.qc.ca\/paul-gerin-lajoie\/wp-json\/wp\/v2\/pages\/14","targetHints":{"allow":["GET"]}}],"collection":[{"href":"https:\/\/csstl.gouv.qc.ca\/paul-gerin-lajoie\/wp-json\/wp\/v2\/pages"}],"about":[{"href":"https:\/\/csstl.gouv.qc.ca\/paul-gerin-lajoie\/wp-json\/wp\/v2\/types\/page"}],"author":[{"embeddable":true,"href":"https:\/\/csstl.gouv.qc.ca\/paul-gerin-lajoie\/wp-json\/wp\/v2\/users\/2"}],"replies":[{"embeddable":true,"href":"https:\/\/csstl.gouv.qc.ca\/paul-gerin-lajoie\/wp-json\/wp\/v2\/comments?post=14"}],"version-history":[{"count":0,"href":"https:\/\/csstl.gouv.qc.ca\/paul-gerin-lajoie\/wp-json\/wp\/v2\/pages\/14\/revisions"}],"wp:attachment":[{"href":"https:\/\/csstl.gouv.qc.ca\/paul-gerin-lajoie\/wp-json\/wp\/v2\/media?parent=14"}],"curies":[{"name":"wp","href":"https:\/\/api.w.org\/{rel}","templated":true}]}}