{"id":116,"date":"2022-10-25T13:03:15","date_gmt":"2022-10-25T13:03:15","guid":{"rendered":"https:\/\/cs3lacs.wpengine.com\/pgl\/?page_id=116"},"modified":"2025-06-20T08:13:41","modified_gmt":"2025-06-20T13:13:41","slug":"calendriers-scolaires","status":"publish","type":"page","link":"https:\/\/csstl.gouv.qc.ca\/paul-gerin-lajoie\/calendriers-scolaires\/","title":{"rendered":"Calendriers scolaires"},"content":{"rendered":"\n<p>Voici les calendriers scolaires des d\u00e9partements du centre Paul-G\u00e9rin-Lajoie pour la prochaine ann\u00e9e scolaire.<\/p>\n\n\n\n<p><a href=\"http:\/\/multicentre.cstrois-lacs.qc.ca\/images\/PGL\/2019-2020\/ACI_19_20.pdf\"><\/a><a href=\"https:\/\/media.csstl.gouv.qc.ca\/wp-content\/uploads\/sites\/21\/2025\/06\/20080730\/Calendrier_2025_2026_CFP_PGL.pdf\" data-type=\"attachment\" data-id=\"400\" target=\"_blank\" rel=\"noreferrer noopener\">D\u00e9partement d\u2019administration, commerce et informatique<\/a><\/p>\n\n\n\n<ul class=\"wp-block-list\">\n<li>Secr\u00e9tariat<\/li>\n\n\n\n<li>Comptabilit\u00e9<\/li>\n\n\n\n<li>Double diplomation en secr\u00e9tariat et en comptabilit\u00e9<\/li>\n<\/ul>\n\n\n\n<p><a href=\"http:\/\/multicentre.cstrois-lacs.qc.ca\/images\/PGL\/2019-2020\/EM_19_20.pdf\" target=\"_blank\" rel=\"noreferrer noopener\"><\/a><a href=\"https:\/\/media.csstl.gouv.qc.ca\/wp-content\/uploads\/sites\/21\/2025\/06\/20080730\/Calendrier_2025_2026_CFP_PGL.pdf\" data-type=\"attachment\" data-id=\"401\" target=\"_blank\" rel=\"noreferrer noopener\">D\u00e9partement d\u2019\u00e9quipement motoris\u00e9<\/a>&nbsp;<\/p>\n\n\n\n<ul class=\"wp-block-list\">\n<li>M\u00e9canique d\u2019engins de chantier<\/li>\n\n\n\n<li>M\u00e9canique de v\u00e9hicules lourds routiers<\/li>\n\n\n\n<li>M\u00e9canique sp\u00e9cialis\u00e9e d&rsquo;\u00e9quipement lourd<\/li>\n<\/ul>\n\n\n\n<p><a href=\"http:\/\/multicentre.cstrois-lacs.qc.ca\/images\/PGL\/2019-2020\/ESA_19_20.pdf\"><\/a><a href=\"https:\/\/media.csstl.gouv.qc.ca\/wp-content\/uploads\/sites\/21\/2025\/06\/20080730\/Calendrier_2025_2026_CFP_PGL.pdf\" data-type=\"attachment\" data-id=\"402\" target=\"_blank\" rel=\"noreferrer noopener\">D\u00e9partement d\u2019\u00e9lectrotechnique<\/a><\/p>\n\n\n\n<ul class=\"wp-block-list\">\n<li>\u00c9lectrom\u00e9canique de syst\u00e8mes automatis\u00e9s<\/li>\n<\/ul>\n\n\n\n<p><a href=\"http:\/\/multicentre.cstrois-lacs.qc.ca\/images\/PGL\/2019-2020\/TU_19_20.pdf\"><\/a><a href=\"https:\/\/media.csstl.gouv.qc.ca\/wp-content\/uploads\/sites\/21\/2025\/06\/20080730\/Calendrier_2025_2026_CFP_PGL.pdf\" data-type=\"attachment\" data-id=\"404\" target=\"_blank\" rel=\"noreferrer noopener\">D\u00e9partement de fabrication m\u00e9canique<\/a><\/p>\n\n\n\n<ul class=\"wp-block-list\">\n<li>Techniques d\u2019usinage<\/li>\n\n\n\n<li>Matri\u00e7age<\/li>\n\n\n\n<li>Usinage sur machines-outils \u00e0 commande num\u00e9rique<\/li>\n<\/ul>\n\n\n\n<p><a href=\"http:\/\/multicentre.cstrois-lacs.qc.ca\/images\/PGL\/2019-2020\/TDE_19_20.pdf\"><\/a><a href=\"https:\/\/media.csstl.gouv.qc.ca\/wp-content\/uploads\/sites\/21\/2025\/06\/20080730\/Calendrier_2025_2026_CFP_PGL.pdf\" data-type=\"attachment\" data-id=\"403\" target=\"_blank\" rel=\"noreferrer noopener\">Centre national de formation en traitement de l&rsquo;eau<\/a>&nbsp;<\/p>\n\n\n\n<ul class=\"wp-block-list\">\n<li>Conduite de proc\u00e9d\u00e9s de traitement de l\u2019eau<\/li>\n<\/ul>\n","protected":false},"excerpt":{"rendered":"<p>Voici les calendriers scolaires des d\u00e9partements du centre Paul-G\u00e9rin-Lajoie pour la prochaine ann\u00e9e scolaire. D\u00e9partement d\u2019administration, commerce et informatique D\u00e9partement d\u2019\u00e9quipement motoris\u00e9&nbsp; D\u00e9partement d\u2019\u00e9lectrotechnique D\u00e9partement de fabrication m\u00e9canique Centre national [&hellip;]<\/p>\n","protected":false},"author":2,"featured_media":0,"parent":0,"menu_order":0,"comment_status":"closed","ping_status":"closed","template":"","meta":{"_genesis_hide_title":false,"_genesis_hide_breadcrumbs":false,"_genesis_hide_singular_image":false,"_genesis_hide_footer_widgets":false,"_genesis_custom_body_class":"","_genesis_custom_post_class":"","_genesis_layout":"","footnotes":""},"class_list":["post-116","page","type-page","status-publish","entry"],"featured_image_src":null,"featured_image_src_square":null,"_links":{"self":[{"href":"https:\/\/csstl.gouv.qc.ca\/paul-gerin-lajoie\/wp-json\/wp\/v2\/pages\/116","targetHints":{"allow":["GET"]}}],"collection":[{"href":"https:\/\/csstl.gouv.qc.ca\/paul-gerin-lajoie\/wp-json\/wp\/v2\/pages"}],"about":[{"href":"https:\/\/csstl.gouv.qc.ca\/paul-gerin-lajoie\/wp-json\/wp\/v2\/types\/page"}],"author":[{"embeddable":true,"href":"https:\/\/csstl.gouv.qc.ca\/paul-gerin-lajoie\/wp-json\/wp\/v2\/users\/2"}],"replies":[{"embeddable":true,"href":"https:\/\/csstl.gouv.qc.ca\/paul-gerin-lajoie\/wp-json\/wp\/v2\/comments?post=116"}],"version-history":[{"count":0,"href":"https:\/\/csstl.gouv.qc.ca\/paul-gerin-lajoie\/wp-json\/wp\/v2\/pages\/116\/revisions"}],"wp:attachment":[{"href":"https:\/\/csstl.gouv.qc.ca\/paul-gerin-lajoie\/wp-json\/wp\/v2\/media?parent=116"}],"curies":[{"name":"wp","href":"https:\/\/api.w.org\/{rel}","templated":true}]}}