{"id":746,"date":"2019-11-28T14:55:59","date_gmt":"2019-11-28T19:55:59","guid":{"rendered":"https:\/\/cs3lacs.wpengine.com\/orioles\/?page_id=746"},"modified":"2026-09-03T06:55:00","modified_gmt":"2026-09-03T11:55:00","slug":"portrait","status":"publish","type":"page","link":"https:\/\/csstl.gouv.qc.ca\/orioles\/portrait\/","title":{"rendered":"Portrait"},"content":{"rendered":"\n<figure class=\"wp-block-image size-full\"><img loading=\"lazy\" decoding=\"async\" width=\"315\" height=\"236\" src=\"https:\/\/media.csstl.gouv.qc.ca\/wp-content\/uploads\/sites\/38\/2026\/08\/24120517\/LOGO-SURVIVOR-edited.png\" alt=\"\" class=\"wp-image-1605\" srcset=\"https:\/\/media.csstl.gouv.qc.ca\/wp-content\/uploads\/sites\/38\/2026\/08\/24120517\/LOGO-SURVIVOR-edited.png 315w, https:\/\/media.csstl.gouv.qc.ca\/wp-content\/uploads\/sites\/38\/2026\/08\/24120517\/LOGO-SURVIVOR-edited-300x225.png 300w\" sizes=\"auto, (max-width: 315px) 100vw, 315px\" \/><\/figure>\n\n\n\n<p class=\"wp-block-paragraph\">Bienvenue \u00e0 l\u2019\u00e9cole des Orioles,<\/p>\n\n\n\n<p class=\"wp-block-paragraph\">Cette ann\u00e9e, nous accueillons 486 \u00e9l\u00e8ves de la maternelle \u00e0 la 6e ann\u00e9e, incluant une classe maternelle 4 ans. Chaque jour, nous mettons tout en \u0153uvre pour offrir \u00e0 nos \u00e9l\u00e8ves un milieu de vie stimulant, s\u00e9curitaire et bienveillant, propice \u00e0 leur d\u00e9veloppement et \u00e0 leur r\u00e9ussite.<\/p>\n\n\n\n<p class=\"wp-block-paragraph\">Notre \u00e9quipe-\u00e9cole est compos\u00e9e d&rsquo;une directrice, d&rsquo;une directrice adjointe, de 2 secr\u00e9taires et de 2 concierges. \u00c0 cela s&rsquo;ajoutent 24 enseignantes, 3 orthop\u00e9dagogues, 5 enseignants sp\u00e9cialistes, 7 \u00e9ducatrices sp\u00e9cialis\u00e9es, 2 pr\u00e9pos\u00e9es aux personnes handicap\u00e9es ainsi que plusieurs professionnels engag\u00e9s en psycho\u00e9ducation, en orthophonie et en travail social. Ensemble, ils collaborent afin d&rsquo;accompagner chaque \u00e9l\u00e8ve dans son parcours scolaire et de favoriser son bien-\u00eatre au quotidien.<\/p>\n\n\n\n<p class=\"wp-block-paragraph\">L&rsquo;\u00e9cole offre \u00e9galement un service de garde fr\u00e9quent\u00e9 par plus de 200 enfants. Sous la responsabilit\u00e9 de la technicienne en service de garde et gr\u00e2ce au travail d\u00e9vou\u00e9 de l&rsquo;\u00e9quipe d&rsquo;\u00e9ducatrices en milieu scolaire, les \u00e9l\u00e8ves profitent d&rsquo;activit\u00e9s vari\u00e9es dans un environnement s\u00e9curitaire et accueillant. Nos surveillantes du d\u00eener contribuent aussi activement \u00e0 la qualit\u00e9 de vie et \u00e0 l&rsquo;encadrement des \u00e9l\u00e8ves.<\/p>\n\n\n\n<p class=\"wp-block-paragraph\">Au c\u0153ur de notre projet \u00e9ducatif se trouvent trois valeurs fondamentales :<\/p>\n\n\n\n<ul class=\"wp-block-list\">\n<li>Le respect<\/li>\n\n\n\n<li>La collaboration<\/li>\n\n\n\n<li>La pers\u00e9v\u00e9rance<\/li>\n<\/ul>\n\n\n\n<p class=\"wp-block-paragraph\">Nous vous invitons \u00e0 consulter r\u00e9guli\u00e8rement notre site Web, qui est mis \u00e0 jour tout au long de l&rsquo;ann\u00e9e, ainsi que l\u2019info-parents envoy\u00e9e chaque mois. Vous y trouverez les informations importantes concernant la vie scolaire et les communications \u00e9cole-famille.<\/p>\n\n\n\n<p class=\"wp-block-paragraph\">N\u2019h\u00e9sitez pas \u00e0 communiquer avec nous \u00e0 l\u2019<a href=\"https:\/\/csstl.gouv.qc.ca\/orioles\/nous-joindre\/\" target=\"_blank\" rel=\"noreferrer noopener\"><strong>aide du formulaire sur la page Nous joindre<\/strong><\/a>.<\/p>\n\n\n\n<p class=\"wp-block-paragraph\">Cette ann\u00e9e, notre th\u00e8me rassembleur sera \u00ab Survivor Orioles \u00bb. Inspir\u00e9 de l&rsquo;esprit de d\u00e9passement de soi, il mettra en lumi\u00e8re la pers\u00e9v\u00e9rance, les efforts et la d\u00e9termination qui permettent \u00e0 chacun de relever les d\u00e9fis et d&rsquo;atteindre ses objectifs.<\/p>\n\n\n\n<p class=\"wp-block-paragraph\">Nous vous souhaitons une excellente visite de notre site ainsi qu&rsquo;une merveilleuse ann\u00e9e scolaire 2026-2027 remplie d&rsquo;apprentissages, de r\u00e9ussites et de beaux moments.<\/p>\n\n\n\n<p class=\"wp-block-paragraph\">Bonne ann\u00e9e scolaire ! L\u2019\u00e9quipe de direction<\/p>\n\n\n\n<p class=\"wp-block-paragraph\"><\/p>\n","protected":false},"excerpt":{"rendered":"<p>Bienvenue \u00e0 l\u2019\u00e9cole des Orioles, Cette ann\u00e9e, nous accueillons 486 \u00e9l\u00e8ves de la maternelle \u00e0 la 6e ann\u00e9e, incluant une classe maternelle 4 ans. Chaque jour, nous mettons tout en \u0153uvre pour offrir \u00e0 nos \u00e9l\u00e8ves un milieu de vie stimulant, s\u00e9curitaire et bienveillant, propice \u00e0 leur d\u00e9veloppement et \u00e0 leur r\u00e9ussite. Notre \u00e9quipe-\u00e9cole est [&hellip;]<\/p>\n","protected":false},"author":4,"featured_media":0,"parent":0,"menu_order":0,"comment_status":"closed","ping_status":"closed","template":"","meta":{"_genesis_hide_title":false,"_genesis_hide_breadcrumbs":false,"_genesis_hide_singular_image":false,"_genesis_hide_footer_widgets":false,"_genesis_custom_body_class":"","_genesis_custom_post_class":"","_genesis_layout":"","footnotes":""},"class_list":["post-746","page","type-page","status-publish","entry"],"featured_image_src":null,"featured_image_src_square":null,"_links":{"self":[{"href":"https:\/\/csstl.gouv.qc.ca\/orioles\/wp-json\/wp\/v2\/pages\/746","targetHints":{"allow":["GET"]}}],"collection":[{"href":"https:\/\/csstl.gouv.qc.ca\/orioles\/wp-json\/wp\/v2\/pages"}],"about":[{"href":"https:\/\/csstl.gouv.qc.ca\/orioles\/wp-json\/wp\/v2\/types\/page"}],"replies":[{"embeddable":true,"href":"https:\/\/csstl.gouv.qc.ca\/orioles\/wp-json\/wp\/v2\/comments?post=746"}],"version-history":[{"count":4,"href":"https:\/\/csstl.gouv.qc.ca\/orioles\/wp-json\/wp\/v2\/pages\/746\/revisions"}],"predecessor-version":[{"id":1626,"href":"https:\/\/csstl.gouv.qc.ca\/orioles\/wp-json\/wp\/v2\/pages\/746\/revisions\/1626"}],"wp:attachment":[{"href":"https:\/\/csstl.gouv.qc.ca\/orioles\/wp-json\/wp\/v2\/media?parent=746"}],"curies":[{"name":"wp","href":"https:\/\/api.w.org\/{rel}","templated":true}]}}

<figure class="wp-block-image size-full"><img loading="lazy" decoding="async" width="315" height="236" src="https://media.csstl.gouv.qc.ca/wp-content/uploads/sites/38/2026/08/24120517/LOGO-SURVIVOR-edited.png" alt="" class="wp-image-1605" srcset="https://media.csstl.gouv.qc.ca/wp-content/uploads/sites/38/2026/08/24120517/LOGO-SURVIVOR-edited.png 315w, https://media.csstl.gouv.qc.ca/wp-content/uploads/sites/38/2026/08/24120517/LOGO-SURVIVOR-edited-300x225.png 300w" sizes="auto, (max-width: 315px) 100vw, 315px" /></figure>



<p class="wp-block-paragraph">Bienvenue à l’école des Orioles,</p>



<p class="wp-block-paragraph">Cette année, nous accueillons 486 élèves de la maternelle à la 6e année, incluant une classe maternelle 4 ans. Chaque jour, nous mettons tout en œuvre pour offrir à nos élèves un milieu de vie stimulant, sécuritaire et bienveillant, propice à leur développement et à leur réussite.</p>



<p class="wp-block-paragraph">Notre équipe-école est composée d&rsquo;une directrice, d&rsquo;une directrice adjointe, de 2 secrétaires et de 2 concierges. À cela s&rsquo;ajoutent 24 enseignantes, 3 orthopédagogues, 5 enseignants spécialistes, 7 éducatrices spécialisées, 2 préposées aux personnes handicapées ainsi que plusieurs professionnels engagés en psychoéducation, en orthophonie et en travail social. Ensemble, ils collaborent afin d&rsquo;accompagner chaque élève dans son parcours scolaire et de favoriser son bien-être au quotidien.</p>



<p class="wp-block-paragraph">L&rsquo;école offre également un service de garde fréquenté par plus de 200 enfants. Sous la responsabilité de la technicienne en service de garde et grâce au travail dévoué de l&rsquo;équipe d&rsquo;éducatrices en milieu scolaire, les élèves profitent d&rsquo;activités variées dans un environnement sécuritaire et accueillant. Nos surveillantes du dîner contribuent aussi activement à la qualité de vie et à l&rsquo;encadrement des élèves.</p>



<p class="wp-block-paragraph">Au cœur de notre projet éducatif se trouvent trois valeurs fondamentales :</p>



<ul class="wp-block-list">
<li>Le respect</li>



<li>La collaboration</li>



<li>La persévérance</li>
</ul>



<p class="wp-block-paragraph">Nous vous invitons à consulter régulièrement notre site Web, qui est mis à jour tout au long de l&rsquo;année, ainsi que l’info-parents envoyée chaque mois. Vous y trouverez les informations importantes concernant la vie scolaire et les communications école-famille.</p>



<p class="wp-block-paragraph">N’hésitez pas à communiquer avec nous à l’<a href="https://csstl.gouv.qc.ca/orioles/nous-joindre/" target="_blank" rel="noreferrer noopener"><strong>aide du formulaire sur la page Nous joindre</strong></a>.</p>



<p class="wp-block-paragraph">Cette année, notre thème rassembleur sera « Survivor Orioles ». Inspiré de l&rsquo;esprit de dépassement de soi, il mettra en lumière la persévérance, les efforts et la détermination qui permettent à chacun de relever les défis et d&rsquo;atteindre ses objectifs.</p>



<p class="wp-block-paragraph">Nous vous souhaitons une excellente visite de notre site ainsi qu&rsquo;une merveilleuse année scolaire 2026-2027 remplie d&rsquo;apprentissages, de réussites et de beaux moments.</p>



<p class="wp-block-paragraph">Bonne année scolaire ! L’équipe de direction</p>



<p class="wp-block-paragraph"></p>

<p>Bienvenue à l’école des Orioles, Cette année, nous accueillons 486 élèves de la maternelle à la 6e année, incluant une classe maternelle 4 ans. Chaque jour, nous mettons tout en œuvre pour offrir à nos élèves un milieu de vie stimulant, sécuritaire et bienveillant, propice à leur développement et à leur réussite. Notre équipe-école est [&hellip;]</p>
