{"id":482,"date":"2019-06-18T13:49:24","date_gmt":"2019-06-18T18:49:24","guid":{"rendered":"http:\/\/cs3lacs.wpengine.com\/orioles\/?page_id=482"},"modified":"2026-04-08T09:47:29","modified_gmt":"2026-04-08T14:47:29","slug":"service-alimentaire","status":"publish","type":"page","link":"https:\/\/csstl.gouv.qc.ca\/orioles\/service-alimentaire\/","title":{"rendered":"Service alimentaire"},"content":{"rendered":"\n<figure class=\"wp-block-image size-full\"><img loading=\"lazy\" decoding=\"async\" width=\"227\" height=\"219\" src=\"https:\/\/media.csstl.gouv.qc.ca\/wp-content\/uploads\/sites\/38\/2025\/07\/04102021\/Les-delices-des-tout-petits-logo.jpg\" alt=\"\" class=\"wp-image-1501\" \/><\/figure>\n\n\n\n<h3 class=\"wp-block-heading\"><em>Les d\u00e9lices des tout petits<\/em><\/h3>\n\n\n\n<p>Depuis le 7 f\u00e9vrier 2022, Catherine et son \u00e9quipe occupe la cuisine des Orioles. Chaque jour, nos \u00e9l\u00e8ves ont la chance de d\u00e9guster des repas chauds de qualit\u00e9, tout frais sortis du four. Victime de sa popularit\u00e9 aupr\u00e8s des jeunes, le Conseil d&rsquo;\u00e9tablissement a approuv\u00e9 \u00e0 l&rsquo;unanimit\u00e9 le renouvellement de notre entente de services pour les 3 prochaines ann\u00e9es. <\/p>\n\n\n\n<h2 class=\"wp-block-heading\"><a href=\"https:\/\/media.csstl.gouv.qc.ca\/wp-content\/uploads\/sites\/38\/2025\/09\/05131003\/Lettre-de-repas-chaud.pdf\" data-type=\"attachment\" data-id=\"1510\" target=\"_blank\" rel=\"noreferrer noopener\">Proc\u00e9dure pour les repas chauds 2025-2026<\/a><\/h2>\n\n\n\n<h2 class=\"wp-block-heading\"><a href=\"https:\/\/media.csstl.gouv.qc.ca\/wp-content\/uploads\/sites\/38\/2025\/09\/05130958\/coupon-Menu-a-la-carte.pdf\" data-type=\"attachment\" data-id=\"1508\" target=\"_blank\" rel=\"noreferrer noopener\">Menu \u00e0 la carte : valable toute l&rsquo;ann\u00e9e scolaire<\/a><\/h2>\n\n\n\n<h1 class=\"wp-block-heading has-text-align-left\"><kbd>** <\/kbd>Menu 2025-2026  ** <\/h1>\n\n\n\n<p><a href=\"https:\/\/media.csstl.gouv.qc.ca\/wp-content\/uploads\/sites\/38\/2026\/04\/08093335\/Menu-du-20-avril-au-14-mai.pdf\" data-type=\"attachment\" data-id=\"1563\" target=\"_blank\" rel=\"noreferrer noopener\">Menu du 20 avril au 14 mai 2026<\/a><\/p>\n\n\n\n<p><span style=\"color: var(--stk-global-color-26594, #000000)\" class=\"stk-highlight\"><s>Menu du 23 mars au 17 avril 2026<\/s><\/span><\/p>\n\n\n\n<p><s><span style=\"color: var(--stk-global-color-26594, #000000)\" class=\"stk-highlight\">Menu du 16 f\u00e9vrier au 20 mars 2026<\/span><\/s><\/p>\n\n\n\n<p><s><span style=\"color: var(--stk-global-color-26594, #000000)\" class=\"stk-highlight\">Menu du 19 janvier au 12 f\u00e9vrier 2026<\/span><\/s><\/p>\n\n\n\n<p><strong><s><span style=\"color: var(--stk-global-color-26594, #000000)\" class=\"stk-highlight\">Menu du 8 d\u00e9cembre au 16 janvier 2026<\/span><\/s><\/strong><\/p>\n\n\n\n<p><strong><span style=\"color: var(--stk-global-color-26594, #000000)\" class=\"stk-highlight\"><s>Menu du 10 novembre au 5 d\u00e9cembre 2025<\/s><\/span><\/strong><\/p>\n\n\n\n<p><s><strong>Menu du 14 octobre 2025 au 7 novembre 2025<\/strong><\/s><\/p>\n\n\n\n<p class=\"has-medium-font-size\"><s>Menu du jour du lundi 15 septembre 2025 au jeudi 9 octobre 2025<\/s><\/p>\n\n\n\n<p><\/p>\n\n\n\n<p><\/p>\n","protected":false},"excerpt":{"rendered":"<p>Les d\u00e9lices des tout petits Depuis le 7 f\u00e9vrier 2022, Catherine et son \u00e9quipe occupe la cuisine des Orioles. Chaque jour, nos \u00e9l\u00e8ves ont la chance de d\u00e9guster des repas chauds de qualit\u00e9, tout frais sortis du four. Victime de sa popularit\u00e9 aupr\u00e8s des jeunes, le Conseil d&rsquo;\u00e9tablissement a approuv\u00e9 \u00e0 l&rsquo;unanimit\u00e9 le renouvellement de [&hellip;]<\/p>\n","protected":false},"author":179,"featured_media":0,"parent":0,"menu_order":0,"comment_status":"closed","ping_status":"closed","template":"","meta":{"_genesis_hide_title":false,"_genesis_hide_breadcrumbs":false,"_genesis_hide_singular_image":false,"_genesis_hide_footer_widgets":false,"_genesis_custom_body_class":"","_genesis_custom_post_class":"","_genesis_layout":"","footnotes":""},"class_list":{"0":"post-482","1":"page","2":"type-page","3":"status-publish","5":"entry"},"featured_image_src":null,"featured_image_src_square":null,"_links":{"self":[{"href":"https:\/\/csstl.gouv.qc.ca\/orioles\/wp-json\/wp\/v2\/pages\/482","targetHints":{"allow":["GET"]}}],"collection":[{"href":"https:\/\/csstl.gouv.qc.ca\/orioles\/wp-json\/wp\/v2\/pages"}],"about":[{"href":"https:\/\/csstl.gouv.qc.ca\/orioles\/wp-json\/wp\/v2\/types\/page"}],"author":[{"embeddable":true,"href":"https:\/\/csstl.gouv.qc.ca\/orioles\/wp-json\/wp\/v2\/users\/179"}],"replies":[{"embeddable":true,"href":"https:\/\/csstl.gouv.qc.ca\/orioles\/wp-json\/wp\/v2\/comments?post=482"}],"version-history":[{"count":0,"href":"https:\/\/csstl.gouv.qc.ca\/orioles\/wp-json\/wp\/v2\/pages\/482\/revisions"}],"wp:attachment":[{"href":"https:\/\/csstl.gouv.qc.ca\/orioles\/wp-json\/wp\/v2\/media?parent=482"}],"curies":[{"name":"wp","href":"https:\/\/api.w.org\/{rel}","templated":true}]}}

<figure class="wp-block-image size-full"><img loading="lazy" decoding="async" width="227" height="219" src="https://media.csstl.gouv.qc.ca/wp-content/uploads/sites/38/2025/07/04102021/Les-delices-des-tout-petits-logo.jpg" alt="" class="wp-image-1501" /></figure>



<h3 class="wp-block-heading"><em>Les délices des tout petits</em></h3>



<p>Depuis le 7 février 2022, Catherine et son équipe occupe la cuisine des Orioles. Chaque jour, nos élèves ont la chance de déguster des repas chauds de qualité, tout frais sortis du four. Victime de sa popularité auprès des jeunes, le Conseil d&rsquo;établissement a approuvé à l&rsquo;unanimité le renouvellement de notre entente de services pour les 3 prochaines années. </p>



<h2 class="wp-block-heading"><a href="https://media.csstl.gouv.qc.ca/wp-content/uploads/sites/38/2025/09/05131003/Lettre-de-repas-chaud.pdf" data-type="attachment" data-id="1510" target="_blank" rel="noreferrer noopener">Procédure pour les repas chauds 2025-2026</a></h2>



<h2 class="wp-block-heading"><a href="https://media.csstl.gouv.qc.ca/wp-content/uploads/sites/38/2025/09/05130958/coupon-Menu-a-la-carte.pdf" data-type="attachment" data-id="1508" target="_blank" rel="noreferrer noopener">Menu à la carte : valable toute l&rsquo;année scolaire</a></h2>



<h1 class="wp-block-heading has-text-align-left"><kbd>** </kbd>Menu 2025-2026  ** </h1>



<p><a href="https://media.csstl.gouv.qc.ca/wp-content/uploads/sites/38/2026/04/08093335/Menu-du-20-avril-au-14-mai.pdf" data-type="attachment" data-id="1563" target="_blank" rel="noreferrer noopener">Menu du 20 avril au 14 mai 2026</a></p>



<p><span style="color: var(--stk-global-color-26594, #000000)" class="stk-highlight"><s>Menu du 23 mars au 17 avril 2026</s></span></p>



<p><s><span style="color: var(--stk-global-color-26594, #000000)" class="stk-highlight">Menu du 16 février au 20 mars 2026</span></s></p>



<p><s><span style="color: var(--stk-global-color-26594, #000000)" class="stk-highlight">Menu du 19 janvier au 12 février 2026</span></s></p>



<p><strong><s><span style="color: var(--stk-global-color-26594, #000000)" class="stk-highlight">Menu du 8 décembre au 16 janvier 2026</span></s></strong></p>



<p><strong><span style="color: var(--stk-global-color-26594, #000000)" class="stk-highlight"><s>Menu du 10 novembre au 5 décembre 2025</s></span></strong></p>



<p><s><strong>Menu du 14 octobre 2025 au 7 novembre 2025</strong></s></p>



<p class="has-medium-font-size"><s>Menu du jour du lundi 15 septembre 2025 au jeudi 9 octobre 2025</s></p>



<p></p>



<p></p>

<p>Les délices des tout petits Depuis le 7 février 2022, Catherine et son équipe occupe la cuisine des Orioles. Chaque jour, nos élèves ont la chance de déguster des repas chauds de qualité, tout frais sortis du four. Victime de sa popularité auprès des jeunes, le Conseil d&rsquo;établissement a approuvé à l&rsquo;unanimité le renouvellement de [&hellip;]</p>
