{"id":481,"date":"2019-06-18T13:48:46","date_gmt":"2019-06-18T18:48:46","guid":{"rendered":"http:\/\/cs3lacs.wpengine.com\/orioles\/?page_id=481"},"modified":"2025-09-26T13:59:18","modified_gmt":"2025-09-26T18:59:18","slug":"service-de-garde","status":"publish","type":"page","link":"https:\/\/csstl.gouv.qc.ca\/orioles\/service-de-garde\/","title":{"rendered":"Service de garde"},"content":{"rendered":"\n<p>Il me fait plaisir de vous accueillir au service de garde de l&rsquo;\u00e9cole des Orioles. Votre enfant d\u00e9couvrira un milieu stimulant o\u00f9 plusieurs activit\u00e9s diff\u00e9rentes lui seront offertes.<\/p>\n\n\n\n<p>Au cours de l&rsquo;ann\u00e9e scolaire, plusieurs activit\u00e9s sp\u00e9ciales seront organis\u00e9es afin que votre enfant vive des moments inoubliables.<\/p>\n\n\n\n<h2 class=\"wp-block-heading\"><strong>Pour rejoindre le service de garde<\/strong><\/h2>\n\n\n\n<ul class=\"wp-block-list\">\n<li>Par t\u00e9l\u00e9phone: 450 267-3446\u00a0 poste 4950 &#8211; Jos\u00e9e Lacoste<\/li>\n<\/ul>\n\n\n\n<h2 class=\"wp-block-heading\">&nbsp;<strong>Horaire<\/strong><\/h2>\n\n\n\n<ul class=\"wp-block-list\">\n<li>Lundi au vendredi: 6 h 30 \u00e0 18 h 00. <\/li>\n<\/ul>\n\n\n\n<h2 class=\"wp-block-heading\">\u00a0<strong>Service de garde &#8211; Informations\u00a02024-2025<\/strong><\/h2>\n\n\n\n<ul class=\"wp-block-list\">\n<li><a href=\"https:\/\/media.csstl.gouv.qc.ca\/wp-content\/uploads\/sites\/38\/2024\/12\/02110339\/Regie-Interne-2024-2025-Orioles.pdf\" data-type=\"attachment\" data-id=\"1433\">Information et r\u00e9gie interne 2024-2025<\/a><\/li>\n\n\n\n<li><a href=\"https:\/\/media.csstl.gouv.qc.ca\/wp-content\/uploads\/sites\/38\/2024\/12\/02143303\/Tableau-des-journees-pedagogiques-24-25.pdf\" data-type=\"attachment\" data-id=\"1436\">Journ\u00e9es p\u00e9dagogiques 2024-2025<\/a><\/li>\n<\/ul>\n\n\n\n<h2 class=\"wp-block-heading\">\u00a0<strong>Service de garde &#8211; Informations\u00a02023-2024<\/strong><\/h2>\n\n\n\n<ul class=\"wp-block-list\">\n<li><a href=\"https:\/\/media.csstl.gouv.qc.ca\/wp-content\/uploads\/sites\/38\/2023\/09\/11092424\/Liste-journees-pedagogiques-2023-24.pdf\">Journ\u00e9es p\u00e9dagogiques 2023-2024<\/a><\/li>\n\n\n\n<li><a href=\"https:\/\/media.csstl.gouv.qc.ca\/wp-content\/uploads\/sites\/38\/2023\/09\/19084634\/Informations-et-regles-de-regie-interne-2023-24-original-1.pdf\">Information et r\u00e9gie interne 2023-2024<\/a><\/li>\n\n\n\n<li><a href=\"https:\/\/media.csstl.gouv.qc.ca\/wp-content\/uploads\/sites\/38\/2023\/09\/11092503\/Calendrier-de-facturation-2023-24.pdf\">Calendrier de la facturation 2023-2024<\/a><\/li>\n<\/ul>\n","protected":false},"excerpt":{"rendered":"<p>Il me fait plaisir de vous accueillir au service de garde de l&rsquo;\u00e9cole des Orioles. Votre enfant d\u00e9couvrira un milieu stimulant o\u00f9 plusieurs activit\u00e9s diff\u00e9rentes lui seront offertes. Au cours de l&rsquo;ann\u00e9e scolaire, plusieurs activit\u00e9s sp\u00e9ciales seront organis\u00e9es afin que votre enfant vive des moments inoubliables. Pour rejoindre le service de garde &nbsp;Horaire \u00a0Service de [&hellip;]<\/p>\n","protected":false},"author":2,"featured_media":0,"parent":0,"menu_order":0,"comment_status":"closed","ping_status":"closed","template":"","meta":{"_genesis_hide_title":false,"_genesis_hide_breadcrumbs":false,"_genesis_hide_singular_image":false,"_genesis_hide_footer_widgets":false,"_genesis_custom_body_class":"","_genesis_custom_post_class":"","_genesis_layout":"","footnotes":""},"class_list":{"0":"post-481","1":"page","2":"type-page","3":"status-publish","5":"entry"},"featured_image_src":null,"featured_image_src_square":null,"_links":{"self":[{"href":"https:\/\/csstl.gouv.qc.ca\/orioles\/wp-json\/wp\/v2\/pages\/481","targetHints":{"allow":["GET"]}}],"collection":[{"href":"https:\/\/csstl.gouv.qc.ca\/orioles\/wp-json\/wp\/v2\/pages"}],"about":[{"href":"https:\/\/csstl.gouv.qc.ca\/orioles\/wp-json\/wp\/v2\/types\/page"}],"author":[{"embeddable":true,"href":"https:\/\/csstl.gouv.qc.ca\/orioles\/wp-json\/wp\/v2\/users\/2"}],"replies":[{"embeddable":true,"href":"https:\/\/csstl.gouv.qc.ca\/orioles\/wp-json\/wp\/v2\/comments?post=481"}],"version-history":[{"count":0,"href":"https:\/\/csstl.gouv.qc.ca\/orioles\/wp-json\/wp\/v2\/pages\/481\/revisions"}],"wp:attachment":[{"href":"https:\/\/csstl.gouv.qc.ca\/orioles\/wp-json\/wp\/v2\/media?parent=481"}],"curies":[{"name":"wp","href":"https:\/\/api.w.org\/{rel}","templated":true}]}}