{"id":746,"date":"2019-11-28T14:55:59","date_gmt":"2019-11-28T19:55:59","guid":{"rendered":"https:\/\/cs3lacs.wpengine.com\/oree-du-bois\/?page_id=746"},"modified":"2025-10-21T12:43:39","modified_gmt":"2025-10-21T17:43:39","slug":"portrait","status":"publish","type":"page","link":"https:\/\/csstl.gouv.qc.ca\/oree-du-bois\/portrait\/","title":{"rendered":"Portrait"},"content":{"rendered":"\n<p>L\u2019\u00e9cole \u00e0 l\u2019Or\u00e9e-du-Bois<\/p>\n\n\n\n<p>Situ\u00e9e \u00e0 Saint-Lazare, l\u2019\u00e9cole \u00e0 l\u2019Or\u00e9e-du-Bois est une \u00e9cole primaire de premier cycle accueillant les \u00e9l\u00e8ves du pr\u00e9scolaire et du 1er cycle du primaire. Construite en 1996, elle re\u00e7oit, pour l\u2019ann\u00e9e scolaire 2025-2026, un total de 236 \u00e9l\u00e8ves.  <\/p>\n\n\n\n<p>Le personnel est compos\u00e9 de 13 enseignantes, 2 enseignantes orthop\u00e9dagogues, 4 sp\u00e9cialistes, 2 techniciennes en \u00e9ducation sp\u00e9cialis\u00e9e, une psychologue, une psycho- \u00e9ducatrice, une secr\u00e9taire d&rsquo;\u00e9cole, deux concierges et une directrice. Un service de garde comprenant 7 \u00e9ducatrices et une technicienne accueille pr\u00e8s de\u00a0120 enfants de fa\u00e7on r\u00e9guli\u00e8re et\u00a020 de fa\u00e7on sporadique. De plus, l&rsquo;\u00e9cole offre un service de traiteur. Du c\u00f4t\u00e9 des sp\u00e9cialistes, les p\u00e9riodes d&rsquo;anglais\u00a0sont de\u00a060 minutes par semaine, la musique et la danse \u00e0 90 et l&rsquo;\u00e9ducation physique \u00e0 120 minutes par semaine. Une enseignante en francisation travaille aussi avec nos \u00e9l\u00e8ves cibl\u00e9s pour les aider dans l&rsquo;apprentissage du fran\u00e7ais.<\/p>\n\n\n\n<p>\u00c0 l&rsquo;\u00e9cole \u00e0 l&rsquo;Or\u00e9e-du-Bois, toutes les classes ont un tableau num\u00e9rique interactif et sont \u00e9quip\u00e9es de quelques tablettes num\u00e9riques. L&rsquo;enseignement s&rsquo;y fait avec la litt\u00e9rature jeunesse. Le projet \u00e9ducatif qui \u00e9tait en place depuis cinq ans arrive \u00e0 terme.&nbsp; La vision de l&rsquo;\u00e9cole est de continuer \u00e0 b\u00e2tir une \u00e9cole o\u00f9 chaque enfant se sent heureux et trouve sa place dans un environnement enrichissant, stimulant et s\u00e9curitaire.<\/p>\n\n\n\n<p>L&rsquo;\u00e9cole \u00e0 l&rsquo;Or\u00e9e-du-Bois jouit d&rsquo;une excellente r\u00e9putation. Les membres de l&rsquo;O.P.P. (organisme de participation des parents) s&rsquo;impliquent de fa\u00e7on exceptionnelle dans l&rsquo;\u00e9cole. Ils sont d&rsquo;une aide pr\u00e9cieuse lors de diverses activit\u00e9s telles : le carnaval d&rsquo;hiver, la f\u00eate de No\u00ebl, les olympiades, le projet patin, la grande f\u00eate de fin d&rsquo;ann\u00e9e et les campagnes de financement. Ces activit\u00e9s font partie de la culture de l&rsquo;\u00e9cole et contribuent \u00e0 nourrir ce sentiment d&rsquo;appartenance si pr\u00e9sent \u00e0 l&rsquo;Or\u00e9e-du-Bois.<\/p>\n\n\n\n<p>La qualit\u00e9 de l&rsquo;\u00e9quipe d&rsquo;enseignant(e)s \u0153uvrant \u00e0 l&rsquo;Or\u00e9e-du-Bois est sans contredit un des \u00e9l\u00e9ments cl\u00e9s du succ\u00e8s de l&rsquo;\u00e9cole. Ce sont des passionn\u00e9(e)s qui ont \u00e0 c\u0153ur la r\u00e9ussite des \u00e9l\u00e8ves. Une trentaine de projets de classes tous aussi stimulants les uns que les autres a lieu \u00e0 tous les ans.<\/p>\n\n\n\n<p>Il faut aussi souligner l&rsquo;excellent travail de notre service de garde qui est grandement appr\u00e9ci\u00e9 pour sa flexibilit\u00e9 envers les parents, son excellente gestion et surtout pour la qualit\u00e9 des activit\u00e9s propos\u00e9es aux enfants.<\/p>\n\n\n<div class=\"wp-block-image\">\n<figure class=\"aligncenter size-full\"><img loading=\"lazy\" decoding=\"async\" width=\"328\" height=\"215\" src=\"https:\/\/media.csstl.gouv.qc.ca\/wp-content\/uploads\/sites\/32\/2022\/11\/30102444\/OreeBois-ecole.jpg\" alt=\"\" class=\"wp-image-1151\" srcset=\"https:\/\/media.csstl.gouv.qc.ca\/wp-content\/uploads\/sites\/32\/2022\/11\/30102444\/OreeBois-ecole.jpg 328w, https:\/\/media.csstl.gouv.qc.ca\/wp-content\/uploads\/sites\/32\/2022\/11\/30102444\/OreeBois-ecole-300x197.jpg 300w\" sizes=\"auto, (max-width: 328px) 100vw, 328px\" \/><\/figure>\n<\/div>","protected":false},"excerpt":{"rendered":"<p>L\u2019\u00e9cole \u00e0 l\u2019Or\u00e9e-du-Bois Situ\u00e9e \u00e0 Saint-Lazare, l\u2019\u00e9cole \u00e0 l\u2019Or\u00e9e-du-Bois est une \u00e9cole primaire de premier cycle accueillant les \u00e9l\u00e8ves du pr\u00e9scolaire et du 1er cycle du primaire. Construite en 1996, elle re\u00e7oit, pour l\u2019ann\u00e9e scolaire 2025-2026, un total de 236 \u00e9l\u00e8ves. Le personnel est compos\u00e9 de 13 enseignantes, 2 enseignantes orthop\u00e9dagogues, 4 sp\u00e9cialistes, 2 techniciennes [&hellip;]<\/p>\n","protected":false},"author":4,"featured_media":0,"parent":0,"menu_order":0,"comment_status":"closed","ping_status":"closed","template":"","meta":{"_genesis_hide_title":false,"_genesis_hide_breadcrumbs":false,"_genesis_hide_singular_image":false,"_genesis_hide_footer_widgets":false,"_genesis_custom_body_class":"","_genesis_custom_post_class":"","_genesis_layout":"","footnotes":""},"class_list":{"0":"post-746","1":"page","2":"type-page","3":"status-publish","5":"entry"},"featured_image_src":null,"featured_image_src_square":null,"_links":{"self":[{"href":"https:\/\/csstl.gouv.qc.ca\/oree-du-bois\/wp-json\/wp\/v2\/pages\/746","targetHints":{"allow":["GET"]}}],"collection":[{"href":"https:\/\/csstl.gouv.qc.ca\/oree-du-bois\/wp-json\/wp\/v2\/pages"}],"about":[{"href":"https:\/\/csstl.gouv.qc.ca\/oree-du-bois\/wp-json\/wp\/v2\/types\/page"}],"author":[{"embeddable":true,"href":"https:\/\/csstl.gouv.qc.ca\/oree-du-bois\/wp-json\/wp\/v2\/users\/4"}],"replies":[{"embeddable":true,"href":"https:\/\/csstl.gouv.qc.ca\/oree-du-bois\/wp-json\/wp\/v2\/comments?post=746"}],"version-history":[{"count":0,"href":"https:\/\/csstl.gouv.qc.ca\/oree-du-bois\/wp-json\/wp\/v2\/pages\/746\/revisions"}],"wp:attachment":[{"href":"https:\/\/csstl.gouv.qc.ca\/oree-du-bois\/wp-json\/wp\/v2\/media?parent=746"}],"curies":[{"name":"wp","href":"https:\/\/api.w.org\/{rel}","templated":true}]}}