{"id":482,"date":"2019-06-18T13:49:24","date_gmt":"2019-06-18T18:49:24","guid":{"rendered":"http:\/\/cs3lacs.wpengine.com\/oree-du-bois\/?page_id=482"},"modified":"2024-08-30T14:09:12","modified_gmt":"2024-08-30T19:09:12","slug":"service-alimentaire","status":"publish","type":"page","link":"https:\/\/csstl.gouv.qc.ca\/oree-du-bois\/service-alimentaire\/","title":{"rendered":"Service alimentaire"},"content":{"rendered":"\n<p>Cette ann\u00e9e notre service de traiteur d\u00e9butera <strong>le lundi 9 septembre 2024<\/strong> , avec le traiteur scolaire <strong>MERENDA ,<\/strong>&nbsp;qui offrira \u00e0 nos \u00e9l\u00e8ves des repas sains, \u00e9quilibr\u00e9s et nourrissants.&nbsp; Tous les repas doivent \u00eatre command\u00e9s en ligne sur le site :&nbsp;<a href=\"https:\/\/www.traiteurmerenda.com\/\" data-type=\"link\" data-id=\"https:\/\/www.traiteurmerenda.com\/\" target=\"_blank\" rel=\"noreferrer noopener\">Traiteur scolaire Merenda<\/a>. Nous vous encourageons \u00e0 lire la foire aux questions pour obtenir toutes les informations. <\/p>\n\n\n\n<p>Veuillez prendre note qu&rsquo;il n&rsquo;y a aucun micro-ondes dans les classes ni au service de garde.\u00a0<\/p>\n\n\n\n<p>Veuillez prendre connaissance de <a href=\"https:\/\/media.csstl.gouv.qc.ca\/wp-content\/uploads\/sites\/32\/2024\/08\/30140750\/Infolettre-traiteur-Merenda.pdf\" data-type=\"link\" data-id=\"https:\/\/media.csstl.gouv.qc.ca\/wp-content\/uploads\/sites\/32\/2024\/08\/30140750\/Infolettre-traiteur-Merenda.pdf\" target=\"_blank\" rel=\"noreferrer noopener\">l&rsquo;infolettre<\/a> du traiteur pour l&rsquo;ann\u00e9e 2024-2025. <\/p>\n\n\n\n<ul class=\"wp-block-list\">\n<li><a href=\"https:\/\/www.traiteurmerenda.com\/faq.html\" data-type=\"link\" data-id=\"https:\/\/www.traiteurmerenda.com\/faq.html\" target=\"_blank\" rel=\"noreferrer noopener\">FAQ<\/a><\/li>\n<\/ul>\n","protected":false},"excerpt":{"rendered":"<p>Cette ann\u00e9e notre service de traiteur d\u00e9butera le lundi 9 septembre 2024 , avec le traiteur scolaire MERENDA ,&nbsp;qui offrira \u00e0 nos \u00e9l\u00e8ves des repas sains, \u00e9quilibr\u00e9s et nourrissants.&nbsp; Tous les repas doivent \u00eatre command\u00e9s en ligne sur le site :&nbsp;Traiteur scolaire Merenda. Nous vous encourageons \u00e0 lire la foire aux questions pour obtenir toutes [&hellip;]<\/p>\n","protected":false},"author":2,"featured_media":0,"parent":0,"menu_order":0,"comment_status":"closed","ping_status":"closed","template":"","meta":{"_genesis_hide_title":false,"_genesis_hide_breadcrumbs":false,"_genesis_hide_singular_image":false,"_genesis_hide_footer_widgets":false,"_genesis_custom_body_class":"","_genesis_custom_post_class":"","_genesis_layout":"","footnotes":""},"class_list":{"0":"post-482","1":"page","2":"type-page","3":"status-publish","5":"entry"},"featured_image_src":null,"featured_image_src_square":null,"_links":{"self":[{"href":"https:\/\/csstl.gouv.qc.ca\/oree-du-bois\/wp-json\/wp\/v2\/pages\/482","targetHints":{"allow":["GET"]}}],"collection":[{"href":"https:\/\/csstl.gouv.qc.ca\/oree-du-bois\/wp-json\/wp\/v2\/pages"}],"about":[{"href":"https:\/\/csstl.gouv.qc.ca\/oree-du-bois\/wp-json\/wp\/v2\/types\/page"}],"author":[{"embeddable":true,"href":"https:\/\/csstl.gouv.qc.ca\/oree-du-bois\/wp-json\/wp\/v2\/users\/2"}],"replies":[{"embeddable":true,"href":"https:\/\/csstl.gouv.qc.ca\/oree-du-bois\/wp-json\/wp\/v2\/comments?post=482"}],"version-history":[{"count":0,"href":"https:\/\/csstl.gouv.qc.ca\/oree-du-bois\/wp-json\/wp\/v2\/pages\/482\/revisions"}],"wp:attachment":[{"href":"https:\/\/csstl.gouv.qc.ca\/oree-du-bois\/wp-json\/wp\/v2\/media?parent=482"}],"curies":[{"name":"wp","href":"https:\/\/api.w.org\/{rel}","templated":true}]}}