{"id":1047,"date":"2022-10-20T09:20:32","date_gmt":"2022-10-20T14:20:32","guid":{"rendered":"https:\/\/cs3lacs.wpengine.com\/oree-du-bois\/?page_id=1047"},"modified":"2022-10-20T09:28:16","modified_gmt":"2022-10-20T14:28:16","slug":"actualites","status":"publish","type":"page","link":"https:\/\/csstl.gouv.qc.ca\/oree-du-bois\/actualites\/","title":{"rendered":"Actualit\u00e9s"},"content":{"rendered":"<ul class=\"wp-block-latest-posts__list has-dates wp-block-latest-posts\"><li><a class=\"wp-block-latest-posts__post-title\" href=\"https:\/\/csstl.gouv.qc.ca\/oree-du-bois\/2025\/05\/projet-ton-sac-decole-comme-tout-le-monde\/\">Projet \u00ab\u00a0Ton sac d&rsquo;\u00e9cole comme tout le monde\u00a0\u00bb<\/a><time datetime=\"2025-05-02T08:46:01-05:00\" class=\"wp-block-latest-posts__post-date\">2 mai 2025<\/time><div class=\"wp-block-latest-posts__post-excerpt\">Nous vous partageons aujourd\u2019hui les informations ainsi que le formulaire \u00e0 compl\u00e9ter dans le cadre du projet \u00ab Ton sac d\u2019\u00e9cole comme tout le monde \u00bb de la Fondation des enfants de Vaudreuil-Soulanges. Les parents ont jusqu\u2019\u00e0 27 juin pour compl\u00e9ter le formulaire et le faire parvenir.<\/div><\/li>\n<li><a class=\"wp-block-latest-posts__post-title\" href=\"https:\/\/csstl.gouv.qc.ca\/oree-du-bois\/2025\/04\/campagne-de-financement-permanente-colleamoi\/\">Campagne de financement permanente colle\u00e0moi<\/a><time datetime=\"2025-04-11T09:01:36-05:00\" class=\"wp-block-latest-posts__post-date\">11 avril 2025<\/time><div class=\"wp-block-latest-posts__post-excerpt\">\ud83d\udce2 Soutenez l&rsquo;\u00e9cole \u00e0 l&rsquo;Or\u00e9e-du-Bois en faisant vos achats chez Colle\u00e0moi ! \ud83d\udce2 Notre campagne de financement permanente avec Colle\u00e0moi est une excellente fa\u00e7on de contribuer \u00e0 l&rsquo;\u00e9cole tout en trouvant des produits pratiques et de qualit\u00e9. En utilisant le code de lev\u00e9e de fonds : oreebois lors de vos achats sur www.colleamoi.com, 15 %\u2026 <a class=\"wp-block-latest-posts__read-more\" href=\"https:\/\/csstl.gouv.qc.ca\/oree-du-bois\/2025\/04\/campagne-de-financement-permanente-colleamoi\/\" rel=\"noopener noreferrer\">Lire la suite\u00a0:<span class=\"screen-reader-text\"> Campagne de financement permanente colle\u00e0moi<\/span><\/a><\/div><\/li>\n<li><a class=\"wp-block-latest-posts__post-title\" href=\"https:\/\/csstl.gouv.qc.ca\/oree-du-bois\/2024\/10\/evenement-rassembleur-vendredi-25-octobre\/\">\u00c9v\u00e9nement rassembleur &#8211; vendredi 25 octobre<\/a><time datetime=\"2024-10-17T14:04:57-05:00\" class=\"wp-block-latest-posts__post-date\">17 octobre 2024<\/time><div class=\"wp-block-latest-posts__post-excerpt\">Chers parents , Nous avons le plaisir de vous inviter \u00e0 notre \u00e9v\u00e9nement rassembleur qui aura lieu le vendredi 25 octobre \u00e0 l\u2019\u00e9cole \u00e0 l\u2019Or\u00e9e-du-Bois \u00e0 18 heures. Cet \u00e9v\u00e9nement est une excellente occasion pour les \u00e9l\u00e8ves, les parents et le personnel de se rencontrer et de partager un moment convivial. Nous esp\u00e9rons vous voir\u2026 <a class=\"wp-block-latest-posts__read-more\" href=\"https:\/\/csstl.gouv.qc.ca\/oree-du-bois\/2024\/10\/evenement-rassembleur-vendredi-25-octobre\/\" rel=\"noopener noreferrer\">Lire la suite\u00a0:<span class=\"screen-reader-text\"> \u00c9v\u00e9nement rassembleur &#8211; vendredi 25 octobre<\/span><\/a><\/div><\/li>\n<li><a class=\"wp-block-latest-posts__post-title\" href=\"https:\/\/csstl.gouv.qc.ca\/oree-du-bois\/2024\/10\/conseils-de-sante-canada-pour-feter-lhalloween-en-securite\/\">Conseils de Sant\u00e9 Canada pour f\u00eater l\u2019Halloween en s\u00e9curit\u00e9<\/a><time datetime=\"2024-10-17T13:55:55-05:00\" class=\"wp-block-latest-posts__post-date\">17 octobre 2024<\/time><div class=\"wp-block-latest-posts__post-excerpt\">Choisissez bien les costumes, d\u00e9corations et accessoires Entre la course aux d\u00e9guisements et les d\u00e9corations effrayantes, on sent l\u2019excitation dans l\u2019air (surtout celle des enfants) \u00e0 l\u2019approche de l\u2019Halloween! Pour pr\u00e9venir de malheureux incidents, voici quelques rappels de s\u00e9curit\u00e9&nbsp;: Choisissez le bon costume. \u00c9vitez les v\u00eatements trop grands ou avec de longues pi\u00e8ces pendantes (capes,\u2026 <a class=\"wp-block-latest-posts__read-more\" href=\"https:\/\/csstl.gouv.qc.ca\/oree-du-bois\/2024\/10\/conseils-de-sante-canada-pour-feter-lhalloween-en-securite\/\" rel=\"noopener noreferrer\">Lire la suite\u00a0:<span class=\"screen-reader-text\"> Conseils de Sant\u00e9 Canada pour f\u00eater l\u2019Halloween en s\u00e9curit\u00e9<\/span><\/a><\/div><\/li>\n<li><a class=\"wp-block-latest-posts__post-title\" href=\"https:\/\/csstl.gouv.qc.ca\/oree-du-bois\/2024\/05\/lancement-du-nouveau-livre-de-mme-martine-arpin\/\">Lancement du nouveau livre de Mme Martine Arpin<\/a><time datetime=\"2024-05-01T10:11:21-05:00\" class=\"wp-block-latest-posts__post-date\">1 mai 2024<\/time><div class=\"wp-block-latest-posts__post-excerpt\">Le 16 mai 2024\u00a0de 18\u00a0h \u00e0 20\u00a0h, Mme Martine Arpin, enseignante \u00e0 l\u2019\u00e9cole \u00e0 l\u2019Or\u00e9e-du-Bois, nous pr\u00e9sente son dernier livre de la s\u00e9rie avec Phil\u00e9mon \u00e0 l\u2019\u00e9cole, une histoire qui nous parle d\u2019amiti\u00e9 et de cette premi\u00e8re journ\u00e9e \u00e0 l\u2019\u00e9cole. Pour en savoir plus\u00a0: https:\/\/ville.saint-lazare.qc.ca\/fr\/loisirs-sports-et-culture\/activites\/453\/lancement-du-livre-philemon-a-l-ecole<\/div><\/li>\n<\/ul>","protected":false},"excerpt":{"rendered":"","protected":false},"author":2,"featured_media":0,"parent":0,"menu_order":0,"comment_status":"closed","ping_status":"closed","template":"","meta":{"_genesis_hide_title":false,"_genesis_hide_breadcrumbs":false,"_genesis_hide_singular_image":false,"_genesis_hide_footer_widgets":false,"_genesis_custom_body_class":"","_genesis_custom_post_class":"","_genesis_layout":"","footnotes":""},"class_list":{"0":"post-1047","1":"page","2":"type-page","3":"status-publish","5":"entry"},"featured_image_src":null,"featured_image_src_square":null,"_links":{"self":[{"href":"https:\/\/csstl.gouv.qc.ca\/oree-du-bois\/wp-json\/wp\/v2\/pages\/1047","targetHints":{"allow":["GET"]}}],"collection":[{"href":"https:\/\/csstl.gouv.qc.ca\/oree-du-bois\/wp-json\/wp\/v2\/pages"}],"about":[{"href":"https:\/\/csstl.gouv.qc.ca\/oree-du-bois\/wp-json\/wp\/v2\/types\/page"}],"author":[{"embeddable":true,"href":"https:\/\/csstl.gouv.qc.ca\/oree-du-bois\/wp-json\/wp\/v2\/users\/2"}],"replies":[{"embeddable":true,"href":"https:\/\/csstl.gouv.qc.ca\/oree-du-bois\/wp-json\/wp\/v2\/comments?post=1047"}],"version-history":[{"count":0,"href":"https:\/\/csstl.gouv.qc.ca\/oree-du-bois\/wp-json\/wp\/v2\/pages\/1047\/revisions"}],"wp:attachment":[{"href":"https:\/\/csstl.gouv.qc.ca\/oree-du-bois\/wp-json\/wp\/v2\/media?parent=1047"}],"curies":[{"name":"wp","href":"https:\/\/api.w.org\/{rel}","templated":true}]}}