{"id":482,"date":"2019-06-18T13:49:24","date_gmt":"2019-06-18T18:49:24","guid":{"rendered":"http:\/\/cs3lacs.wpengine.com\/notre-dame-de-lorette\/?page_id=482"},"modified":"2025-08-26T16:44:54","modified_gmt":"2025-08-26T21:44:54","slug":"service-alimentaire","status":"publish","type":"page","link":"https:\/\/csstl.gouv.qc.ca\/notre-dame-de-lorette\/service-alimentaire\/","title":{"rendered":"Service alimentaire"},"content":{"rendered":"\n<p>Un service de repas chauds est disponible \u00e0 l&rsquo;\u00e9cole (concessionnaire alimentaire madame Suzanne Plouffe).&nbsp; Les parents&nbsp;peuvent&nbsp;acheter des coupons \u00e0 l&rsquo;avance ou&nbsp;lorsqu&rsquo;ils le d\u00e9sirent pour permettre aux enfants de commander les menus. Il n&rsquo;y a aucun micro-ondes dans les classes ni au service de garde.<\/p>\n\n\n\n<ul class=\"wp-block-list\">\n<li><a href=\"https:\/\/media.csstl.gouv.qc.ca\/wp-content\/uploads\/sites\/47\/2025\/08\/26164015\/3.-Presentation_2025-2026_Parents.pdf\">Lettre aux parents<\/a><\/li>\n\n\n\n<li><a href=\"https:\/\/media.csstl.gouv.qc.ca\/wp-content\/uploads\/sites\/47\/2025\/08\/26164007\/3.-Carte_2025-2026.pdf\">Menu \u00e0 la carte 2025-2026<\/a><\/li>\n\n\n\n<li><a href=\"https:\/\/media.csstl.gouv.qc.ca\/wp-content\/uploads\/sites\/47\/2025\/08\/26164010\/3.-Menus_Ecoles2025-2026.pdf\">Menu 2025-2026<\/a><\/li>\n\n\n\n<li><a href=\"https:\/\/media.csstl.gouv.qc.ca\/wp-content\/uploads\/sites\/47\/2025\/08\/26164004\/3.-Bondecommande_2025-2026.pdf\">Bon de commande 2025-2026<\/a><\/li>\n<\/ul>\n","protected":false},"excerpt":{"rendered":"<p>Un service de repas chauds est disponible \u00e0 l&rsquo;\u00e9cole (concessionnaire alimentaire madame Suzanne Plouffe).&nbsp; Les parents&nbsp;peuvent&nbsp;acheter des coupons \u00e0 l&rsquo;avance ou&nbsp;lorsqu&rsquo;ils le d\u00e9sirent pour permettre aux enfants de commander les menus. Il n&rsquo;y a aucun micro-ondes dans les classes ni au service de garde.<\/p>\n","protected":false},"author":2,"featured_media":0,"parent":0,"menu_order":0,"comment_status":"closed","ping_status":"closed","template":"","meta":{"_genesis_hide_title":false,"_genesis_hide_breadcrumbs":false,"_genesis_hide_singular_image":false,"_genesis_hide_footer_widgets":false,"_genesis_custom_body_class":"","_genesis_custom_post_class":"","_genesis_layout":"","footnotes":""},"class_list":{"0":"post-482","1":"page","2":"type-page","3":"status-publish","5":"entry"},"featured_image_src":null,"featured_image_src_square":null,"_links":{"self":[{"href":"https:\/\/csstl.gouv.qc.ca\/notre-dame-de-lorette\/wp-json\/wp\/v2\/pages\/482","targetHints":{"allow":["GET"]}}],"collection":[{"href":"https:\/\/csstl.gouv.qc.ca\/notre-dame-de-lorette\/wp-json\/wp\/v2\/pages"}],"about":[{"href":"https:\/\/csstl.gouv.qc.ca\/notre-dame-de-lorette\/wp-json\/wp\/v2\/types\/page"}],"author":[{"embeddable":true,"href":"https:\/\/csstl.gouv.qc.ca\/notre-dame-de-lorette\/wp-json\/wp\/v2\/users\/2"}],"replies":[{"embeddable":true,"href":"https:\/\/csstl.gouv.qc.ca\/notre-dame-de-lorette\/wp-json\/wp\/v2\/comments?post=482"}],"version-history":[{"count":0,"href":"https:\/\/csstl.gouv.qc.ca\/notre-dame-de-lorette\/wp-json\/wp\/v2\/pages\/482\/revisions"}],"wp:attachment":[{"href":"https:\/\/csstl.gouv.qc.ca\/notre-dame-de-lorette\/wp-json\/wp\/v2\/media?parent=482"}],"curies":[{"name":"wp","href":"https:\/\/api.w.org\/{rel}","templated":true}]}}