{"id":1008,"date":"2022-10-17T08:44:33","date_gmt":"2022-10-17T13:44:33","guid":{"rendered":"https:\/\/cs3lacs.wpengine.com\/notre-dame-de-lorette\/?page_id=1008"},"modified":"2022-12-06T16:03:07","modified_gmt":"2022-12-06T21:03:07","slug":"reglements","status":"publish","type":"page","link":"https:\/\/csstl.gouv.qc.ca\/notre-dame-de-lorette\/reglements\/","title":{"rendered":"R\u00e8glements"},"content":{"rendered":"\n<p>Le code de vie vous informe des r\u00e8gles appliqu\u00e9es \u00e0 l&rsquo;\u00e9cole Notre-Dame de Lorette.\u00a0 L&rsquo;objectif est de responsabiliser l&rsquo;\u00e9l\u00e8ve dans ses attitudes et ses comportements face \u00e0 son environnement scolaire et dans le respect de tous.<\/p>\n\n\n\n<p>Ces r\u00e8gles sont des moyens pour aider nos \u00e9l\u00e8ves \u00e0&nbsp; respecter la vie de groupe. Les mesures correctives qui appuient ces r\u00e8gles sugg\u00e8rent des attitudes agr\u00e9ables en soci\u00e9t\u00e9. Le r\u00e8glement s&rsquo;appuie sur des conditions sociales majoritairement accept\u00e9es et sur des comportements attendus dans le respect du projet \u00e9ducatif.<\/p>\n\n\n\n<p>Le comportement positif des \u00e9l\u00e8ves est reconnu \u00e0 l&rsquo;\u00e9cole. Chaque \u00e9cole a son propre protocole qui est \u00e9tabli en d\u00e9but d&rsquo;ann\u00e9e.<\/p>\n\n\n\n<p>Nous vous prions de prendre connaissance de cette d\u00e9marche \u00e9ducative et d&rsquo;inciter votre enfant \u00e0 enrichir sa qualit\u00e9 de vie \u00e0 l&rsquo;\u00e9cole par le travail bien fait et un comportement refl\u00e9tant la fiert\u00e9.<\/p>\n\n\n\n<p>L&rsquo;\u00e9quipe-\u00e9cole et la direction<\/p>\n\n\n\n<ul class=\"wp-block-list\">\n<li><a href=\"https:\/\/media.csstl.gouv.qc.ca\/wp-content\/uploads\/sites\/47\/2022\/11\/28112220\/Modalites_du_code_de_vie_19-20_version_finale_agenda.pdf\" data-type=\"attachment\" data-id=\"1128\" target=\"_blank\" rel=\"noreferrer noopener\">Code de vie<\/a><\/li>\n\n\n\n<li><a href=\"https:\/\/media.csstl.gouv.qc.ca\/wp-content\/uploads\/sites\/47\/2022\/11\/28112215\/PPT_code_de_vie_aux_eleves.pdf\" data-type=\"attachment\" data-id=\"1127\" target=\"_blank\" rel=\"noreferrer noopener\">Pr\u00e9sentation du code de vie aux \u00e9l\u00e8ves<\/a><\/li>\n\n\n\n<li><a href=\"https:\/\/media.csstl.gouv.qc.ca\/wp-content\/uploads\/sites\/47\/2022\/11\/28112222\/fiches_roses_19-20_002.pdf\" data-type=\"attachment\" data-id=\"1129\" target=\"_blank\" rel=\"noreferrer noopener\">Fiches rose<\/a><\/li>\n<\/ul>\n","protected":false},"excerpt":{"rendered":"<p>Le code de vie vous informe des r\u00e8gles appliqu\u00e9es \u00e0 l&rsquo;\u00e9cole Notre-Dame de Lorette.\u00a0 L&rsquo;objectif est de responsabiliser l&rsquo;\u00e9l\u00e8ve dans ses attitudes et ses comportements face \u00e0 son environnement scolaire et dans le respect de tous. Ces r\u00e8gles sont des moyens pour aider nos \u00e9l\u00e8ves \u00e0&nbsp; respecter la vie de groupe. Les mesures correctives qui [&hellip;]<\/p>\n","protected":false},"author":2,"featured_media":0,"parent":0,"menu_order":0,"comment_status":"closed","ping_status":"closed","template":"","meta":{"_genesis_hide_title":false,"_genesis_hide_breadcrumbs":false,"_genesis_hide_singular_image":false,"_genesis_hide_footer_widgets":false,"_genesis_custom_body_class":"","_genesis_custom_post_class":"","_genesis_layout":"","footnotes":""},"class_list":{"0":"post-1008","1":"page","2":"type-page","3":"status-publish","5":"entry"},"featured_image_src":null,"featured_image_src_square":null,"_links":{"self":[{"href":"https:\/\/csstl.gouv.qc.ca\/notre-dame-de-lorette\/wp-json\/wp\/v2\/pages\/1008","targetHints":{"allow":["GET"]}}],"collection":[{"href":"https:\/\/csstl.gouv.qc.ca\/notre-dame-de-lorette\/wp-json\/wp\/v2\/pages"}],"about":[{"href":"https:\/\/csstl.gouv.qc.ca\/notre-dame-de-lorette\/wp-json\/wp\/v2\/types\/page"}],"author":[{"embeddable":true,"href":"https:\/\/csstl.gouv.qc.ca\/notre-dame-de-lorette\/wp-json\/wp\/v2\/users\/2"}],"replies":[{"embeddable":true,"href":"https:\/\/csstl.gouv.qc.ca\/notre-dame-de-lorette\/wp-json\/wp\/v2\/comments?post=1008"}],"version-history":[{"count":0,"href":"https:\/\/csstl.gouv.qc.ca\/notre-dame-de-lorette\/wp-json\/wp\/v2\/pages\/1008\/revisions"}],"wp:attachment":[{"href":"https:\/\/csstl.gouv.qc.ca\/notre-dame-de-lorette\/wp-json\/wp\/v2\/media?parent=1008"}],"curies":[{"name":"wp","href":"https:\/\/api.w.org\/{rel}","templated":true}]}}