{"id":670,"date":"2019-08-26T14:50:14","date_gmt":"2019-08-26T19:50:14","guid":{"rendered":"https:\/\/cs3lacs.wpengine.com\/notre-dame-de-la-garde\/?page_id=670"},"modified":"2025-12-10T10:08:54","modified_gmt":"2025-12-10T15:08:54","slug":"vie-scolaire","status":"publish","type":"page","link":"https:\/\/csstl.gouv.qc.ca\/notre-dame-de-la-garde\/vie-scolaire\/","title":{"rendered":"Vie scolaire"},"content":{"rendered":"\n<h2 class=\"wp-block-heading\">Activit\u00e9s parascolaires<\/h2>\n\n\n\n<p><strong>Parascoplus : Deux activit\u00e9s offertes d&rsquo;une dur\u00e9e de 8 semaines pour les \u00e9l\u00e8ves de 1re \u00e0 6e ann\u00e9e<\/strong><\/p>\n\n\n\n<ul class=\"wp-block-list\">\n<li>Danse Hip-Hop : les lundis midi<strong> 120 $<\/strong> \u00e0 compter du 6 octobre 2025<\/li>\n\n\n\n<li>La Mallette \u00e0 bijoux : les jeudis midi <strong>150 $<\/strong> \u00e0 compter du 9 octobre 2025<\/li>\n<\/ul>\n\n\n\n<p>____________________________________________________________________________________<\/p>\n\n\n\n<p><strong>Ateliers artistiques 123GoBrico avec Chantale Lavall\u00e9e<\/strong><\/p>\n\n\n\n<ul class=\"wp-block-list\">\n<li>les mardis midi <strong>150 $<\/strong> pour tous les \u00e9l\u00e8ves pour 8 semaines<\/li>\n\n\n\n<li>du 30 septembre au 18 novembre 2025<\/li>\n<\/ul>\n\n\n\n<p>____________________________________________________________________________________<\/p>\n\n\n\n<p><strong>Ateliers artistiques 123GoBrico avec Chantale Lavall\u00e9e<\/strong><\/p>\n\n\n\n<ul class=\"wp-block-list\">\n<li>les mardis midi <strong>150 $<\/strong> pour tous les \u00e9l\u00e8ves pour 8 semaines<\/li>\n\n\n\n<li>du 13 janvier au 10 mars 2026<\/li>\n<\/ul>\n\n\n\n<p><\/p>\n","protected":false},"excerpt":{"rendered":"<p>Activit\u00e9s parascolaires Parascoplus : Deux activit\u00e9s offertes d&rsquo;une dur\u00e9e de 8 semaines pour les \u00e9l\u00e8ves de 1re \u00e0 6e ann\u00e9e ____________________________________________________________________________________ Ateliers artistiques 123GoBrico avec Chantale Lavall\u00e9e ____________________________________________________________________________________ Ateliers artistiques 123GoBrico avec Chantale Lavall\u00e9e<\/p>\n","protected":false},"author":2,"featured_media":0,"parent":0,"menu_order":0,"comment_status":"closed","ping_status":"closed","template":"","meta":{"_genesis_hide_title":false,"_genesis_hide_breadcrumbs":false,"_genesis_hide_singular_image":false,"_genesis_hide_footer_widgets":false,"_genesis_custom_body_class":"","_genesis_custom_post_class":"","_genesis_layout":"","footnotes":""},"class_list":{"0":"post-670","1":"page","2":"type-page","3":"status-publish","5":"entry"},"featured_image_src":null,"featured_image_src_square":null,"_links":{"self":[{"href":"https:\/\/csstl.gouv.qc.ca\/notre-dame-de-la-garde\/wp-json\/wp\/v2\/pages\/670","targetHints":{"allow":["GET"]}}],"collection":[{"href":"https:\/\/csstl.gouv.qc.ca\/notre-dame-de-la-garde\/wp-json\/wp\/v2\/pages"}],"about":[{"href":"https:\/\/csstl.gouv.qc.ca\/notre-dame-de-la-garde\/wp-json\/wp\/v2\/types\/page"}],"author":[{"embeddable":true,"href":"https:\/\/csstl.gouv.qc.ca\/notre-dame-de-la-garde\/wp-json\/wp\/v2\/users\/2"}],"replies":[{"embeddable":true,"href":"https:\/\/csstl.gouv.qc.ca\/notre-dame-de-la-garde\/wp-json\/wp\/v2\/comments?post=670"}],"version-history":[{"count":0,"href":"https:\/\/csstl.gouv.qc.ca\/notre-dame-de-la-garde\/wp-json\/wp\/v2\/pages\/670\/revisions"}],"wp:attachment":[{"href":"https:\/\/csstl.gouv.qc.ca\/notre-dame-de-la-garde\/wp-json\/wp\/v2\/media?parent=670"}],"curies":[{"name":"wp","href":"https:\/\/api.w.org\/{rel}","templated":true}]}}