{"id":1245,"date":"2024-09-09T10:26:07","date_gmt":"2024-09-09T15:26:07","guid":{"rendered":"https:\/\/csstl.gouv.qc.ca\/notre-dame-de-la-garde\/?page_id=1245"},"modified":"2024-09-17T13:08:34","modified_gmt":"2024-09-17T18:08:34","slug":"projet-educatif-2","status":"publish","type":"page","link":"https:\/\/csstl.gouv.qc.ca\/notre-dame-de-la-garde\/projet-educatif-2\/","title":{"rendered":"Projet \u00e9ducatif"},"content":{"rendered":"\n<p><a href=\"https:\/\/media.csstl.gouv.qc.ca\/wp-content\/uploads\/sites\/46\/2024\/09\/17130725\/Projet-educatif-2023-2027-de-lecole-Notre-Dame-de-la-Garde-avec-nouveau-logo.pdf\" data-type=\"attachment\" data-id=\"1264\">Projet \u00e9ducatif 2023-2027<\/a><\/p>\n\n\n\n<p><strong><a href=\"https:\/\/media.csstl.gouv.qc.ca\/wp-content\/uploads\/sites\/46\/2024\/09\/09101245\/Resume-projet-educatif-NDG-23-27-1.pdf\" data-type=\"attachment\" data-id=\"1243\">R\u00e9sum\u00e9 du projet \u00e9ducatif 2023-2027<\/a><\/strong> <\/p>\n","protected":false},"excerpt":{"rendered":"<p>Projet \u00e9ducatif 2023-2027 R\u00e9sum\u00e9 du projet \u00e9ducatif 2023-2027<\/p>\n","protected":false},"author":133,"featured_media":0,"parent":0,"menu_order":0,"comment_status":"closed","ping_status":"closed","template":"","meta":{"_genesis_hide_title":false,"_genesis_hide_breadcrumbs":false,"_genesis_hide_singular_image":false,"_genesis_hide_footer_widgets":false,"_genesis_custom_body_class":"","_genesis_custom_post_class":"","_genesis_layout":"","footnotes":""},"class_list":{"0":"post-1245","1":"page","2":"type-page","3":"status-publish","5":"entry"},"featured_image_src":null,"featured_image_src_square":null,"_links":{"self":[{"href":"https:\/\/csstl.gouv.qc.ca\/notre-dame-de-la-garde\/wp-json\/wp\/v2\/pages\/1245","targetHints":{"allow":["GET"]}}],"collection":[{"href":"https:\/\/csstl.gouv.qc.ca\/notre-dame-de-la-garde\/wp-json\/wp\/v2\/pages"}],"about":[{"href":"https:\/\/csstl.gouv.qc.ca\/notre-dame-de-la-garde\/wp-json\/wp\/v2\/types\/page"}],"author":[{"embeddable":true,"href":"https:\/\/csstl.gouv.qc.ca\/notre-dame-de-la-garde\/wp-json\/wp\/v2\/users\/133"}],"replies":[{"embeddable":true,"href":"https:\/\/csstl.gouv.qc.ca\/notre-dame-de-la-garde\/wp-json\/wp\/v2\/comments?post=1245"}],"version-history":[{"count":0,"href":"https:\/\/csstl.gouv.qc.ca\/notre-dame-de-la-garde\/wp-json\/wp\/v2\/pages\/1245\/revisions"}],"wp:attachment":[{"href":"https:\/\/csstl.gouv.qc.ca\/notre-dame-de-la-garde\/wp-json\/wp\/v2\/media?parent=1245"}],"curies":[{"name":"wp","href":"https:\/\/api.w.org\/{rel}","templated":true}]}}

Projet éducatif

<p><a href="https://media.csstl.gouv.qc.ca/wp-content/uploads/sites/46/2024/09/17130725/Projet-educatif-2023-2027-de-lecole-Notre-Dame-de-la-Garde-avec-nouveau-logo.pdf" data-type="attachment" data-id="1264">Projet éducatif 2023-2027</a></p>



<p><strong><a href="https://media.csstl.gouv.qc.ca/wp-content/uploads/sites/46/2024/09/09101245/Resume-projet-educatif-NDG-23-27-1.pdf" data-type="attachment" data-id="1243">Résumé du projet éducatif 2023-2027</a></strong> </p>

<p>Projet éducatif 2023-2027 Résumé du projet éducatif 2023-2027</p>
