{"id":670,"date":"2019-08-26T14:50:14","date_gmt":"2019-08-26T19:50:14","guid":{"rendered":"https:\/\/cs3lacs.wpengine.com\/marguerite-bourgeoys\/?page_id=670"},"modified":"2024-03-18T14:26:34","modified_gmt":"2024-03-18T19:26:34","slug":"vie-scolaire","status":"publish","type":"page","link":"https:\/\/csstl.gouv.qc.ca\/marguerite-bourgeoys\/vie-scolaire\/","title":{"rendered":"Vie scolaire"},"content":{"rendered":"\n<p><strong>Informations concernant l&rsquo;\u00e9clipse solaire du 8 avril 2024<\/strong><\/p>\n\n\n\n<p><a href=\"https:\/\/media.csstl.gouv.qc.ca\/wp-content\/uploads\/sites\/45\/2024\/03\/18135305\/Eclipse-8-avril-Lettre-aux-parents-Primaire-Maintien-12.03.2024.pdf\" data-type=\"attachment\" data-id=\"1208\" target=\"_blank\" rel=\"noreferrer noopener\">Lettre de l&rsquo;\u00e9cole<\/a><\/p>\n\n\n\n<p><strong>Planifications par degr\u00e9 scolaire<\/strong><br><a href=\"https:\/\/media.csstl.gouv.qc.ca\/wp-content\/uploads\/sites\/45\/2024\/03\/18135309\/Planification-1re-annee-eclipse-solaire.pdf\" data-type=\"attachment\" data-id=\"1209\" target=\"_blank\" rel=\"noreferrer noopener\">1re ann\u00e9e<\/a><br><a href=\"https:\/\/media.csstl.gouv.qc.ca\/wp-content\/uploads\/sites\/45\/2024\/03\/18135328\/Planification-2e-annee-eclipse-solaire.pdf\" data-type=\"attachment\" data-id=\"1210\" target=\"_blank\" rel=\"noreferrer noopener\">2e ann\u00e9e<\/a><br><a href=\"https:\/\/media.csstl.gouv.qc.ca\/wp-content\/uploads\/sites\/45\/2024\/03\/18135332\/Planification-3e-annee-eclipse-solaire.pdf\" data-type=\"attachment\" data-id=\"1211\" target=\"_blank\" rel=\"noreferrer noopener\">3e ann\u00e9e<\/a><br><a href=\"https:\/\/media.csstl.gouv.qc.ca\/wp-content\/uploads\/sites\/45\/2024\/03\/18135335\/Planification-4e-annee-eclipse-solaire.pdf\" data-type=\"attachment\" data-id=\"1212\" target=\"_blank\" rel=\"noreferrer noopener\">4e ann\u00e9e<\/a><br><a href=\"https:\/\/media.csstl.gouv.qc.ca\/wp-content\/uploads\/sites\/45\/2024\/03\/18135338\/Planification-5e-annee-eclipse-solaire.pdf\" data-type=\"attachment\" data-id=\"1213\" target=\"_blank\" rel=\"noreferrer noopener\">5e ann\u00e9e<\/a><br><a href=\"https:\/\/media.csstl.gouv.qc.ca\/wp-content\/uploads\/sites\/45\/2024\/03\/18135341\/Planification-6e-annee-eclipse-solaire.pdf\" data-type=\"attachment\" data-id=\"1214\" target=\"_blank\" rel=\"noreferrer noopener\">6e ann\u00e9e<\/a><br><a href=\"https:\/\/media.csstl.gouv.qc.ca\/wp-content\/uploads\/sites\/45\/2024\/03\/18135345\/Planification-702-703-eclipse-solaire.pdf\" data-type=\"attachment\" data-id=\"1215\" target=\"_blank\" rel=\"noreferrer noopener\">Classes BLEU &#8211; 702 et 703<\/a><\/p>\n\n\n\n<p><\/p>\n","protected":false},"excerpt":{"rendered":"<p>Informations concernant l&rsquo;\u00e9clipse solaire du 8 avril 2024 Lettre de l&rsquo;\u00e9cole Planifications par degr\u00e9 scolaire1re ann\u00e9e2e ann\u00e9e3e ann\u00e9e4e ann\u00e9e5e ann\u00e9e6e ann\u00e9eClasses BLEU &#8211; 702 et 703<\/p>\n","protected":false},"author":2,"featured_media":0,"parent":0,"menu_order":0,"comment_status":"closed","ping_status":"closed","template":"","meta":{"_genesis_hide_title":false,"_genesis_hide_breadcrumbs":false,"_genesis_hide_singular_image":false,"_genesis_hide_footer_widgets":false,"_genesis_custom_body_class":"","_genesis_custom_post_class":"","_genesis_layout":"","footnotes":""},"class_list":{"0":"post-670","1":"page","2":"type-page","3":"status-publish","5":"entry"},"featured_image_src":null,"featured_image_src_square":null,"_links":{"self":[{"href":"https:\/\/csstl.gouv.qc.ca\/marguerite-bourgeoys\/wp-json\/wp\/v2\/pages\/670","targetHints":{"allow":["GET"]}}],"collection":[{"href":"https:\/\/csstl.gouv.qc.ca\/marguerite-bourgeoys\/wp-json\/wp\/v2\/pages"}],"about":[{"href":"https:\/\/csstl.gouv.qc.ca\/marguerite-bourgeoys\/wp-json\/wp\/v2\/types\/page"}],"author":[{"embeddable":true,"href":"https:\/\/csstl.gouv.qc.ca\/marguerite-bourgeoys\/wp-json\/wp\/v2\/users\/2"}],"replies":[{"embeddable":true,"href":"https:\/\/csstl.gouv.qc.ca\/marguerite-bourgeoys\/wp-json\/wp\/v2\/comments?post=670"}],"version-history":[{"count":0,"href":"https:\/\/csstl.gouv.qc.ca\/marguerite-bourgeoys\/wp-json\/wp\/v2\/pages\/670\/revisions"}],"wp:attachment":[{"href":"https:\/\/csstl.gouv.qc.ca\/marguerite-bourgeoys\/wp-json\/wp\/v2\/media?parent=670"}],"curies":[{"name":"wp","href":"https:\/\/api.w.org\/{rel}","templated":true}]}}