{"id":10,"date":"2019-02-06T13:15:15","date_gmt":"2019-02-06T13:15:15","guid":{"rendered":"http:\/\/cs3lacs.wpengine.com\/marguerite-bourgeoys\/?page_id=10"},"modified":"2024-10-25T09:56:13","modified_gmt":"2024-10-25T14:56:13","slug":"conseil-detablissement","status":"publish","type":"page","link":"https:\/\/csstl.gouv.qc.ca\/marguerite-bourgeoys\/conseil-detablissement\/","title":{"rendered":"Conseil d&rsquo;\u00e9tablissement"},"content":{"rendered":"\n<p>Les s\u00e9ances du conseil d&rsquo;\u00e9tablissement sont publiques et vous pouvez y assister. Les rencontres se font en pr\u00e9sentiel ou sur TEAMS selon la r\u00e9gie interne. Vous devez manifester votre intention d&rsquo;y participer en communiquant avec nous \u00e0 l&rsquo;<a href=\"https:\/\/csstl.gouv.qc.ca\/marguerite-bourgeoys\/nous-joindre\/\" data-type=\"page\" data-id=\"25\" target=\"_blank\" rel=\"noreferrer noopener\">aide du formulaire sur la page Nous joindre<\/a>. <\/p>\n\n\n\n<h2 class=\"wp-block-heading\">Membres du conseil d&rsquo;\u00e9tablissement 2024-2025<\/h2>\n\n\n\n<ul class=\"wp-block-list\">\n<li>Marie-\u00c8ve Provost-Larose | pr\u00e9sident et repr\u00e9sentant au comit\u00e9 de parents<\/li>\n\n\n\n<li>Genevi\u00e8ve Leblanc | membre<\/li>\n\n\n\n<li>Vanessa Soucy | Repr\u00e9sentante au comit\u00e9 de parent<\/li>\n\n\n\n<li>Diane Dufresne | membre et substitut au comit\u00e9 de parents<\/li>\n\n\n\n<li>Marie-Claude Morin| parent substitut<\/li>\n\n\n\n<li>Isabelle Laberge | parent substitut<\/li>\n\n\n\n<li>St\u00e9phane Germain | parent substitut<\/li>\n\n\n\n<li>Nathalie Genesse | enseignante<\/li>\n\n\n\n<li>Marie-H\u00e9l\u00e8ne Patry| enseignante <\/li>\n\n\n\n<li>\u00c9lisabeth Boucher | enseignante<\/li>\n\n\n\n<li>Jos\u00e9e Lacoste | technicienne du service de garde<\/li>\n<\/ul>\n\n\n\n<h2 class=\"wp-block-heading\">Calendrier des rencontres de 2024-2025<\/h2>\n\n\n\n<p>Les rencontres du conseil d&rsquo;\u00e9tablissement se d\u00e9roule d\u00e8s 19 h aux dates suivantes : <\/p>\n\n\n\n<ul class=\"wp-block-list\">\n<li>11 septembre 2024<\/li>\n\n\n\n<li>27 novembre 2024<\/li>\n\n\n\n<li>19 f\u00e9vrier 2025 &#8211; en virtuel<\/li>\n\n\n\n<li>16 avril 2025<\/li>\n\n\n\n<li>14 mai 2025<\/li>\n\n\n\n<li>11 juin 2025(au besoin)<\/li>\n<\/ul>\n\n\n\n<h2 class=\"wp-block-heading\">Autres documents<\/h2>\n\n\n\n<ul class=\"wp-block-list\">\n<li><a href=\"https:\/\/media.csstl.gouv.qc.ca\/wp-content\/uploads\/sites\/45\/2023\/09\/18132208\/Regie-interne-SDG-23-24-2.pdf\" data-type=\"attachment\" data-id=\"1191\" target=\"_blank\" rel=\"noreferrer noopener\">R\u00e9gie interne<\/a><\/li>\n\n\n\n<li>AG 2023<\/li>\n\n\n\n<li><a href=\"https:\/\/media.csstl.gouv.qc.ca\/wp-content\/uploads\/sites\/45\/2024\/10\/25095538\/Rapport-annuel_MB_2023-2024.pdf\">Rapport annuel 2023-2024<\/a><\/li>\n\n\n\n<li>PV rencontre <\/li>\n<\/ul>\n\n\n\n\t\t<div class=\"wppdfemb-frame-container-1\" style=\"-webkit-overflow-scrolling:auto;\">\n\t\t\t<iframe class=\"pdfembed-iframe nonfullscreen wppdf-emb-iframe-1\"\n\t\t\t\tsrc=\"https:\/\/csstl.gouv.qc.ca\/marguerite-bourgeoys\/?pdfemb-data=eyJwZGZJRCI6MTE5NiwidXJsIjoiaHR0cHM6XC9cL21lZGlhLmNzc3RsLmdvdXYucWMuY2FcL3dwLWNvbnRlbnRcL3VwbG9hZHNcL3NpdGVzXC80NVwvMjAyM1wvMTFcLzMwMTkwNjA0XC8xLjEtUFZfQ0UxM3NlcHQyM01CLnBkZiIsImluZGV4IjoxLCJ3bV90ZXh0IjoiIn0\"\n\t\t\t\t\t\t\t\tdata-pdf-id=\"1196\"\n\t\t\t\tdata-pdf-index=\"1\"\n\t\t\t\tstyle=\"border:none;width:100%;max-width:100%;height:100vh;\"\n\t\t\t\tscrolling=\"yes\">\n\t\t\t<\/iframe>\n\t\t<\/div>\n\n\t\t\n<p class=\"wp-block-pdfemb-pdf-embedder-viewer\"><\/p>\n\n\n\n<p><\/p>\n","protected":false},"excerpt":{"rendered":"<p>Les s\u00e9ances du conseil d&rsquo;\u00e9tablissement sont publiques et vous pouvez y assister. Les rencontres se font en pr\u00e9sentiel ou sur TEAMS selon la r\u00e9gie interne. Vous devez manifester votre intention d&rsquo;y participer en communiquant avec nous \u00e0 l&rsquo;aide du formulaire sur la page Nous joindre. Membres du conseil d&rsquo;\u00e9tablissement 2024-2025 Calendrier des rencontres de 2024-2025 [&hellip;]<\/p>\n","protected":false},"author":2,"featured_media":0,"parent":0,"menu_order":11,"comment_status":"closed","ping_status":"closed","template":"","meta":{"_genesis_hide_title":false,"_genesis_hide_breadcrumbs":false,"_genesis_hide_singular_image":false,"_genesis_hide_footer_widgets":false,"_genesis_custom_body_class":"","_genesis_custom_post_class":"","_genesis_layout":"","footnotes":""},"class_list":{"0":"post-10","1":"page","2":"type-page","3":"status-publish","5":"entry"},"featured_image_src":null,"featured_image_src_square":null,"_links":{"self":[{"href":"https:\/\/csstl.gouv.qc.ca\/marguerite-bourgeoys\/wp-json\/wp\/v2\/pages\/10","targetHints":{"allow":["GET"]}}],"collection":[{"href":"https:\/\/csstl.gouv.qc.ca\/marguerite-bourgeoys\/wp-json\/wp\/v2\/pages"}],"about":[{"href":"https:\/\/csstl.gouv.qc.ca\/marguerite-bourgeoys\/wp-json\/wp\/v2\/types\/page"}],"author":[{"embeddable":true,"href":"https:\/\/csstl.gouv.qc.ca\/marguerite-bourgeoys\/wp-json\/wp\/v2\/users\/2"}],"replies":[{"embeddable":true,"href":"https:\/\/csstl.gouv.qc.ca\/marguerite-bourgeoys\/wp-json\/wp\/v2\/comments?post=10"}],"version-history":[{"count":0,"href":"https:\/\/csstl.gouv.qc.ca\/marguerite-bourgeoys\/wp-json\/wp\/v2\/pages\/10\/revisions"}],"wp:attachment":[{"href":"https:\/\/csstl.gouv.qc.ca\/marguerite-bourgeoys\/wp-json\/wp\/v2\/media?parent=10"}],"curies":[{"name":"wp","href":"https:\/\/api.w.org\/{rel}","templated":true}]}}