{"id":670,"date":"2019-08-26T14:50:14","date_gmt":"2019-08-26T19:50:14","guid":{"rendered":"https:\/\/cs3lacs.wpengine.com\/leopold-carriere\/?page_id=670"},"modified":"2026-01-14T09:03:59","modified_gmt":"2026-01-14T14:03:59","slug":"vie-scolaire","status":"publish","type":"page","link":"https:\/\/csstl.gouv.qc.ca\/leopold-carriere\/vie-scolaire\/","title":{"rendered":"Vie scolaire"},"content":{"rendered":"\n<h2 class=\"wp-block-heading\"><span style=\"color: var(--stk-global-color-26594, #000000)\" class=\"stk-highlight\">Activit\u00e9s parascolaires du midi<\/span><\/h2>\n\n\n\n<p>Voici les informations concernant les activit\u00e9s parascolaires  :<\/p>\n\n\n\n<ul class=\"wp-block-list\">\n<li>Taekwondo (dur\u00e9e 8 semaines) &#8211; mardi de 11 h 30 \u00e0 12 h10 &#8211; date limite d&rsquo;inscription 13 janvier 2026<\/li>\n\n\n\n<li>La fabrique ludique (dur\u00e9e 8 semaines) &#8211; lundi de 11 h 55 \u00e0 12 h 45 &#8211; d\u00e9but de l&rsquo;activit\u00e9 12 janvier 2026<\/li>\n\n\n\n<li>Atelier de survie &#8211; 3,4,5 et 6 &#8211; mercredi 11 h 25 \u00e0 12 h 45 &#8211; date limite d&rsquo;inscription 16 janvier 2026<\/li>\n<\/ul>\n\n\n\n<p>Merci de communiquer directement avec les organismes pour plus d&rsquo;informations.<\/p>\n","protected":false},"excerpt":{"rendered":"<p>Activit\u00e9s parascolaires du midi Voici les informations concernant les activit\u00e9s parascolaires : Merci de communiquer directement avec les organismes pour plus d&rsquo;informations.<\/p>\n","protected":false},"author":2,"featured_media":0,"parent":0,"menu_order":0,"comment_status":"closed","ping_status":"closed","template":"","meta":{"_genesis_hide_title":false,"_genesis_hide_breadcrumbs":false,"_genesis_hide_singular_image":false,"_genesis_hide_footer_widgets":false,"_genesis_custom_body_class":"","_genesis_custom_post_class":"","_genesis_layout":"","footnotes":""},"class_list":{"0":"post-670","1":"page","2":"type-page","3":"status-publish","5":"entry"},"featured_image_src":null,"featured_image_src_square":null,"_links":{"self":[{"href":"https:\/\/csstl.gouv.qc.ca\/leopold-carriere\/wp-json\/wp\/v2\/pages\/670","targetHints":{"allow":["GET"]}}],"collection":[{"href":"https:\/\/csstl.gouv.qc.ca\/leopold-carriere\/wp-json\/wp\/v2\/pages"}],"about":[{"href":"https:\/\/csstl.gouv.qc.ca\/leopold-carriere\/wp-json\/wp\/v2\/types\/page"}],"author":[{"embeddable":true,"href":"https:\/\/csstl.gouv.qc.ca\/leopold-carriere\/wp-json\/wp\/v2\/users\/2"}],"replies":[{"embeddable":true,"href":"https:\/\/csstl.gouv.qc.ca\/leopold-carriere\/wp-json\/wp\/v2\/comments?post=670"}],"version-history":[{"count":0,"href":"https:\/\/csstl.gouv.qc.ca\/leopold-carriere\/wp-json\/wp\/v2\/pages\/670\/revisions"}],"wp:attachment":[{"href":"https:\/\/csstl.gouv.qc.ca\/leopold-carriere\/wp-json\/wp\/v2\/media?parent=670"}],"curies":[{"name":"wp","href":"https:\/\/api.w.org\/{rel}","templated":true}]}}