{"id":10,"date":"2019-02-06T13:15:15","date_gmt":"2019-02-06T13:15:15","guid":{"rendered":"http:\/\/cs3lacs.wpengine.com\/hymne-au-printemps\/?page_id=10"},"modified":"2025-09-02T15:16:44","modified_gmt":"2025-09-02T20:16:44","slug":"conseil-detablissement","status":"publish","type":"page","link":"https:\/\/csstl.gouv.qc.ca\/hymne-au-printemps\/conseil-detablissement\/","title":{"rendered":"Conseil d&rsquo;\u00e9tablissement"},"content":{"rendered":"\n<p>Le conseil d&rsquo;\u00e9tablissement de l&rsquo;\u00e9cole de l&rsquo;Hymne-au-Printemps est compos\u00e9 de parents, d&rsquo;enseignants et d&rsquo;un membre du personnel de soutien.&nbsp; Ensemble, il d\u00e9veloppe le projet \u00e9ducatif de l&rsquo;\u00e9cole de l&rsquo;Hymne-au-Printemps.&nbsp; Cette section contient les proc\u00e8s-verbaux des rencontres de l&rsquo;ann\u00e9e.<\/p>\n\n\n\n<h2 class=\"wp-block-heading\">Calendrier des rencontres 2025-2026<\/h2>\n\n\n\n<ul class=\"wp-block-list\">\n<li>Dates \u00e0 venir<\/li>\n<\/ul>\n\n\n\n<h1 class=\"wp-block-heading\">Assembl\u00e9e g\u00e9n\u00e9rale annuelle<\/h1>\n\n\n\n<p><a href=\"https:\/\/media.csstl.gouv.qc.ca\/wp-content\/uploads\/sites\/41\/2025\/09\/02151202\/Invitation-a-lAssemblee-annuelle-25-26.pdf\" data-type=\"attachment\" data-id=\"1316\" target=\"_blank\" rel=\"noreferrer noopener\">Invitation &#8211; Assembl\u00e9e g\u00e9n\u00e9rale annuelle 2025-2026<\/a><\/p>\n\n\n\n<p><\/p>\n","protected":false},"excerpt":{"rendered":"<p>Le conseil d&rsquo;\u00e9tablissement de l&rsquo;\u00e9cole de l&rsquo;Hymne-au-Printemps est compos\u00e9 de parents, d&rsquo;enseignants et d&rsquo;un membre du personnel de soutien.&nbsp; Ensemble, il d\u00e9veloppe le projet \u00e9ducatif de l&rsquo;\u00e9cole de l&rsquo;Hymne-au-Printemps.&nbsp; Cette section contient les proc\u00e8s-verbaux des rencontres de l&rsquo;ann\u00e9e. Calendrier des rencontres 2025-2026 Assembl\u00e9e g\u00e9n\u00e9rale annuelle Invitation &#8211; Assembl\u00e9e g\u00e9n\u00e9rale annuelle 2025-2026<\/p>\n","protected":false},"author":2,"featured_media":0,"parent":0,"menu_order":11,"comment_status":"closed","ping_status":"closed","template":"","meta":{"_genesis_hide_title":false,"_genesis_hide_breadcrumbs":false,"_genesis_hide_singular_image":false,"_genesis_hide_footer_widgets":false,"_genesis_custom_body_class":"","_genesis_custom_post_class":"","_genesis_layout":"","footnotes":""},"class_list":{"0":"post-10","1":"page","2":"type-page","3":"status-publish","5":"entry"},"featured_image_src":null,"featured_image_src_square":null,"_links":{"self":[{"href":"https:\/\/csstl.gouv.qc.ca\/hymne-au-printemps\/wp-json\/wp\/v2\/pages\/10","targetHints":{"allow":["GET"]}}],"collection":[{"href":"https:\/\/csstl.gouv.qc.ca\/hymne-au-printemps\/wp-json\/wp\/v2\/pages"}],"about":[{"href":"https:\/\/csstl.gouv.qc.ca\/hymne-au-printemps\/wp-json\/wp\/v2\/types\/page"}],"author":[{"embeddable":true,"href":"https:\/\/csstl.gouv.qc.ca\/hymne-au-printemps\/wp-json\/wp\/v2\/users\/2"}],"replies":[{"embeddable":true,"href":"https:\/\/csstl.gouv.qc.ca\/hymne-au-printemps\/wp-json\/wp\/v2\/comments?post=10"}],"version-history":[{"count":0,"href":"https:\/\/csstl.gouv.qc.ca\/hymne-au-printemps\/wp-json\/wp\/v2\/pages\/10\/revisions"}],"wp:attachment":[{"href":"https:\/\/csstl.gouv.qc.ca\/hymne-au-printemps\/wp-json\/wp\/v2\/media?parent=10"}],"curies":[{"name":"wp","href":"https:\/\/api.w.org\/{rel}","templated":true}]}}