{"id":10,"date":"2019-02-06T13:15:15","date_gmt":"2019-02-06T13:15:15","guid":{"rendered":"http:\/\/cs3lacs.wpengine.com\/harwood\/?page_id=10"},"modified":"2025-09-15T14:13:29","modified_gmt":"2025-09-15T19:13:29","slug":"conseil-detablissement","status":"publish","type":"page","link":"https:\/\/csstl.gouv.qc.ca\/harwood\/conseil-detablissement\/","title":{"rendered":"Conseil d&rsquo;\u00e9tablissement"},"content":{"rendered":"\n<p>Les conseils d\u2019\u00e9tablissement existent depuis plus de 20&nbsp;ans&nbsp;au Qu\u00e9bec. La gouvernance scolaire permet de rapprocher&nbsp;les lieux de d\u00e9cision&nbsp;le plus pr\u00e8s possible des \u00e9l\u00e8ves. Pour les \u00e9coles primaires, les conseils d&rsquo;\u00e9tablissement sont form\u00e9s au plus tard le 30&nbsp;septembre de chaque ann\u00e9e.&nbsp;<\/p>\n\n\n\n<p>Le conseil d&rsquo;\u00e9tablissement est form\u00e9 de:<\/p>\n\n\n\n<ul class=\"wp-block-list\">\n<li>5 parents<\/li>\n\n\n\n<li>3 enseignants<\/li>\n\n\n\n<li>Un(e) repr\u00e9sentant(e) du service de garde<\/li>\n\n\n\n<li>Un(e) repr\u00e9sentant(e) du personnel de soutien<\/li>\n<\/ul>\n\n\n\n<h2 class=\"wp-block-heading\"><span style=\"color: #000000;background: linear-gradient(to bottom, transparent 50%, #47aa42 50%)\" class=\"stk-highlight\">Liste des membres et mandats 2023-2024<\/span><\/h2>\n\n\n\n<ul class=\"wp-block-list\">\n<li>M. \u00c9ric Viens, directeur<\/li>\n\n\n\n<li>Mme Nevine Mohamed, directrice-adjointe et secr\u00e9taire du C\u00c9<\/li>\n\n\n\n<li>Mme Emilie Trudeau, membre parent<\/li>\n\n\n\n<li>Mme Anny Chr\u00e9tien, membre parent<\/li>\n\n\n\n<li>Mme Rajae Smaili Alaoui, membre parent<\/li>\n\n\n\n<li>Mme Am\u00e9lie Malette, membre parent<\/li>\n\n\n\n<li>M. Jean-Michel Stephan Rohan, membre parent<\/li>\n\n\n\n<li>Mme Emmanuelle Dumoulin, membre parent substitut<\/li>\n\n\n\n<li>M. Thevimanohar Kanags, membre parent substitut<\/li>\n\n\n\n<li>Mme Sandra Massicotte, enseignante<\/li>\n\n\n\n<li>Mme Sophie Sabrina R\u00e9millard, enseignante<\/li>\n\n\n\n<li>Mme St\u00e9phanie Daoust, enseignante<\/li>\n\n\n\n<li>Mme Genevi\u00e8ve Bergeron, \u00e9ducatrice en Service de garde<\/li>\n\n\n\n<li>Mme Lise Guay, repr\u00e9sentante du personnel de soutien<\/li>\n<\/ul>\n\n\n\n<h2 class=\"wp-block-heading\"><span style=\"background: linear-gradient(to bottom, transparent 50%, #47aa42 50%)\" class=\"stk-highlight\">Dates des rencontres<\/span><\/h2>\n\n\n\n<h3 class=\"wp-block-heading\">2025-2026<\/h3>\n\n\n\n<ul class=\"wp-block-list\">\n<li>3 septembre 2025 (assembl\u00e9e g\u00e9n\u00e9rale annuelle)\n<ul class=\"wp-block-list\">\n<li><a href=\"https:\/\/media.csstl.gouv.qc.ca\/wp-content\/uploads\/sites\/40\/2025\/09\/15141038\/AG_ODJ_03-09-2025.pdf\" data-type=\"attachment\" data-id=\"1309\">Ordre du jour<\/a><\/li>\n\n\n\n<li><a href=\"https:\/\/media.csstl.gouv.qc.ca\/wp-content\/uploads\/sites\/40\/2025\/09\/15141040\/AG_PV_03_09_2025.pdf\" data-type=\"attachment\" data-id=\"1310\">Proc\u00e8s-Verbal<\/a><\/li>\n<\/ul>\n<\/li>\n\n\n\n<li>24 septembre 2025\n<ul class=\"wp-block-list\">\n<li>Ordre du jour<\/li>\n\n\n\n<li>Proc\u00e8s-Verbal<\/li>\n<\/ul>\n<\/li>\n\n\n\n<li>22 octobre 2025\n<ul class=\"wp-block-list\">\n<li>Ordre du jour<\/li>\n\n\n\n<li>Proc\u00e8s-Verbal<\/li>\n<\/ul>\n<\/li>\n\n\n\n<li>26 novembre 2025\n<ul class=\"wp-block-list\">\n<li>Ordre du jour<\/li>\n\n\n\n<li>Proc\u00e8s-Verbal<\/li>\n<\/ul>\n<\/li>\n\n\n\n<li>28 janvier 2026\n<ul class=\"wp-block-list\">\n<li>Ordre du jour<\/li>\n\n\n\n<li>Proc\u00e8s-Verbal<\/li>\n<\/ul>\n<\/li>\n\n\n\n<li>25 f\u00e9vrier 2026\n<ul class=\"wp-block-list\">\n<li>Ordre du jour<\/li>\n\n\n\n<li>Proc\u00e8s-Verbal<\/li>\n<\/ul>\n<\/li>\n\n\n\n<li>25 mars 2026\n<ul class=\"wp-block-list\">\n<li>Ordre du jour<\/li>\n\n\n\n<li>Proc\u00e8s-Verbal<\/li>\n<\/ul>\n<\/li>\n\n\n\n<li>29 avril 2026\n<ul class=\"wp-block-list\">\n<li>Ordre du jour<\/li>\n\n\n\n<li>Proc\u00e8s-Verbal<\/li>\n<\/ul>\n<\/li>\n\n\n\n<li>27 mai 2026\n<ul class=\"wp-block-list\">\n<li>Ordre du jour<\/li>\n\n\n\n<li>Proc\u00e8s-Verbal<\/li>\n<\/ul>\n<\/li>\n\n\n\n<li>10 juin 2026\n<ul class=\"wp-block-list\">\n<li>Ordre du jour<\/li>\n\n\n\n<li>Proc\u00e8s-Verbal<\/li>\n<\/ul>\n<\/li>\n<\/ul>\n\n\n\n<h3 class=\"wp-block-heading\">2024-2025<\/h3>\n\n\n\n<ul class=\"wp-block-list\">\n<li>4 septembre 2024 (assembl\u00e9e g\u00e9n\u00e9rale annuelle)\n<ul class=\"wp-block-list\">\n<li><a href=\"https:\/\/media.csstl.gouv.qc.ca\/wp-content\/uploads\/sites\/40\/2025\/09\/15140007\/AG_ODJ_04-09-2024.pdf\" data-type=\"attachment\" data-id=\"1298\">Ordre du jour<\/a><\/li>\n\n\n\n<li><a href=\"https:\/\/media.csstl.gouv.qc.ca\/wp-content\/uploads\/sites\/40\/2025\/09\/15140009\/AG_PV_04_09_2024.pdf\" data-type=\"attachment\" data-id=\"1299\">Proc\u00e8s-Verbal<\/a><\/li>\n<\/ul>\n<\/li>\n\n\n\n<li>23 octobre 2024\n<ul class=\"wp-block-list\">\n<li><a href=\"https:\/\/media.csstl.gouv.qc.ca\/wp-content\/uploads\/sites\/40\/2025\/09\/15140100\/ODJ_CE_231024.pdf\" data-type=\"attachment\" data-id=\"1300\">Ordre du jour<\/a><\/li>\n\n\n\n<li><a href=\"https:\/\/media.csstl.gouv.qc.ca\/wp-content\/uploads\/sites\/40\/2025\/09\/15140120\/PV-CE-23.10.2024.pdf\" data-type=\"attachment\" data-id=\"1302\">Proc\u00e8s-Verbal<\/a><\/li>\n<\/ul>\n<\/li>\n\n\n\n<li>29 janvier 2025\n<ul class=\"wp-block-list\">\n<li><a href=\"https:\/\/media.csstl.gouv.qc.ca\/wp-content\/uploads\/sites\/40\/2025\/09\/15140118\/ODJ_CE_290125-1.pdf\" data-type=\"attachment\" data-id=\"1301\">Ordre du jour<\/a><\/li>\n\n\n\n<li><a href=\"https:\/\/media.csstl.gouv.qc.ca\/wp-content\/uploads\/sites\/40\/2025\/09\/15140146\/PV-CE-29-janvier-2025.pdf\" data-type=\"attachment\" data-id=\"1304\">Proc\u00e8s-Verbal<\/a><\/li>\n<\/ul>\n<\/li>\n\n\n\n<li>26 f\u00e9vrier 2025\n<ul class=\"wp-block-list\">\n<li><a href=\"https:\/\/media.csstl.gouv.qc.ca\/wp-content\/uploads\/sites\/40\/2025\/09\/15140144\/ODJ_CE_260225.pdf\" data-type=\"attachment\" data-id=\"1303\">Ordre du jour<\/a><\/li>\n\n\n\n<li><a href=\"https:\/\/media.csstl.gouv.qc.ca\/wp-content\/uploads\/sites\/40\/2025\/09\/15140246\/PV-conseil-etablissement-26-fevrier-2025.pdf\" data-type=\"attachment\" data-id=\"1305\">Proc\u00e8s-Verbal<\/a><\/li>\n<\/ul>\n<\/li>\n\n\n\n<li>30 avril 2025 (Report\u00e9 au 6 mai 2025)\n<ul class=\"wp-block-list\">\n<li><a href=\"https:\/\/media.csstl.gouv.qc.ca\/wp-content\/uploads\/sites\/40\/2025\/09\/15130829\/ODJ_CE_300425.pdf\" data-type=\"attachment\" data-id=\"1289\">Ordre du jour<\/a><\/li>\n\n\n\n<li><a href=\"https:\/\/media.csstl.gouv.qc.ca\/wp-content\/uploads\/sites\/40\/2025\/09\/15130915\/PV_CE_06052025.pdf\" data-type=\"attachment\" data-id=\"1292\">Proc\u00e8s-Verbal<\/a><\/li>\n<\/ul>\n<\/li>\n\n\n\n<li>28 mai 2025\n<ul class=\"wp-block-list\">\n<li><a href=\"https:\/\/media.csstl.gouv.qc.ca\/wp-content\/uploads\/sites\/40\/2025\/09\/15130911\/ODJ_CE_280525.pdf\" data-type=\"attachment\" data-id=\"1291\">Ordre du jour<\/a><\/li>\n\n\n\n<li><a href=\"https:\/\/media.csstl.gouv.qc.ca\/wp-content\/uploads\/sites\/40\/2025\/09\/15130951\/PV_CE_280525.pdf\" data-type=\"attachment\" data-id=\"1295\">Proc\u00e8s-Verbal<\/a><\/li>\n<\/ul>\n<\/li>\n\n\n\n<li>17 juin 2025\n<ul class=\"wp-block-list\">\n<li><a href=\"https:\/\/media.csstl.gouv.qc.ca\/wp-content\/uploads\/sites\/40\/2025\/09\/15130947\/ODJ_CE_110625.pdf\" data-type=\"attachment\" data-id=\"1294\">Ordre du jour<\/a><\/li>\n\n\n\n<li><a href=\"https:\/\/media.csstl.gouv.qc.ca\/wp-content\/uploads\/sites\/40\/2025\/09\/15141032\/PV_CE_110625-1.pdf\" data-type=\"attachment\" data-id=\"1308\">Proc\u00e8s-Verbal<\/a><\/li>\n<\/ul>\n<\/li>\n<\/ul>\n\n\n\n<p>Toutes les r\u00e9unions des membres du conseil d&rsquo;\u00e9tablissement ont lieu au salon du personnel de l&rsquo;\u00e9cole Harwood \u00e0 19 h.<\/p>\n","protected":false},"excerpt":{"rendered":"<p>Les conseils d\u2019\u00e9tablissement existent depuis plus de 20&nbsp;ans&nbsp;au Qu\u00e9bec. La gouvernance scolaire permet de rapprocher&nbsp;les lieux de d\u00e9cision&nbsp;le plus pr\u00e8s possible des \u00e9l\u00e8ves. Pour les \u00e9coles primaires, les conseils d&rsquo;\u00e9tablissement sont form\u00e9s au plus tard le 30&nbsp;septembre de chaque ann\u00e9e.&nbsp; Le conseil d&rsquo;\u00e9tablissement est form\u00e9 de: Liste des membres et mandats 2023-2024 Dates des rencontres [&hellip;]<\/p>\n","protected":false},"author":2,"featured_media":0,"parent":0,"menu_order":11,"comment_status":"closed","ping_status":"closed","template":"","meta":{"_genesis_hide_title":false,"_genesis_hide_breadcrumbs":false,"_genesis_hide_singular_image":false,"_genesis_hide_footer_widgets":false,"_genesis_custom_body_class":"","_genesis_custom_post_class":"","_genesis_layout":"","footnotes":""},"class_list":{"0":"post-10","1":"page","2":"type-page","3":"status-publish","5":"entry"},"featured_image_src":null,"featured_image_src_square":null,"_links":{"self":[{"href":"https:\/\/csstl.gouv.qc.ca\/harwood\/wp-json\/wp\/v2\/pages\/10","targetHints":{"allow":["GET"]}}],"collection":[{"href":"https:\/\/csstl.gouv.qc.ca\/harwood\/wp-json\/wp\/v2\/pages"}],"about":[{"href":"https:\/\/csstl.gouv.qc.ca\/harwood\/wp-json\/wp\/v2\/types\/page"}],"author":[{"embeddable":true,"href":"https:\/\/csstl.gouv.qc.ca\/harwood\/wp-json\/wp\/v2\/users\/2"}],"replies":[{"embeddable":true,"href":"https:\/\/csstl.gouv.qc.ca\/harwood\/wp-json\/wp\/v2\/comments?post=10"}],"version-history":[{"count":0,"href":"https:\/\/csstl.gouv.qc.ca\/harwood\/wp-json\/wp\/v2\/pages\/10\/revisions"}],"wp:attachment":[{"href":"https:\/\/csstl.gouv.qc.ca\/harwood\/wp-json\/wp\/v2\/media?parent=10"}],"curies":[{"name":"wp","href":"https:\/\/api.w.org\/{rel}","templated":true}]}}

Conseil d&rsquo;établissement

<p>Les conseils d’établissement existent depuis plus de 20&nbsp;ans&nbsp;au Québec. La gouvernance scolaire permet de rapprocher&nbsp;les lieux de décision&nbsp;le plus près possible des élèves. Pour les écoles primaires, les conseils d&rsquo;établissement sont formés au plus tard le 30&nbsp;septembre de chaque année.&nbsp;</p>



<p>Le conseil d&rsquo;établissement est formé de:</p>



<ul class="wp-block-list">
<li>5 parents</li>



<li>3 enseignants</li>



<li>Un(e) représentant(e) du service de garde</li>



<li>Un(e) représentant(e) du personnel de soutien</li>
</ul>



<h2 class="wp-block-heading"><span style="color: #000000;background: linear-gradient(to bottom, transparent 50%, #47aa42 50%)" class="stk-highlight">Liste des membres et mandats 2023-2024</span></h2>



<ul class="wp-block-list">
<li>M. Éric Viens, directeur</li>



<li>Mme Nevine Mohamed, directrice-adjointe et secrétaire du CÉ</li>



<li>Mme Emilie Trudeau, membre parent</li>



<li>Mme Anny Chrétien, membre parent</li>



<li>Mme Rajae Smaili Alaoui, membre parent</li>



<li>Mme Amélie Malette, membre parent</li>



<li>M. Jean-Michel Stephan Rohan, membre parent</li>



<li>Mme Emmanuelle Dumoulin, membre parent substitut</li>



<li>M. Thevimanohar Kanags, membre parent substitut</li>



<li>Mme Sandra Massicotte, enseignante</li>



<li>Mme Sophie Sabrina Rémillard, enseignante</li>



<li>Mme Stéphanie Daoust, enseignante</li>



<li>Mme Geneviève Bergeron, éducatrice en Service de garde</li>



<li>Mme Lise Guay, représentante du personnel de soutien</li>
</ul>



<h2 class="wp-block-heading"><span style="background: linear-gradient(to bottom, transparent 50%, #47aa42 50%)" class="stk-highlight">Dates des rencontres</span></h2>



<h3 class="wp-block-heading">2025-2026</h3>



<ul class="wp-block-list">
<li>3 septembre 2025 (assemblée générale annuelle)
<ul class="wp-block-list">
<li><a href="https://media.csstl.gouv.qc.ca/wp-content/uploads/sites/40/2025/09/15141038/AG_ODJ_03-09-2025.pdf" data-type="attachment" data-id="1309">Ordre du jour</a></li>



<li><a href="https://media.csstl.gouv.qc.ca/wp-content/uploads/sites/40/2025/09/15141040/AG_PV_03_09_2025.pdf" data-type="attachment" data-id="1310">Procès-Verbal</a></li>
</ul>
</li>



<li>24 septembre 2025
<ul class="wp-block-list">
<li>Ordre du jour</li>



<li>Procès-Verbal</li>
</ul>
</li>



<li>22 octobre 2025
<ul class="wp-block-list">
<li>Ordre du jour</li>



<li>Procès-Verbal</li>
</ul>
</li>



<li>26 novembre 2025
<ul class="wp-block-list">
<li>Ordre du jour</li>



<li>Procès-Verbal</li>
</ul>
</li>



<li>28 janvier 2026
<ul class="wp-block-list">
<li>Ordre du jour</li>



<li>Procès-Verbal</li>
</ul>
</li>



<li>25 février 2026
<ul class="wp-block-list">
<li>Ordre du jour</li>



<li>Procès-Verbal</li>
</ul>
</li>



<li>25 mars 2026
<ul class="wp-block-list">
<li>Ordre du jour</li>



<li>Procès-Verbal</li>
</ul>
</li>



<li>29 avril 2026
<ul class="wp-block-list">
<li>Ordre du jour</li>



<li>Procès-Verbal</li>
</ul>
</li>



<li>27 mai 2026
<ul class="wp-block-list">
<li>Ordre du jour</li>



<li>Procès-Verbal</li>
</ul>
</li>



<li>10 juin 2026
<ul class="wp-block-list">
<li>Ordre du jour</li>



<li>Procès-Verbal</li>
</ul>
</li>
</ul>



<h3 class="wp-block-heading">2024-2025</h3>



<ul class="wp-block-list">
<li>4 septembre 2024 (assemblée générale annuelle)
<ul class="wp-block-list">
<li><a href="https://media.csstl.gouv.qc.ca/wp-content/uploads/sites/40/2025/09/15140007/AG_ODJ_04-09-2024.pdf" data-type="attachment" data-id="1298">Ordre du jour</a></li>



<li><a href="https://media.csstl.gouv.qc.ca/wp-content/uploads/sites/40/2025/09/15140009/AG_PV_04_09_2024.pdf" data-type="attachment" data-id="1299">Procès-Verbal</a></li>
</ul>
</li>



<li>23 octobre 2024
<ul class="wp-block-list">
<li><a href="https://media.csstl.gouv.qc.ca/wp-content/uploads/sites/40/2025/09/15140100/ODJ_CE_231024.pdf" data-type="attachment" data-id="1300">Ordre du jour</a></li>



<li><a href="https://media.csstl.gouv.qc.ca/wp-content/uploads/sites/40/2025/09/15140120/PV-CE-23.10.2024.pdf" data-type="attachment" data-id="1302">Procès-Verbal</a></li>
</ul>
</li>



<li>29 janvier 2025
<ul class="wp-block-list">
<li><a href="https://media.csstl.gouv.qc.ca/wp-content/uploads/sites/40/2025/09/15140118/ODJ_CE_290125-1.pdf" data-type="attachment" data-id="1301">Ordre du jour</a></li>



<li><a href="https://media.csstl.gouv.qc.ca/wp-content/uploads/sites/40/2025/09/15140146/PV-CE-29-janvier-2025.pdf" data-type="attachment" data-id="1304">Procès-Verbal</a></li>
</ul>
</li>



<li>26 février 2025
<ul class="wp-block-list">
<li><a href="https://media.csstl.gouv.qc.ca/wp-content/uploads/sites/40/2025/09/15140144/ODJ_CE_260225.pdf" data-type="attachment" data-id="1303">Ordre du jour</a></li>



<li><a href="https://media.csstl.gouv.qc.ca/wp-content/uploads/sites/40/2025/09/15140246/PV-conseil-etablissement-26-fevrier-2025.pdf" data-type="attachment" data-id="1305">Procès-Verbal</a></li>
</ul>
</li>



<li>30 avril 2025 (Reporté au 6 mai 2025)
<ul class="wp-block-list">
<li><a href="https://media.csstl.gouv.qc.ca/wp-content/uploads/sites/40/2025/09/15130829/ODJ_CE_300425.pdf" data-type="attachment" data-id="1289">Ordre du jour</a></li>



<li><a href="https://media.csstl.gouv.qc.ca/wp-content/uploads/sites/40/2025/09/15130915/PV_CE_06052025.pdf" data-type="attachment" data-id="1292">Procès-Verbal</a></li>
</ul>
</li>



<li>28 mai 2025
<ul class="wp-block-list">
<li><a href="https://media.csstl.gouv.qc.ca/wp-content/uploads/sites/40/2025/09/15130911/ODJ_CE_280525.pdf" data-type="attachment" data-id="1291">Ordre du jour</a></li>



<li><a href="https://media.csstl.gouv.qc.ca/wp-content/uploads/sites/40/2025/09/15130951/PV_CE_280525.pdf" data-type="attachment" data-id="1295">Procès-Verbal</a></li>
</ul>
</li>



<li>17 juin 2025
<ul class="wp-block-list">
<li><a href="https://media.csstl.gouv.qc.ca/wp-content/uploads/sites/40/2025/09/15130947/ODJ_CE_110625.pdf" data-type="attachment" data-id="1294">Ordre du jour</a></li>



<li><a href="https://media.csstl.gouv.qc.ca/wp-content/uploads/sites/40/2025/09/15141032/PV_CE_110625-1.pdf" data-type="attachment" data-id="1308">Procès-Verbal</a></li>
</ul>
</li>
</ul>



<p>Toutes les réunions des membres du conseil d&rsquo;établissement ont lieu au salon du personnel de l&rsquo;école Harwood à 19 h.</p>

<p>Les conseils d’établissement existent depuis plus de 20&nbsp;ans&nbsp;au Québec. La gouvernance scolaire permet de rapprocher&nbsp;les lieux de décision&nbsp;le plus près possible des élèves. Pour les écoles primaires, les conseils d&rsquo;établissement sont formés au plus tard le 30&nbsp;septembre de chaque année.&nbsp; Le conseil d&rsquo;établissement est formé de: Liste des membres et mandats 2023-2024 Dates des rencontres [&hellip;]</p>
