{"id":481,"date":"2019-06-18T13:48:46","date_gmt":"2019-06-18T18:48:46","guid":{"rendered":"http:\/\/cs3lacs.wpengine.com\/francois-perrot\/?page_id=481"},"modified":"2024-10-02T09:39:32","modified_gmt":"2024-10-02T14:39:32","slug":"service-de-garde","status":"publish","type":"page","link":"https:\/\/csstl.gouv.qc.ca\/francois-perrot\/service-de-garde\/","title":{"rendered":"Service de garde"},"content":{"rendered":"\n<p>Le principal objectif du service de garde de l&rsquo;\u00e9cole Fran\u00e7ois-Perrot est de faire vivre \u00e0 l&rsquo;enfant une p\u00e9riode de garde heureuse o\u00f9 il retrouve un milieu de vie chaleureux et actif. L&rsquo;enfant apprendra par les jeux et des activit\u00e9s diverses \u00e0 d\u00e9velopper son imagination, sa cr\u00e9ativit\u00e9, etc&#8230;<\/p>\n\n\n\n<p>Le service de garde offre un encadrement s\u00e9curitaire et stimulant pour les enfants qui le fr\u00e9quentent.<\/p>\n\n\n\n<p><strong>Technicien en service de garde : <\/strong>Marc Deslauriers<br><\/p>\n\n\n\n<p><strong>\u00c9quipe du service de garde : <\/strong><br>Karima Benmouhoub<br>Khadidja Boussidi<br>Adla Chikhaoui<br>Christiane L\u00e9gar\u00e9<br>Sabrina Limoges<br>Diane Rufh<br>Myriam Simon<br>Kelly-Ann West<br>Mayadi Zaknoun<br><\/p>\n\n\n\n<p><strong>\u00c9ducatrices: <\/strong><br>Manel Bouzid<br>Loreta Colati<br>Mina El-Fenni<br>Chantal Grenier<br>Nicole H\u00e9bert<br>Salwa Kariakous<br>Jos\u00e9e Kedzierski<br>Lise Lacharit\u00e9<br>Carol Morin<br>Mireille Nablesi<br>Diane Tremblay<\/p>\n\n\n\n<p><strong>Vous pouvez joindre l&rsquo;\u00e9quipe du service de garde au 514 453-4011, poste 2<\/strong><\/p>\n\n\n\n<p><strong>TES\/PEH : <\/strong><\/p>\n\n\n\n<p>Isabelle Cloutier<br>Ma\u00efna Constant<br>Tania Fr\u00e9chette<br><\/p>\n\n\n\n<h3 class=\"wp-block-heading\">Horaire<\/h3>\n\n\n\n<p>Du lundi au vendredi de 6h30 \u00e0 18h<\/p>\n\n\n\n<h3 class=\"wp-block-heading\">R\u00e9gie interne<\/h3>\n\n\n\n<p>Pour consulter la r\u00e9gie interne du service de garde : <a href=\"https:\/\/media.csstl.gouv.qc.ca\/wp-content\/uploads\/sites\/39\/2024\/10\/02092229\/Regie-interne-2024-2025.pdf\" data-type=\"URL\" data-id=\"https:\/\/media.csstl.gouv.qc.ca\/wp-content\/uploads\/sites\/39\/2022\/12\/16111134\/Regie-interne-2022-2023.pdf\" target=\"_blank\" rel=\"noreferrer noopener\">R\u00e9gie interne 2024-2025<\/a><\/p>\n\n\n\n<h3 class=\"wp-block-heading\">Modalit\u00e9s d&rsquo;inscription<\/h3>\n\n\n\n<p>Le service de garde est offert \u00e0 tous les \u00e9l\u00e8ves qui fr\u00e9quentent l&rsquo;\u00e9cole Fran\u00e7ois-Perrot et\/ou qui r\u00e9sident sur le territoire de l&rsquo;\u00e9cole. &nbsp;Un formulaire d&rsquo;inscription doit \u00eatre compl\u00e9t\u00e9. &nbsp;Aucun enfant ne sera accept\u00e9 sans avoir \u00e9t\u00e9 inscrit. &nbsp;<\/p>\n\n\n\n<h3 class=\"wp-block-heading\">Objectifs du service de garde<\/h3>\n\n\n\n<ol class=\"wp-block-list\">\n<li>Respecter ceux et celles qui l&rsquo;entourent dans ses gestes et ses paroles.&nbsp;<\/li>\n\n\n\n<li>Respecter son environnement et le mat\u00e9riel mis \u00e0 sa disposition.<\/li>\n\n\n\n<li>Apprendre \u00e0 r\u00e9gler ses conflits de fa\u00e7on harmonieuse en apportant de solutions.<\/li>\n\n\n\n<li>Apprendre \u00e0 vivre en groupe.<\/li>\n\n\n\n<li>Apprendre \u00e0 \u00eatre responsable.<\/li>\n\n\n\n<li>Apprendre \u00e0 donner son opinion et \u00e0 \u00e9couter les autres.<\/li>\n\n\n\n<li>Apprendre \u00e0 accepter les diff\u00e9rences.<\/li>\n\n\n\n<li>Apprendre \u00e0 participer activement aux activit\u00e9s.<\/li>\n\n\n\n<li>D\u00e9velopper l&rsquo;entraide et le partage.<\/li>\n\n\n\n<li>D\u00e9velopper son autonomie.<\/li>\n<\/ol>\n\n\n\n<h3 class=\"wp-block-heading\">R\u00e8gles de conduite<\/h3>\n\n\n\n<p>Le code de vie de l&rsquo;\u00e9cole s&rsquo;applique aussi au &nbsp;service de garde.<\/p>\n\n\n\n<p><a href=\"https:\/\/media.csstl.gouv.qc.ca\/wp-content\/uploads\/sites\/39\/2022\/12\/15104315\/Code-de-vie_FP-22-23.pdf\" data-type=\"URL\" data-id=\"https:\/\/media.csstl.gouv.qc.ca\/wp-content\/uploads\/sites\/39\/2022\/12\/15104315\/Code-de-vie_FP-22-23.pdf\">Code de vie de l&rsquo;\u00e9cole<\/a><\/p>\n\n\n\n<p>En cas de comportement inad\u00e9quat, qui compromet la s\u00e9curit\u00e9 ou le bon fonctionnement du groupe, le service de garde et la direction de l&rsquo;\u00e9cole se r\u00e9servent le droit de suspendre ou d&rsquo;exclure un \u00e9l\u00e8ve. &nbsp;<\/p>\n\n\n\n<h3 class=\"wp-block-heading\">Tenue vestimentaire<\/h3>\n\n\n\n<p>Les enfants vont jouer \u00e0 l&rsquo;ext\u00e9rieur tous les jours. &nbsp;Donc, pr\u00e9voir des v\u00eatements&nbsp;<strong>ad\u00e9quats<\/strong>&nbsp;et&nbsp;<strong>identifi\u00e9s<\/strong>&nbsp;\u00e0 leur nom. &nbsp;Le service de garde n&rsquo;est pas responsable des v\u00eatements perdus.<\/p>\n\n\n\n<h3 class=\"wp-block-heading\">Maladies et m\u00e9dicaments<\/h3>\n\n\n\n<p>Un enfant se pr\u00e9sentant au service de garde avec des sympt\u00f4mes de maladie, ne peut \u00eatre re\u00e7u. &nbsp;Nous communiquerons avec les parents si la situation se pr\u00e9sente durant la journ\u00e9e.<\/p>\n\n\n\n<p>Pour les m\u00e9dicaments prescrits par un m\u00e9decin, l&rsquo;\u00e9ducatrice peut les administrer \u00e0 la seule condition que le formulaire: \u00a0\u00bb<a href=\"https:\/\/media.csstl.gouv.qc.ca\/wp-content\/uploads\/sites\/39\/2024\/09\/27113431\/Autorisation-de-distribution-dune-medication-2024-2025.doc\" data-type=\"link\" data-id=\"https:\/\/media.csstl.gouv.qc.ca\/wp-content\/uploads\/sites\/39\/2024\/09\/27113431\/Autorisation-de-distribution-dune-medication-2024-2025.doc\">Autorisation d&rsquo;administrer un m\u00e9dicament<\/a>\u00a0\u00bb soit compl\u00e9t\u00e9 et que le m\u00e9dicament soit dans son contenant original avec la prescription. &nbsp;Vous devez remettre le m\u00e9dicament \u00e0 une \u00e9ducatrice.<\/p>\n\n\n\n<h3 class=\"wp-block-heading\">Collation sant\u00e9<\/h3>\n\n\n\n<p>Tous les jours, apr\u00e8s les heures de classe, chaque enfant doit avoir une collation sant\u00e9 (ex.: produits laitiers, fruits ou l\u00e9gumes) pour les service de garde.<\/p>\n\n\n\n<h3 class=\"wp-block-heading\">Jouets<\/h3>\n\n\n\n<p>Il est pr\u00e9f\u00e9rable que votre enfant laisse ses jouets \u00e0 la maison afin d&rsquo;\u00e9viter pertes, vols ou bris de mat\u00e9riel.<\/p>\n\n\n\n<h3 class=\"wp-block-heading\">Changements \u00e0 l&rsquo;horaire<\/h3>\n\n\n\n<p>Pour \u00e9viter toute situation d\u00e9sagr\u00e9able, il est obligatoire de nous aviser de tout changement concernant votre enfant: pr\u00e9sence ou absence en contactant l&rsquo;\u00e9cole au: (514) 453-4011 poste 2320 et le service de garde au poste 2350.&nbsp;<\/p>\n\n\n\n<p>Si votre enfant doit quitter le service de garde \u00e0 pied, en v\u00e9lo ou avec une autre personne, nous vous demandons de nous pr\u00e9venir par t\u00e9l\u00e9phone ou par \u00e9crit.<\/p>\n\n\n\n<p>Il est important d&rsquo;aviser une \u00e9ducatrice lorsque vous venez chercher votre enfant et vous devez signer les feuilles de d\u00e9part sur le babillard \u00e0 l&rsquo;entr\u00e9e du service de garde.<\/p>\n","protected":false},"excerpt":{"rendered":"<p>Le principal objectif du service de garde de l&rsquo;\u00e9cole Fran\u00e7ois-Perrot est de faire vivre \u00e0 l&rsquo;enfant une p\u00e9riode de garde heureuse o\u00f9 il retrouve un milieu de vie chaleureux et actif. L&rsquo;enfant apprendra par les jeux et des activit\u00e9s diverses \u00e0 d\u00e9velopper son imagination, sa cr\u00e9ativit\u00e9, etc&#8230; Le service de garde offre un encadrement s\u00e9curitaire [&hellip;]<\/p>\n","protected":false},"author":2,"featured_media":0,"parent":0,"menu_order":0,"comment_status":"closed","ping_status":"closed","template":"","meta":{"_genesis_hide_title":false,"_genesis_hide_breadcrumbs":false,"_genesis_hide_singular_image":false,"_genesis_hide_footer_widgets":false,"_genesis_custom_body_class":"","_genesis_custom_post_class":"","_genesis_layout":"","footnotes":""},"class_list":{"0":"post-481","1":"page","2":"type-page","3":"status-publish","5":"entry"},"featured_image_src":null,"featured_image_src_square":null,"_links":{"self":[{"href":"https:\/\/csstl.gouv.qc.ca\/francois-perrot\/wp-json\/wp\/v2\/pages\/481","targetHints":{"allow":["GET"]}}],"collection":[{"href":"https:\/\/csstl.gouv.qc.ca\/francois-perrot\/wp-json\/wp\/v2\/pages"}],"about":[{"href":"https:\/\/csstl.gouv.qc.ca\/francois-perrot\/wp-json\/wp\/v2\/types\/page"}],"author":[{"embeddable":true,"href":"https:\/\/csstl.gouv.qc.ca\/francois-perrot\/wp-json\/wp\/v2\/users\/2"}],"replies":[{"embeddable":true,"href":"https:\/\/csstl.gouv.qc.ca\/francois-perrot\/wp-json\/wp\/v2\/comments?post=481"}],"version-history":[{"count":0,"href":"https:\/\/csstl.gouv.qc.ca\/francois-perrot\/wp-json\/wp\/v2\/pages\/481\/revisions"}],"wp:attachment":[{"href":"https:\/\/csstl.gouv.qc.ca\/francois-perrot\/wp-json\/wp\/v2\/media?parent=481"}],"curies":[{"name":"wp","href":"https:\/\/api.w.org\/{rel}","templated":true}]}}

<p>Le principal objectif du service de garde de l&rsquo;école François-Perrot est de faire vivre à l&rsquo;enfant une période de garde heureuse où il retrouve un milieu de vie chaleureux et actif. L&rsquo;enfant apprendra par les jeux et des activités diverses à développer son imagination, sa créativité, etc&#8230;</p>



<p>Le service de garde offre un encadrement sécuritaire et stimulant pour les enfants qui le fréquentent.</p>



<p><strong>Technicien en service de garde : </strong>Marc Deslauriers<br></p>



<p><strong>Équipe du service de garde : </strong><br>Karima Benmouhoub<br>Khadidja Boussidi<br>Adla Chikhaoui<br>Christiane Légaré<br>Sabrina Limoges<br>Diane Rufh<br>Myriam Simon<br>Kelly-Ann West<br>Mayadi Zaknoun<br></p>



<p><strong>Éducatrices: </strong><br>Manel Bouzid<br>Loreta Colati<br>Mina El-Fenni<br>Chantal Grenier<br>Nicole Hébert<br>Salwa Kariakous<br>Josée Kedzierski<br>Lise Lacharité<br>Carol Morin<br>Mireille Nablesi<br>Diane Tremblay</p>



<p><strong>Vous pouvez joindre l&rsquo;équipe du service de garde au 514 453-4011, poste 2</strong></p>



<p><strong>TES/PEH : </strong></p>



<p>Isabelle Cloutier<br>Maïna Constant<br>Tania Fréchette<br></p>



<h3 class="wp-block-heading">Horaire</h3>



<p>Du lundi au vendredi de 6h30 à 18h</p>



<h3 class="wp-block-heading">Régie interne</h3>



<p>Pour consulter la régie interne du service de garde : <a href="https://media.csstl.gouv.qc.ca/wp-content/uploads/sites/39/2024/10/02092229/Regie-interne-2024-2025.pdf" data-type="URL" data-id="https://media.csstl.gouv.qc.ca/wp-content/uploads/sites/39/2022/12/16111134/Regie-interne-2022-2023.pdf" target="_blank" rel="noreferrer noopener">Régie interne 2024-2025</a></p>



<h3 class="wp-block-heading">Modalités d&rsquo;inscription</h3>



<p>Le service de garde est offert à tous les élèves qui fréquentent l&rsquo;école François-Perrot et/ou qui résident sur le territoire de l&rsquo;école. &nbsp;Un formulaire d&rsquo;inscription doit être complété. &nbsp;Aucun enfant ne sera accepté sans avoir été inscrit. &nbsp;</p>



<h3 class="wp-block-heading">Objectifs du service de garde</h3>



<ol class="wp-block-list">
<li>Respecter ceux et celles qui l&rsquo;entourent dans ses gestes et ses paroles.&nbsp;</li>



<li>Respecter son environnement et le matériel mis à sa disposition.</li>



<li>Apprendre à régler ses conflits de façon harmonieuse en apportant de solutions.</li>



<li>Apprendre à vivre en groupe.</li>



<li>Apprendre à être responsable.</li>



<li>Apprendre à donner son opinion et à écouter les autres.</li>



<li>Apprendre à accepter les différences.</li>



<li>Apprendre à participer activement aux activités.</li>



<li>Développer l&rsquo;entraide et le partage.</li>



<li>Développer son autonomie.</li>
</ol>



<h3 class="wp-block-heading">Règles de conduite</h3>



<p>Le code de vie de l&rsquo;école s&rsquo;applique aussi au &nbsp;service de garde.</p>



<p><a href="https://media.csstl.gouv.qc.ca/wp-content/uploads/sites/39/2022/12/15104315/Code-de-vie_FP-22-23.pdf" data-type="URL" data-id="https://media.csstl.gouv.qc.ca/wp-content/uploads/sites/39/2022/12/15104315/Code-de-vie_FP-22-23.pdf">Code de vie de l&rsquo;école</a></p>



<p>En cas de comportement inadéquat, qui compromet la sécurité ou le bon fonctionnement du groupe, le service de garde et la direction de l&rsquo;école se réservent le droit de suspendre ou d&rsquo;exclure un élève. &nbsp;</p>



<h3 class="wp-block-heading">Tenue vestimentaire</h3>



<p>Les enfants vont jouer à l&rsquo;extérieur tous les jours. &nbsp;Donc, prévoir des vêtements&nbsp;<strong>adéquats</strong>&nbsp;et&nbsp;<strong>identifiés</strong>&nbsp;à leur nom. &nbsp;Le service de garde n&rsquo;est pas responsable des vêtements perdus.</p>



<h3 class="wp-block-heading">Maladies et médicaments</h3>



<p>Un enfant se présentant au service de garde avec des symptômes de maladie, ne peut être reçu. &nbsp;Nous communiquerons avec les parents si la situation se présente durant la journée.</p>



<p>Pour les médicaments prescrits par un médecin, l&rsquo;éducatrice peut les administrer à la seule condition que le formulaire:  »<a href="https://media.csstl.gouv.qc.ca/wp-content/uploads/sites/39/2024/09/27113431/Autorisation-de-distribution-dune-medication-2024-2025.doc" data-type="link" data-id="https://media.csstl.gouv.qc.ca/wp-content/uploads/sites/39/2024/09/27113431/Autorisation-de-distribution-dune-medication-2024-2025.doc">Autorisation d&rsquo;administrer un médicament</a> » soit complété et que le médicament soit dans son contenant original avec la prescription. &nbsp;Vous devez remettre le médicament à une éducatrice.</p>



<h3 class="wp-block-heading">Collation santé</h3>



<p>Tous les jours, après les heures de classe, chaque enfant doit avoir une collation santé (ex.: produits laitiers, fruits ou légumes) pour les service de garde.</p>



<h3 class="wp-block-heading">Jouets</h3>



<p>Il est préférable que votre enfant laisse ses jouets à la maison afin d&rsquo;éviter pertes, vols ou bris de matériel.</p>



<h3 class="wp-block-heading">Changements à l&rsquo;horaire</h3>



<p>Pour éviter toute situation désagréable, il est obligatoire de nous aviser de tout changement concernant votre enfant: présence ou absence en contactant l&rsquo;école au: (514) 453-4011 poste 2320 et le service de garde au poste 2350.&nbsp;</p>



<p>Si votre enfant doit quitter le service de garde à pied, en vélo ou avec une autre personne, nous vous demandons de nous prévenir par téléphone ou par écrit.</p>



<p>Il est important d&rsquo;aviser une éducatrice lorsque vous venez chercher votre enfant et vous devez signer les feuilles de départ sur le babillard à l&rsquo;entrée du service de garde.</p>

<p>Le principal objectif du service de garde de l&rsquo;école François-Perrot est de faire vivre à l&rsquo;enfant une période de garde heureuse où il retrouve un milieu de vie chaleureux et actif. L&rsquo;enfant apprendra par les jeux et des activités diverses à développer son imagination, sa créativité, etc&#8230; Le service de garde offre un encadrement sécuritaire [&hellip;]</p>
