{"id":20,"date":"2019-02-06T13:32:25","date_gmt":"2019-02-06T13:32:25","guid":{"rendered":"http:\/\/cs3lacs.wpengine.com\/francois-perrot\/?page_id=20"},"modified":"2025-07-04T07:35:10","modified_gmt":"2025-07-04T12:35:10","slug":"fournitures-scolaires","status":"publish","type":"page","link":"https:\/\/csstl.gouv.qc.ca\/francois-perrot\/fournitures-scolaires\/","title":{"rendered":"Fournitures scolaires"},"content":{"rendered":"\n<p>Voici les listes de fournitures scolaires \u00e0 se procurer pour l&rsquo;ann\u00e9e 2025-2026:<\/p>\n\n\n\n<ul class=\"wp-block-list\">\n<li><a href=\"https:\/\/media.csstl.gouv.qc.ca\/wp-content\/uploads\/sites\/39\/2025\/07\/04071454\/00-Prescolaire_fournitures_scolaires_25_26.pdf\" data-type=\"attachment\" data-id=\"1201\">Maternelle <\/a><\/li>\n\n\n\n<li><a href=\"https:\/\/media.csstl.gouv.qc.ca\/wp-content\/uploads\/sites\/39\/2025\/07\/04071456\/01-Premiere_annee_fournitures_scolaires_24_25.pdf\" data-type=\"attachment\" data-id=\"1207\">Premi\u00e8re ann\u00e9e<\/a><\/li>\n\n\n\n<li><a href=\"https:\/\/media.csstl.gouv.qc.ca\/wp-content\/uploads\/sites\/39\/2025\/07\/04071459\/02-Deuxieme_annee_fournitures_scolaires_25_26.pdf\" data-type=\"attachment\" data-id=\"1204\">Deuxi\u00e8me ann\u00e9e <\/a><\/li>\n\n\n\n<li><a href=\"https:\/\/media.csstl.gouv.qc.ca\/wp-content\/uploads\/sites\/39\/2025\/07\/04071501\/03-Troisieme_annee_fournitures_scolaires_25_26.pdf\" data-type=\"attachment\" data-id=\"1194\">Troisi\u00e8me ann\u00e9e <\/a><\/li>\n\n\n\n<li><a href=\"https:\/\/media.csstl.gouv.qc.ca\/wp-content\/uploads\/sites\/39\/2025\/07\/04071504\/04-Quatrieme_annee_fournitures_scolaires_25_26.pdf\" data-type=\"attachment\" data-id=\"1209\">Quatri\u00e8me ann\u00e9e<\/a><\/li>\n\n\n\n<li><a href=\"https:\/\/media.csstl.gouv.qc.ca\/wp-content\/uploads\/sites\/39\/2025\/07\/04071507\/05-Cinquieme_annee_fournitures_scolaires_25_26.pdf\" data-type=\"attachment\" data-id=\"1203\">Cinqui\u00e8me ann\u00e9e<\/a><\/li>\n\n\n\n<li><a href=\"https:\/\/media.csstl.gouv.qc.ca\/wp-content\/uploads\/sites\/39\/2025\/07\/04072440\/06-Sixieme_annee_fournitures_scolaires_25_26.pdf\" data-type=\"attachment\" data-id=\"1210\">Sixi\u00e8me ann\u00e9e<\/a><\/li>\n\n\n\n<li><a href=\"https:\/\/media.csstl.gouv.qc.ca\/wp-content\/uploads\/sites\/39\/2025\/07\/04071512\/701_TSA_prescolaire_fournitures_scolaires.pdf\" data-type=\"attachment\" data-id=\"1215\">Maternelle TSA<\/a><\/li>\n\n\n\n<li><a href=\"https:\/\/media.csstl.gouv.qc.ca\/wp-content\/uploads\/sites\/39\/2025\/07\/04071514\/702-704-TSA_petits_fournitures_scolaires_25_26.pdf\" data-type=\"attachment\" data-id=\"1199\">TSA Fran\u00e7ois (petits)<\/a><\/li>\n\n\n\n<li><a href=\"https:\/\/media.csstl.gouv.qc.ca\/wp-content\/uploads\/sites\/39\/2025\/07\/04071516\/705-706-707-TSA_grands_fournitures_scolaires_25-26.pdf\" data-type=\"attachment\" data-id=\"1211\">TSA Perrot (grands)<\/a><\/li>\n<\/ul>\n\n\n\n<p>Sachez que les \u00c9ditions Vaudreuil ont pr\u00e9par\u00e9 des paniers d&rsquo;achats avec les listes de l&rsquo;\u00e9cole. c&rsquo;est un <a href=\"https:\/\/scolaire.editionsvaudreuil.ca\/model\/schools-3\/ecole-francois-perrot-89\">Service Scolaire<\/a> qu&rsquo;ils nous offre si vous voulez encourager local et simplifier votre t\u00e2che.<br>*Aucune obligation <br>*Par souci d\u2019\u00e9conomie et d\u2019\u00e9cologie, vous pouvez r\u00e9utiliser les fournitures scolaires peu ou pas utilis\u00e9es de l\u2019ann\u00e9e pr\u00e9c\u00e9dente<\/p>\n\n\n\n<p><\/p>\n\n\n\n<p><br><\/p>\n","protected":false},"excerpt":{"rendered":"<p>Voici les listes de fournitures scolaires \u00e0 se procurer pour l&rsquo;ann\u00e9e 2025-2026: Sachez que les \u00c9ditions Vaudreuil ont pr\u00e9par\u00e9 des paniers d&rsquo;achats avec les listes de l&rsquo;\u00e9cole. c&rsquo;est un Service Scolaire qu&rsquo;ils nous offre si vous voulez encourager local et simplifier votre t\u00e2che.*Aucune obligation *Par souci d\u2019\u00e9conomie et d\u2019\u00e9cologie, vous pouvez r\u00e9utiliser les fournitures scolaires [&hellip;]<\/p>\n","protected":false},"author":2,"featured_media":0,"parent":0,"menu_order":20,"comment_status":"closed","ping_status":"closed","template":"","meta":{"_genesis_hide_title":false,"_genesis_hide_breadcrumbs":false,"_genesis_hide_singular_image":false,"_genesis_hide_footer_widgets":false,"_genesis_custom_body_class":"","_genesis_custom_post_class":"","_genesis_layout":"","footnotes":""},"class_list":{"0":"post-20","1":"page","2":"type-page","3":"status-publish","5":"entry"},"featured_image_src":null,"featured_image_src_square":null,"_links":{"self":[{"href":"https:\/\/csstl.gouv.qc.ca\/francois-perrot\/wp-json\/wp\/v2\/pages\/20","targetHints":{"allow":["GET"]}}],"collection":[{"href":"https:\/\/csstl.gouv.qc.ca\/francois-perrot\/wp-json\/wp\/v2\/pages"}],"about":[{"href":"https:\/\/csstl.gouv.qc.ca\/francois-perrot\/wp-json\/wp\/v2\/types\/page"}],"author":[{"embeddable":true,"href":"https:\/\/csstl.gouv.qc.ca\/francois-perrot\/wp-json\/wp\/v2\/users\/2"}],"replies":[{"embeddable":true,"href":"https:\/\/csstl.gouv.qc.ca\/francois-perrot\/wp-json\/wp\/v2\/comments?post=20"}],"version-history":[{"count":0,"href":"https:\/\/csstl.gouv.qc.ca\/francois-perrot\/wp-json\/wp\/v2\/pages\/20\/revisions"}],"wp:attachment":[{"href":"https:\/\/csstl.gouv.qc.ca\/francois-perrot\/wp-json\/wp\/v2\/media?parent=20"}],"curies":[{"name":"wp","href":"https:\/\/api.w.org\/{rel}","templated":true}]}}

<p>Voici les listes de fournitures scolaires à se procurer pour l&rsquo;année 2025-2026:</p>



<ul class="wp-block-list">
<li><a href="https://media.csstl.gouv.qc.ca/wp-content/uploads/sites/39/2025/07/04071454/00-Prescolaire_fournitures_scolaires_25_26.pdf" data-type="attachment" data-id="1201">Maternelle </a></li>



<li><a href="https://media.csstl.gouv.qc.ca/wp-content/uploads/sites/39/2025/07/04071456/01-Premiere_annee_fournitures_scolaires_24_25.pdf" data-type="attachment" data-id="1207">Première année</a></li>



<li><a href="https://media.csstl.gouv.qc.ca/wp-content/uploads/sites/39/2025/07/04071459/02-Deuxieme_annee_fournitures_scolaires_25_26.pdf" data-type="attachment" data-id="1204">Deuxième année </a></li>



<li><a href="https://media.csstl.gouv.qc.ca/wp-content/uploads/sites/39/2025/07/04071501/03-Troisieme_annee_fournitures_scolaires_25_26.pdf" data-type="attachment" data-id="1194">Troisième année </a></li>



<li><a href="https://media.csstl.gouv.qc.ca/wp-content/uploads/sites/39/2025/07/04071504/04-Quatrieme_annee_fournitures_scolaires_25_26.pdf" data-type="attachment" data-id="1209">Quatrième année</a></li>



<li><a href="https://media.csstl.gouv.qc.ca/wp-content/uploads/sites/39/2025/07/04071507/05-Cinquieme_annee_fournitures_scolaires_25_26.pdf" data-type="attachment" data-id="1203">Cinquième année</a></li>



<li><a href="https://media.csstl.gouv.qc.ca/wp-content/uploads/sites/39/2025/07/04072440/06-Sixieme_annee_fournitures_scolaires_25_26.pdf" data-type="attachment" data-id="1210">Sixième année</a></li>



<li><a href="https://media.csstl.gouv.qc.ca/wp-content/uploads/sites/39/2025/07/04071512/701_TSA_prescolaire_fournitures_scolaires.pdf" data-type="attachment" data-id="1215">Maternelle TSA</a></li>



<li><a href="https://media.csstl.gouv.qc.ca/wp-content/uploads/sites/39/2025/07/04071514/702-704-TSA_petits_fournitures_scolaires_25_26.pdf" data-type="attachment" data-id="1199">TSA François (petits)</a></li>



<li><a href="https://media.csstl.gouv.qc.ca/wp-content/uploads/sites/39/2025/07/04071516/705-706-707-TSA_grands_fournitures_scolaires_25-26.pdf" data-type="attachment" data-id="1211">TSA Perrot (grands)</a></li>
</ul>



<p>Sachez que les Éditions Vaudreuil ont préparé des paniers d&rsquo;achats avec les listes de l&rsquo;école. c&rsquo;est un <a href="https://scolaire.editionsvaudreuil.ca/model/schools-3/ecole-francois-perrot-89">Service Scolaire</a> qu&rsquo;ils nous offre si vous voulez encourager local et simplifier votre tâche.<br>*Aucune obligation <br>*Par souci d’économie et d’écologie, vous pouvez réutiliser les fournitures scolaires peu ou pas utilisées de l’année précédente</p>



<p></p>



<p><br></p>

<p>Voici les listes de fournitures scolaires à se procurer pour l&rsquo;année 2025-2026: Sachez que les Éditions Vaudreuil ont préparé des paniers d&rsquo;achats avec les listes de l&rsquo;école. c&rsquo;est un Service Scolaire qu&rsquo;ils nous offre si vous voulez encourager local et simplifier votre tâche.*Aucune obligation *Par souci d’économie et d’écologie, vous pouvez réutiliser les fournitures scolaires [&hellip;]</p>
