{"id":10,"date":"2019-02-06T13:15:15","date_gmt":"2019-02-06T13:15:15","guid":{"rendered":"http:\/\/cs3lacs.wpengine.com\/francois-perrot\/?page_id=10"},"modified":"2025-10-16T11:59:39","modified_gmt":"2025-10-16T16:59:39","slug":"conseil-detablissement","status":"publish","type":"page","link":"https:\/\/csstl.gouv.qc.ca\/francois-perrot\/conseil-detablissement\/","title":{"rendered":"Conseil d&rsquo;\u00e9tablissement"},"content":{"rendered":"\n<p>Pour consulter le lien concernant le comit\u00e9 de parents du Centre de services scolaires des Trois-Lacs cliquez ici: <em><span style=\"color: #00578c\" class=\"stk-highlight\"><a href=\"https:\/\/csstl.gouv.qc.ca\/comite-de-parents\/\" data-type=\"link\" data-id=\"https:\/\/csstl.gouv.qc.ca\/comite-de-parents\/\">Lien pour le comit\u00e9 de parents<\/a><\/span><\/em><\/p>\n\n\n\n<p>Pour la r\u00e8gles de r\u00e9gie interne du conseil d&rsquo;\u00e9tablissement, cliquez ici: <a href=\"https:\/\/media.csstl.gouv.qc.ca\/wp-content\/uploads\/sites\/39\/2025\/10\/16114132\/regie-interne-25-26.jpg\">R\u00e9gie interne 2025-2026<\/a>.<\/p>\n\n\n\n<h2 class=\"wp-block-heading\">Dates des rencontres<\/h2>\n\n\n\n<p>Les rencontres se d\u00e9roulent \u00e0 19 h et ont lieu \u00e0 l&rsquo;\u00e9cole Fran\u00e7ois-Perrot. L&rsquo;ordre du jour sera li\u00e9 \u00e0 la date environ une semaine \u00e0 l&rsquo;avance<\/p>\n\n\n\n<ul class=\"wp-block-list\">\n<li><em>Assembl\u00e9e g\u00e9n\u00e9rale<\/em> &#8211; <a href=\"https:\/\/media.csstl.gouv.qc.ca\/wp-content\/uploads\/sites\/39\/2025\/10\/02115850\/ODJ_AG_2025-09-11.pdf\" data-type=\"link\" data-id=\"https:\/\/media.csstl.gouv.qc.ca\/wp-content\/uploads\/sites\/39\/2025\/10\/02115850\/ODJ_AG_2025-09-11.pdf\">11 septembre 2025<\/a><\/li>\n\n\n\n<li>1ere rencontre &#8211; <a href=\"https:\/\/media.csstl.gouv.qc.ca\/wp-content\/uploads\/sites\/39\/2025\/10\/02113237\/ODJ_CE_20251008.pdf\" data-type=\"link\" data-id=\"https:\/\/media.csstl.gouv.qc.ca\/wp-content\/uploads\/sites\/39\/2025\/10\/02113237\/ODJ_CE_20251008.pdf\">8 octobre 2025<\/a><\/li>\n\n\n\n<li>2e rencontre &#8211; 5 novembre 2025<\/li>\n\n\n\n<li>3e rencontre &#8211; 11 f\u00e9vrier 2026<\/li>\n\n\n\n<li>4e rencontre &#8211; 15 avril 2026<\/li>\n\n\n\n<li>5e rencontre &#8211; 13 mai 2026<\/li>\n\n\n\n<li>6e rencontre &#8211; 4 juin 2026<\/li>\n<\/ul>\n\n\n\n<h2 class=\"wp-block-heading\"><\/h2>\n","protected":false},"excerpt":{"rendered":"<p>Pour consulter le lien concernant le comit\u00e9 de parents du Centre de services scolaires des Trois-Lacs cliquez ici: Lien pour le comit\u00e9 de parents Pour la r\u00e8gles de r\u00e9gie interne du conseil d&rsquo;\u00e9tablissement, cliquez ici: R\u00e9gie interne 2025-2026. Dates des rencontres Les rencontres se d\u00e9roulent \u00e0 19 h et ont lieu \u00e0 l&rsquo;\u00e9cole Fran\u00e7ois-Perrot. L&rsquo;ordre [&hellip;]<\/p>\n","protected":false},"author":2,"featured_media":0,"parent":0,"menu_order":11,"comment_status":"closed","ping_status":"closed","template":"","meta":{"_genesis_hide_title":false,"_genesis_hide_breadcrumbs":false,"_genesis_hide_singular_image":false,"_genesis_hide_footer_widgets":false,"_genesis_custom_body_class":"","_genesis_custom_post_class":"","_genesis_layout":"","footnotes":""},"class_list":{"0":"post-10","1":"page","2":"type-page","3":"status-publish","5":"entry"},"featured_image_src":null,"featured_image_src_square":null,"_links":{"self":[{"href":"https:\/\/csstl.gouv.qc.ca\/francois-perrot\/wp-json\/wp\/v2\/pages\/10","targetHints":{"allow":["GET"]}}],"collection":[{"href":"https:\/\/csstl.gouv.qc.ca\/francois-perrot\/wp-json\/wp\/v2\/pages"}],"about":[{"href":"https:\/\/csstl.gouv.qc.ca\/francois-perrot\/wp-json\/wp\/v2\/types\/page"}],"author":[{"embeddable":true,"href":"https:\/\/csstl.gouv.qc.ca\/francois-perrot\/wp-json\/wp\/v2\/users\/2"}],"replies":[{"embeddable":true,"href":"https:\/\/csstl.gouv.qc.ca\/francois-perrot\/wp-json\/wp\/v2\/comments?post=10"}],"version-history":[{"count":0,"href":"https:\/\/csstl.gouv.qc.ca\/francois-perrot\/wp-json\/wp\/v2\/pages\/10\/revisions"}],"wp:attachment":[{"href":"https:\/\/csstl.gouv.qc.ca\/francois-perrot\/wp-json\/wp\/v2\/media?parent=10"}],"curies":[{"name":"wp","href":"https:\/\/api.w.org\/{rel}","templated":true}]}}