{"id":746,"date":"2019-11-28T14:55:59","date_gmt":"2019-11-28T19:55:59","guid":{"rendered":"https:\/\/cs3lacs.wpengine.com\/eperviere\/?page_id=746"},"modified":"2026-01-19T10:19:26","modified_gmt":"2026-01-19T15:19:26","slug":"portrait","status":"publish","type":"page","link":"https:\/\/csstl.gouv.qc.ca\/eperviere\/portrait\/","title":{"rendered":"Portrait"},"content":{"rendered":"<div class=\"wp-block-image\">\n<figure class=\"aligncenter size-full\"><img loading=\"lazy\" decoding=\"async\" width=\"244\" height=\"106\" src=\"https:\/\/media.csstl.gouv.qc.ca\/wp-content\/uploads\/sites\/36\/2022\/11\/30145037\/Image1-3.jpg\" alt=\"\" class=\"wp-image-1115\" \/><\/figure>\n<\/div>\n\n\n<p>Chers parents,<\/p>\n\n\n\n<p>Je vous souhaite la bienvenue sur le site de notre \u00e9cole. Nous avons le privil\u00e8ge d&rsquo;accueillir 352 \u00e9l\u00e8ves de la maternelle \u00e0 la 6<sup>e<\/sup> ann\u00e9e, nous avons aussi la chance d\u2019avoir une maternelle 4 ans. L\u2019\u00e9cole compte sur des intervenants scolaires professionnels et dynamiques qui assurent \u00e0 vos enfants un bon encadrement n\u00e9cessaire \u00e0 la croissance de son autonomie et \u00e0 son d\u00e9veloppement global. Soyez assur\u00e9s que tout est mis en place afin qu&rsquo;il vive de belles r\u00e9ussites<\/p>\n\n\n\n<p>Nous offrons aux parents la possibilit\u00e9 d&rsquo;inscrire leur enfant \u00e0 un service de garde. Celui-ci est ouvert de 6h30 \u00e0 18h00. Un personnel attentionn\u00e9 et dynamique intervient aupr\u00e8s des enfants et leur fait vivre une multitude d&rsquo;activit\u00e9s. Le midi, nos \u00e9l\u00e8ves d\u00eenent dans leur classe ou au local du service de garde sous la supervision d&rsquo;un adulte. Un service de repas chauds payant, fourni par un traiteur, est aussi offert 5 jours par semaine.<\/p>\n\n\n\n<p>\u00c0 l&rsquo;ext\u00e9rieur, au pied de la montagne de Rigaud, une immense aire de jeux permet \u00e0 nos jeunes \u00e9l\u00e8ves de jouer en toute s\u00e9curit\u00e9 et de d\u00e9velopper les habilet\u00e9s psychomotrices n\u00e9cessaires \u00e0 leur d\u00e9veloppement.<\/p>\n\n\n\n<p>En votre qualit\u00e9 de premiers \u00e9ducateurs de votre enfant, nous avons besoin de votre collaboration pour accomplir notre mission. Je vous encourage \u00e0 continuer de vous informer sur son v\u00e9cu scolaire quotidien, de consulter quotidiennement son agenda et bien s\u00fbr, de l&rsquo;accompagner lors de son \u00e9tude et de ses devoirs.<\/p>\n\n\n\n<p>Jos\u00e9e Rh\u00e9aume<br>Directrice<\/p>\n","protected":false},"excerpt":{"rendered":"<p>Chers parents, Je vous souhaite la bienvenue sur le site de notre \u00e9cole. Nous avons le privil\u00e8ge d&rsquo;accueillir 352 \u00e9l\u00e8ves de la maternelle \u00e0 la 6e ann\u00e9e, nous avons aussi la chance d\u2019avoir une maternelle 4 ans. L\u2019\u00e9cole compte sur des intervenants scolaires professionnels et dynamiques qui assurent \u00e0 vos enfants un bon encadrement n\u00e9cessaire [&hellip;]<\/p>\n","protected":false},"author":4,"featured_media":0,"parent":0,"menu_order":0,"comment_status":"closed","ping_status":"closed","template":"","meta":{"_genesis_hide_title":false,"_genesis_hide_breadcrumbs":false,"_genesis_hide_singular_image":false,"_genesis_hide_footer_widgets":false,"_genesis_custom_body_class":"","_genesis_custom_post_class":"","_genesis_layout":"","footnotes":""},"class_list":{"0":"post-746","1":"page","2":"type-page","3":"status-publish","5":"entry"},"featured_image_src":null,"featured_image_src_square":null,"_links":{"self":[{"href":"https:\/\/csstl.gouv.qc.ca\/eperviere\/wp-json\/wp\/v2\/pages\/746","targetHints":{"allow":["GET"]}}],"collection":[{"href":"https:\/\/csstl.gouv.qc.ca\/eperviere\/wp-json\/wp\/v2\/pages"}],"about":[{"href":"https:\/\/csstl.gouv.qc.ca\/eperviere\/wp-json\/wp\/v2\/types\/page"}],"author":[{"embeddable":true,"href":"https:\/\/csstl.gouv.qc.ca\/eperviere\/wp-json\/wp\/v2\/users\/4"}],"replies":[{"embeddable":true,"href":"https:\/\/csstl.gouv.qc.ca\/eperviere\/wp-json\/wp\/v2\/comments?post=746"}],"version-history":[{"count":0,"href":"https:\/\/csstl.gouv.qc.ca\/eperviere\/wp-json\/wp\/v2\/pages\/746\/revisions"}],"wp:attachment":[{"href":"https:\/\/csstl.gouv.qc.ca\/eperviere\/wp-json\/wp\/v2\/media?parent=746"}],"curies":[{"name":"wp","href":"https:\/\/api.w.org\/{rel}","templated":true}]}}