{"id":482,"date":"2019-06-18T13:49:24","date_gmt":"2019-06-18T18:49:24","guid":{"rendered":"http:\/\/cs3lacs.wpengine.com\/eperviere\/?page_id=482"},"modified":"2025-08-28T07:59:40","modified_gmt":"2025-08-28T12:59:40","slug":"service-alimentaire","status":"publish","type":"page","link":"https:\/\/csstl.gouv.qc.ca\/eperviere\/service-alimentaire\/","title":{"rendered":"Service alimentaire"},"content":{"rendered":"\n<p>L&rsquo;\u00e9cole offre un service&nbsp;de traiteur pour des repas chauds avec l&rsquo;\u00c9rabli\u00e8re St-Henri.<\/p>\n\n\n\n<p>Pour consulter les menus mensuels offerts et commander les repas pour votre enfant, vous rendre sur le site de l&rsquo;\u00c9rabli\u00e8re Saint-Henri \u00e0 l&rsquo;adresse suivante:<a rel=\"noreferrer noopener\" href=\"http:\/\/www.erabliere-st-henri.ca\/traiteur-scolaire\" target=\"_blank\">&nbsp;www.erabliere-st-henri.ca\/traiteur-scolaire<\/a><\/p>\n\n\n\n<p>S\u00e9lectionner traiteur scolaire dans le menu au haut de la page, choisir \u00e9cole de l&rsquo;\u00c9pervi\u00e8re et faites votre choix de menu. Les paiements se font en ligne.<\/p>\n\n\n\n<p>Vous pouvez \u00e9galement les joindre directement 450-459-9469.<\/p>\n\n\n\n<p>Veuillez prendre note que l&rsquo;\u00e9cole ne prend aucune commande de repas chaud, vous devez obligatoirement vous adresser \u00e0 l&rsquo;\u00c9rabli\u00e8re St-Henri pour commander.&nbsp;&nbsp;<\/p>\n\n\n\n<p>Voici la liste des menus pour l&rsquo;ann\u00e9e scolaire 2025-2026<\/p>\n\n\n\n<ul class=\"wp-block-list\">\n<li><a href=\"https:\/\/media.csstl.gouv.qc.ca\/wp-content\/uploads\/sites\/36\/2025\/08\/28075756\/menu-08septembre_26-septembre_EPERVIERE_-2025.pdf\" data-type=\"attachment\" data-id=\"1501\">8 septembre au 26 septembre 2025<\/a><\/li>\n<\/ul>\n\n\n\n<p>Si votre enfant a un repas chaud lors d&rsquo;une activit\u00e9, vous devez communiquer avec l&rsquo;\u00c9rabli\u00e8re St-Henri pour annuler son repas.<\/p>\n\n\n\n<p><\/p>\n","protected":false},"excerpt":{"rendered":"<p>L&rsquo;\u00e9cole offre un service&nbsp;de traiteur pour des repas chauds avec l&rsquo;\u00c9rabli\u00e8re St-Henri. Pour consulter les menus mensuels offerts et commander les repas pour votre enfant, vous rendre sur le site de l&rsquo;\u00c9rabli\u00e8re Saint-Henri \u00e0 l&rsquo;adresse suivante:&nbsp;www.erabliere-st-henri.ca\/traiteur-scolaire S\u00e9lectionner traiteur scolaire dans le menu au haut de la page, choisir \u00e9cole de l&rsquo;\u00c9pervi\u00e8re et faites votre choix [&hellip;]<\/p>\n","protected":false},"author":2,"featured_media":0,"parent":0,"menu_order":0,"comment_status":"closed","ping_status":"closed","template":"","meta":{"_genesis_hide_title":false,"_genesis_hide_breadcrumbs":false,"_genesis_hide_singular_image":false,"_genesis_hide_footer_widgets":false,"_genesis_custom_body_class":"","_genesis_custom_post_class":"","_genesis_layout":"","footnotes":""},"class_list":{"0":"post-482","1":"page","2":"type-page","3":"status-publish","5":"entry"},"featured_image_src":null,"featured_image_src_square":null,"_links":{"self":[{"href":"https:\/\/csstl.gouv.qc.ca\/eperviere\/wp-json\/wp\/v2\/pages\/482","targetHints":{"allow":["GET"]}}],"collection":[{"href":"https:\/\/csstl.gouv.qc.ca\/eperviere\/wp-json\/wp\/v2\/pages"}],"about":[{"href":"https:\/\/csstl.gouv.qc.ca\/eperviere\/wp-json\/wp\/v2\/types\/page"}],"author":[{"embeddable":true,"href":"https:\/\/csstl.gouv.qc.ca\/eperviere\/wp-json\/wp\/v2\/users\/2"}],"replies":[{"embeddable":true,"href":"https:\/\/csstl.gouv.qc.ca\/eperviere\/wp-json\/wp\/v2\/comments?post=482"}],"version-history":[{"count":0,"href":"https:\/\/csstl.gouv.qc.ca\/eperviere\/wp-json\/wp\/v2\/pages\/482\/revisions"}],"wp:attachment":[{"href":"https:\/\/csstl.gouv.qc.ca\/eperviere\/wp-json\/wp\/v2\/media?parent=482"}],"curies":[{"name":"wp","href":"https:\/\/api.w.org\/{rel}","templated":true}]}}