{"id":914,"date":"2022-05-25T07:47:03","date_gmt":"2022-05-25T12:47:03","guid":{"rendered":"https:\/\/cs3lacs.wpengine.com\/chene-bleu\/?page_id=914"},"modified":"2025-08-14T11:10:17","modified_gmt":"2025-08-14T16:10:17","slug":"services","status":"publish","type":"page","link":"https:\/\/csstl.gouv.qc.ca\/echos\/services\/","title":{"rendered":"Services"},"content":{"rendered":"\n<h2 class=\"wp-block-heading\">Services de transport scolaire<\/h2>\n\n\n\n<p>Pour en savoir plus sur le transport scolaire offert par le CSSTL veuillez&nbsp;<a href=\"https:\/\/transport.cstrois-lacs.qc.ca\/coordonnees\">cliquer ici<\/a>.<\/p>\n\n\n\n<p><\/p>\n\n\n\n<h2 class=\"wp-block-heading\">Caf\u00e9t\u00e9ria<\/h2>\n\n\n\n<ul class=\"wp-block-list\">\n<li>Vous avez maintenant la possibilit\u00e9 d&rsquo;acheter une carte pr\u00e9pay\u00e9e pour faciliter les repas de vos enfants \u00e0 la caf\u00e9t\u00e9ria. Pour l&rsquo;obtenir, nous vous invitons \u00e0 cliquer sur le lien suivant: <a href=\"https:\/\/media.csstl.gouv.qc.ca\/wp-content\/uploads\/sites\/57\/2025\/08\/14110930\/CARTE-REPAS-ZIPTHRU.pdf\">Mazone par LSA (mazonelsa.com)<\/a><\/li>\n\n\n\n<li>Vous trouverez ci-joint le&nbsp;<a href=\"https:\/\/media.csstl.gouv.qc.ca\/wp-content\/uploads\/sites\/57\/2025\/08\/14075322\/CSSTL-Menu-2025-2026.pdf\">menu&nbsp;<\/a>de la caf\u00e9t\u00e9ria pour l\u2019\u00e9cole secondaire des \u00c9chos.<\/li>\n<\/ul>\n\n\n\n<h2 class=\"wp-block-heading\">Biblioth\u00e8que<\/h2>\n\n\n\n<p>Heures d\u2019ouverture&nbsp;: du lundi au vendredi de 9 h \u00e0 16 h<\/p>\n\n\n\n<p>Tu as des recherches \u00e0 faire?  <a href=\"https:\/\/regard.cstrois-lacs.qc.ca\/Pages\/Front\/Accueil\/Accueil.aspx#champ\">Consulte le catalogue Regard<\/a><\/p>\n\n\n\n<p><strong><span style=\"color: #181717\" class=\"stk-highlight\">Suggestion et demandes d&rsquo;achat<\/span><\/strong><\/p>\n\n\n\n<p>Pour faire une suggestion d\u2019achat, merci de vous adresser au personnel de la biblioth\u00e8que.<\/p>\n\n\n\n<p><strong>Personnel de la biblioth\u00e8que&nbsp;:<\/strong><\/p>\n\n\n\n<ul class=\"wp-block-list\">\n<li>Christelle Felx, Biblioth\u00e9caire<\/li>\n\n\n\n<li>Audr\u00e9e-Anne Cyr, Technicienne en documentation<\/li>\n<\/ul>\n\n\n\n<p><\/p>\n","protected":false},"excerpt":{"rendered":"<p>Services de transport scolaire Pour en savoir plus sur le transport scolaire offert par le CSSTL veuillez&nbsp;cliquer ici. Caf\u00e9t\u00e9ria Biblioth\u00e8que Heures d\u2019ouverture&nbsp;: du lundi au vendredi de 9 h \u00e0 16 h Tu as des recherches \u00e0 faire? Consulte le catalogue Regard Suggestion et demandes d&rsquo;achat Pour faire une suggestion d\u2019achat, merci de vous adresser [&hellip;]<\/p>\n","protected":false},"author":4,"featured_media":0,"parent":0,"menu_order":0,"comment_status":"closed","ping_status":"closed","template":"","meta":{"_genesis_hide_title":false,"_genesis_hide_breadcrumbs":false,"_genesis_hide_singular_image":false,"_genesis_hide_footer_widgets":false,"_genesis_custom_body_class":"","_genesis_custom_post_class":"","_genesis_layout":"","footnotes":""},"class_list":{"0":"post-914","1":"page","2":"type-page","3":"status-publish","5":"entry"},"featured_image_src":null,"featured_image_src_square":null,"_links":{"self":[{"href":"https:\/\/csstl.gouv.qc.ca\/echos\/wp-json\/wp\/v2\/pages\/914","targetHints":{"allow":["GET"]}}],"collection":[{"href":"https:\/\/csstl.gouv.qc.ca\/echos\/wp-json\/wp\/v2\/pages"}],"about":[{"href":"https:\/\/csstl.gouv.qc.ca\/echos\/wp-json\/wp\/v2\/types\/page"}],"author":[{"embeddable":true,"href":"https:\/\/csstl.gouv.qc.ca\/echos\/wp-json\/wp\/v2\/users\/4"}],"replies":[{"embeddable":true,"href":"https:\/\/csstl.gouv.qc.ca\/echos\/wp-json\/wp\/v2\/comments?post=914"}],"version-history":[{"count":0,"href":"https:\/\/csstl.gouv.qc.ca\/echos\/wp-json\/wp\/v2\/pages\/914\/revisions"}],"wp:attachment":[{"href":"https:\/\/csstl.gouv.qc.ca\/echos\/wp-json\/wp\/v2\/media?parent=914"}],"curies":[{"name":"wp","href":"https:\/\/api.w.org\/{rel}","templated":true}]}}