{"id":1047,"date":"2022-10-20T09:20:32","date_gmt":"2022-10-20T14:20:32","guid":{"rendered":"https:\/\/cs3lacs.wpengine.com\/coteau-du-lac\/?page_id=1047"},"modified":"2022-10-20T09:28:16","modified_gmt":"2022-10-20T14:28:16","slug":"actualites","status":"publish","type":"page","link":"https:\/\/csstl.gouv.qc.ca\/coteau-du-lac\/actualites\/","title":{"rendered":"Actualit\u00e9s"},"content":{"rendered":"<ul class=\"wp-block-latest-posts__list has-dates wp-block-latest-posts\"><li><a class=\"wp-block-latest-posts__post-title\" href=\"https:\/\/csstl.gouv.qc.ca\/coteau-du-lac\/2026\/02\/photos-de-finissants-6e-annee\/\">Changements dans le mode de d\u00e9part de votre enfant<\/a><time datetime=\"2026-02-04T08:31:46-05:00\" class=\"wp-block-latest-posts__post-date\">4 f\u00e9vrier 2026<\/time><div class=\"wp-block-latest-posts__post-excerpt\">Veuillez noter qu&rsquo;\u00e0 partir de 11 heures, aucun changement (t\u00e9l\u00e9phonique ou autre) en ce qui concerne les modalit\u00e9s de d\u00e9part (autobus, service de garde, marcheur) ne sera accept\u00e9 afin d&rsquo;assurer la s\u00e9curit\u00e9 des enfants.<\/div><\/li>\n<li><a class=\"wp-block-latest-posts__post-title\" href=\"https:\/\/csstl.gouv.qc.ca\/coteau-du-lac\/2026\/01\/1518\/\">Prochaine journ\u00e9e p\u00e9dagogique<\/a><time datetime=\"2026-01-30T13:32:45-05:00\" class=\"wp-block-latest-posts__post-date\">30 janvier 2026<\/time><div class=\"wp-block-latest-posts__post-excerpt\">Important! Veuillez prendre note qu&rsquo;en raison de la fermeture du Centre de services scolaire le 11 mars dernier pour temp\u00eate, la journ\u00e9e p\u00e9dagogique flottante du 7 avril 2026 deviendra un jour de classe (jour 3 pour le primaire).<\/div><\/li>\n<li><a class=\"wp-block-latest-posts__post-title\" href=\"https:\/\/csstl.gouv.qc.ca\/coteau-du-lac\/2026\/01\/diner-subway\/\">D\u00eener Subway<\/a><time datetime=\"2026-01-30T13:26:11-05:00\" class=\"wp-block-latest-posts__post-date\">30 janvier 2026<\/time><div class=\"wp-block-latest-posts__post-excerpt\">N&rsquo;oubliez pas que le troisi\u00e8me d\u00eener Subway aura lieu le mardi 14 avril prochain. Lors de cette journ\u00e9e, le service du traiteur ne sera pas offert.<\/div><\/li>\n<\/ul>","protected":false},"excerpt":{"rendered":"","protected":false},"author":2,"featured_media":0,"parent":0,"menu_order":0,"comment_status":"closed","ping_status":"closed","template":"","meta":{"_genesis_hide_title":false,"_genesis_hide_breadcrumbs":false,"_genesis_hide_singular_image":false,"_genesis_hide_footer_widgets":false,"_genesis_custom_body_class":"","_genesis_custom_post_class":"","_genesis_layout":"","footnotes":""},"class_list":{"0":"post-1047","1":"page","2":"type-page","3":"status-publish","5":"entry"},"featured_image_src":null,"featured_image_src_square":null,"_links":{"self":[{"href":"https:\/\/csstl.gouv.qc.ca\/coteau-du-lac\/wp-json\/wp\/v2\/pages\/1047","targetHints":{"allow":["GET"]}}],"collection":[{"href":"https:\/\/csstl.gouv.qc.ca\/coteau-du-lac\/wp-json\/wp\/v2\/pages"}],"about":[{"href":"https:\/\/csstl.gouv.qc.ca\/coteau-du-lac\/wp-json\/wp\/v2\/types\/page"}],"author":[{"embeddable":true,"href":"https:\/\/csstl.gouv.qc.ca\/coteau-du-lac\/wp-json\/wp\/v2\/users\/2"}],"replies":[{"embeddable":true,"href":"https:\/\/csstl.gouv.qc.ca\/coteau-du-lac\/wp-json\/wp\/v2\/comments?post=1047"}],"version-history":[{"count":0,"href":"https:\/\/csstl.gouv.qc.ca\/coteau-du-lac\/wp-json\/wp\/v2\/pages\/1047\/revisions"}],"wp:attachment":[{"href":"https:\/\/csstl.gouv.qc.ca\/coteau-du-lac\/wp-json\/wp\/v2\/media?parent=1047"}],"curies":[{"name":"wp","href":"https:\/\/api.w.org\/{rel}","templated":true}]}}