{"id":577,"date":"2019-06-27T08:30:15","date_gmt":"2019-06-27T13:30:15","guid":{"rendered":"http:\/\/cs3lacs.wpengine.com\/cite-des-jeunes\/?page_id=577"},"modified":"2022-10-20T09:30:09","modified_gmt":"2022-10-20T14:30:09","slug":"actualites","status":"publish","type":"page","link":"https:\/\/csstl.gouv.qc.ca\/cite-des-jeunes\/actualites\/","title":{"rendered":"Actualit\u00e9s"},"content":{"rendered":"<ul class=\"wp-block-latest-posts__list has-dates wp-block-latest-posts\"><li><a class=\"wp-block-latest-posts__post-title\" href=\"https:\/\/csstl.gouv.qc.ca\/cite-des-jeunes\/2025\/09\/rentree-scolaire-sans-cellulaire\/\">Rentr\u00e9e scolaire sans cellulaire<\/a><time datetime=\"2025-09-08T15:20:23-05:00\" class=\"wp-block-latest-posts__post-date\">8 septembre 2025<\/time><div class=\"wp-block-latest-posts__post-excerpt\">Nous vous invitons \u00e0 prendre connaissance de cette capsule d&rsquo;informations.<\/div><\/li>\n<li><a class=\"wp-block-latest-posts__post-title\" href=\"https:\/\/csstl.gouv.qc.ca\/cite-des-jeunes\/2025\/08\/rentree-scolaire-2025-2026\/\">Rentr\u00e9e scolaire 2025-2026<\/a><time datetime=\"2025-08-22T13:09:32-05:00\" class=\"wp-block-latest-posts__post-date\">22 ao\u00fbt 2025<\/time><div class=\"wp-block-latest-posts__post-excerpt\">La cloche va bient\u00f4t sonner, nous ouvrirons bient\u00f4t les portes de notre belle \u00e9cole pour l\u2019ann\u00e9e scolaire 25-26. L&rsquo;\u00e9quipe de la Cit\u00e9 travaillera ensemble \u00e0 faire que cette ann\u00e9e soit empreinte de collaboration, d\u2019apprentissages stimulants, de d\u00e9couvertes et de plaisir. C\u2019est \u00e0 travers nos valeurs d\u2019inclusion, d\u2019engagement, de collaboration et d\u2019appartenance que notre \u00e9quipe travaillera\u2026 <a class=\"wp-block-latest-posts__read-more\" href=\"https:\/\/csstl.gouv.qc.ca\/cite-des-jeunes\/2025\/08\/rentree-scolaire-2025-2026\/\" rel=\"noopener noreferrer\">Lire la suite\u00a0:<span class=\"screen-reader-text\"> Rentr\u00e9e scolaire 2025-2026<\/span><\/a><\/div><\/li>\n<li><a class=\"wp-block-latest-posts__post-title\" href=\"https:\/\/csstl.gouv.qc.ca\/cite-des-jeunes\/2025\/06\/uniformes-scolaires-2025-2026-pre-commande\/\">Uniformes scolaires 2025-2026 | Commande<\/a><time datetime=\"2025-06-11T10:15:42-05:00\" class=\"wp-block-latest-posts__post-date\">11 juin 2025<\/time><div class=\"wp-block-latest-posts__post-excerpt\">Bonjour, Veuillez prendre connaissance des informations relatives aux uniformes scolaires en cliquant sur le lien suivant : pr\u00e9-commande des uniformes scolaires, Pour profiter des rabais, vous devez commander avant le 30 juin 2025. Le code de notre \u00e9tablissement scolaire est cit. Pour toute question, n&rsquo;h\u00e9sitez pas \u00e0 contacter l&rsquo;\u00e9quipe Rapha\u00ebl U via raphaelu.ca\/contact ou au\u2026 <a class=\"wp-block-latest-posts__read-more\" href=\"https:\/\/csstl.gouv.qc.ca\/cite-des-jeunes\/2025\/06\/uniformes-scolaires-2025-2026-pre-commande\/\" rel=\"noopener noreferrer\">Lire la suite\u00a0:<span class=\"screen-reader-text\"> Uniformes scolaires 2025-2026 | Commande<\/span><\/a><\/div><\/li>\n<li><a class=\"wp-block-latest-posts__post-title\" href=\"https:\/\/csstl.gouv.qc.ca\/cite-des-jeunes\/2025\/04\/portes-ouvertes-2025\/\">Portes ouvertes 2025<\/a><time datetime=\"2025-04-29T07:59:32-05:00\" class=\"wp-block-latest-posts__post-date\">29 avril 2025<\/time><div class=\"wp-block-latest-posts__post-excerpt\"><\/div><\/li>\n<li><a class=\"wp-block-latest-posts__post-title\" href=\"https:\/\/csstl.gouv.qc.ca\/cite-des-jeunes\/2023\/08\/rentree-scolaire-2023-2024\/\">Rentr\u00e9e scolaire 2024-2025<\/a><time datetime=\"2023-08-23T10:35:37-05:00\" class=\"wp-block-latest-posts__post-date\">23 ao\u00fbt 2023<\/time><div class=\"wp-block-latest-posts__post-excerpt\">Chers parents, La rentr\u00e9e scolaire est \u00e0 nos portes. D\u00e9j\u00e0, les \u00e9l\u00e8ves prendront le chemin de l\u2019\u00e9cole pour une nouvelle ann\u00e9e. Toute l\u2019\u00e9quipe de la Cit\u00e9-des-Jeunes est heureuse de les accueillir. Il est important de vous informer que l\u2019\u00e9cole n\u2019a pas \u00e9t\u00e9 \u00e9pargn\u00e9e par la temp\u00eate Debby qui a s\u00e9vi il y a quelques semaines.&nbsp;\u2026 <a class=\"wp-block-latest-posts__read-more\" href=\"https:\/\/csstl.gouv.qc.ca\/cite-des-jeunes\/2023\/08\/rentree-scolaire-2023-2024\/\" rel=\"noopener noreferrer\">Lire la suite\u00a0:<span class=\"screen-reader-text\"> Rentr\u00e9e scolaire 2024-2025<\/span><\/a><\/div><\/li>\n<\/ul>","protected":false},"excerpt":{"rendered":"","protected":false},"author":2,"featured_media":0,"parent":0,"menu_order":0,"comment_status":"closed","ping_status":"closed","template":"","meta":{"_genesis_hide_title":false,"_genesis_hide_breadcrumbs":false,"_genesis_hide_singular_image":false,"_genesis_hide_footer_widgets":false,"_genesis_custom_body_class":"","_genesis_custom_post_class":"","_genesis_layout":"","footnotes":""},"class_list":{"0":"post-577","1":"page","2":"type-page","3":"status-publish","5":"entry"},"featured_image_src":null,"featured_image_src_square":null,"_links":{"self":[{"href":"https:\/\/csstl.gouv.qc.ca\/cite-des-jeunes\/wp-json\/wp\/v2\/pages\/577","targetHints":{"allow":["GET"]}}],"collection":[{"href":"https:\/\/csstl.gouv.qc.ca\/cite-des-jeunes\/wp-json\/wp\/v2\/pages"}],"about":[{"href":"https:\/\/csstl.gouv.qc.ca\/cite-des-jeunes\/wp-json\/wp\/v2\/types\/page"}],"author":[{"embeddable":true,"href":"https:\/\/csstl.gouv.qc.ca\/cite-des-jeunes\/wp-json\/wp\/v2\/users\/2"}],"replies":[{"embeddable":true,"href":"https:\/\/csstl.gouv.qc.ca\/cite-des-jeunes\/wp-json\/wp\/v2\/comments?post=577"}],"version-history":[{"count":0,"href":"https:\/\/csstl.gouv.qc.ca\/cite-des-jeunes\/wp-json\/wp\/v2\/pages\/577\/revisions"}],"wp:attachment":[{"href":"https:\/\/csstl.gouv.qc.ca\/cite-des-jeunes\/wp-json\/wp\/v2\/media?parent=577"}],"curies":[{"name":"wp","href":"https:\/\/api.w.org\/{rel}","templated":true}]}}