{"id":1623,"date":"2024-12-13T08:39:39","date_gmt":"2024-12-13T13:39:39","guid":{"rendered":"https:\/\/csstl.gouv.qc.ca\/chene-bleu\/?page_id=1623"},"modified":"2026-03-10T14:22:23","modified_gmt":"2026-03-10T19:22:23","slug":"environnement","status":"publish","type":"page","link":"https:\/\/csstl.gouv.qc.ca\/chene-bleu\/environnement\/","title":{"rendered":"Environnement"},"content":{"rendered":"\n<h2 class=\"wp-block-heading\">Pacte de l&rsquo;\u00e9cole qu\u00e9b\u00e9coise<\/h2>\n\n\n\n<p><a href=\"https:\/\/media.csstl.gouv.qc.ca\/wp-content\/uploads\/sites\/20\/2025\/06\/25110723\/Environnement.pdf\" data-type=\"attachment\" data-id=\"1778\">Lab22<\/a><\/p>\n\n\n\n<p><\/p>\n\n\n\n<p><\/p>\n\n\n\n<p><\/p>\n\n\n\n<h2 class=\"wp-block-heading\"><strong>Soutenez notre campagne \u201cCultive ton \u00e9cole\u201d et offrez des emplois d\u2019\u00e9t\u00e9 \u00e0 nos jeunes !<\/strong><\/h2>\n\n\n\n<p>Nous sommes heureux de vous annoncer le lancement de notre campagne de financement annuelle \u201cCultive ton \u00e9cole\u201d, en collaboration avec un producteur mara\u00eecher de Vaudreuil\u2011Soulanges : les Jardins de la R\u00e9sistance. Cette initiative nous permet non seulement d\u2019encourager l\u2019agriculture locale, mais aussi de\u00a0<strong>financer des emplois d\u2019\u00e9t\u00e9 pour les jeunes de notre \u00e9cole<\/strong>.<\/p>\n\n\n\n<p>Cette ann\u00e9e, nous vous proposons :<br>-3 combos de plants potagers (formats vari\u00e9s)<br>-Des plants de tomates vendus \u00e0 l\u2019unit\u00e9<br>-La possibilit\u00e9 de faire un don pour soutenir directement notre projet<\/p>\n\n\n\n<figure class=\"wp-block-image size-large\"><img loading=\"lazy\" decoding=\"async\" width=\"1024\" height=\"604\" src=\"https:\/\/media.csstl.gouv.qc.ca\/wp-content\/uploads\/sites\/20\/2026\/03\/10142055\/image-1024x604.png\" alt=\"\" class=\"wp-image-1899\" srcset=\"https:\/\/media.csstl.gouv.qc.ca\/wp-content\/uploads\/sites\/20\/2026\/03\/10142055\/image-1024x604.png 1024w, https:\/\/media.csstl.gouv.qc.ca\/wp-content\/uploads\/sites\/20\/2026\/03\/10142055\/image-300x177.png 300w, https:\/\/media.csstl.gouv.qc.ca\/wp-content\/uploads\/sites\/20\/2026\/03\/10142055\/image-768x453.png 768w, https:\/\/media.csstl.gouv.qc.ca\/wp-content\/uploads\/sites\/20\/2026\/03\/10142055\/image.png 1092w\" sizes=\"auto, (max-width: 1024px) 100vw, 1024px\" \/><\/figure>\n\n\n\n<p>\ud83c\udf89 L\u2019\u00e9cole conserve 25 % du montant des ventes, ce qui contribue directement \u00e0 offrir des emplois d\u2019\u00e9t\u00e9 significatifs et formateurs \u00e0 nos \u00e9l\u00e8ves.<br><br><strong>\ud83d\udcc5 P\u00e9riode de la campagne<\/strong><br><strong>D\u00e9but : 9 mars 2026<\/strong><br><strong>Fin : 30 mars 2026 \u00e0 23 h 59 (HE)<\/strong><br><strong>\ud83d\ude9a Livraison des plants<\/strong><br><strong>Date : 27 mai 2026<\/strong><br><strong>Lieu : d\u00e9barcad\u00e8re des autobus<\/strong><br><strong>Heure : entre 16 h 30 et 18 h 30<\/strong><br><strong>\ud83c\udf31 Soutenir le projet<\/strong><br>Vous pouvez effectuer votre achat ou votre don directement au lien suivant :<br>\ud83d\udc49 <strong><a href=\"https:\/\/can01.safelinks.protection.outlook.com\/?url=https%3A%2F%2Flafabriqueaprojets.ca%2FCultivetonEcole&amp;data=05%7C02%7Cmathieu.lorange%40csstl.gouv.qc.ca%7Cd03fb7fe3e4d4fbef85c08de7dcb0478%7C41cb8ddbfc734894a931aa86e5ee1661%7C0%7C0%7C639086508102879390%7CUnknown%7CTWFpbGZsb3d8eyJFbXB0eU1hcGkiOnRydWUsIlYiOiIwLjAuMDAwMCIsIlAiOiJXaW4zMiIsIkFOIjoiTWFpbCIsIldUIjoyfQ%3D%3D%7C0%7C%7C%7C&amp;sdata=8pmpx6FJE8K8qsKesZFUgP%2B69ZO73g91cb0hQFeXQoA%3D&amp;reserved=0\">https:\/\/lafabriqueaprojets.ca\/CultivetonEcole<\/a><\/strong><\/p>\n\n\n\n<p><br>Votre participation, petite ou grande, fait une r\u00e9elle diff\u00e9rence pour notre communaut\u00e9 scolaire.<br>Merci de soutenir un projet qui \u00e9duque, nourrit et fait grandir\u2026 autant nos jeunes que notre milieu !<br>N\u2019h\u00e9sitez pas \u00e0 communiquer avec nous si vous avez des questions.<br>Mme M\u00e9lanie Blais, Animatrice \u00e0 la vie \u00e9tudiante-Volet environnement, peut vous soutenir au besoin (514 425-1166, poste 6269 \/ \u00a0\u00a0<a href=\"mailto:melanie.blais@csstl.gouv.qc.ca\">melanie.blais@csstl.gouv.qc.ca<\/a>)<\/p>\n\n\n\n<p><br>Au plaisir de jardiner avec vous !<\/p>\n","protected":false},"excerpt":{"rendered":"<p>Pacte de l&rsquo;\u00e9cole qu\u00e9b\u00e9coise Lab22 Soutenez notre campagne \u201cCultive ton \u00e9cole\u201d et offrez des emplois d\u2019\u00e9t\u00e9 \u00e0 nos jeunes ! Nous sommes heureux de vous annoncer le lancement de notre campagne de financement annuelle \u201cCultive ton \u00e9cole\u201d, en collaboration avec un producteur mara\u00eecher de Vaudreuil\u2011Soulanges : les Jardins de la R\u00e9sistance. Cette initiative nous permet [&hellip;]<\/p>\n","protected":false},"author":118,"featured_media":0,"parent":0,"menu_order":0,"comment_status":"closed","ping_status":"closed","template":"","meta":{"_genesis_hide_title":false,"_genesis_hide_breadcrumbs":false,"_genesis_hide_singular_image":false,"_genesis_hide_footer_widgets":false,"_genesis_custom_body_class":"","_genesis_custom_post_class":"","_genesis_layout":"","footnotes":""},"class_list":{"0":"post-1623","1":"page","2":"type-page","3":"status-publish","5":"entry"},"featured_image_src":null,"featured_image_src_square":null,"_links":{"self":[{"href":"https:\/\/csstl.gouv.qc.ca\/chene-bleu\/wp-json\/wp\/v2\/pages\/1623","targetHints":{"allow":["GET"]}}],"collection":[{"href":"https:\/\/csstl.gouv.qc.ca\/chene-bleu\/wp-json\/wp\/v2\/pages"}],"about":[{"href":"https:\/\/csstl.gouv.qc.ca\/chene-bleu\/wp-json\/wp\/v2\/types\/page"}],"author":[{"embeddable":true,"href":"https:\/\/csstl.gouv.qc.ca\/chene-bleu\/wp-json\/wp\/v2\/users\/118"}],"replies":[{"embeddable":true,"href":"https:\/\/csstl.gouv.qc.ca\/chene-bleu\/wp-json\/wp\/v2\/comments?post=1623"}],"version-history":[{"count":0,"href":"https:\/\/csstl.gouv.qc.ca\/chene-bleu\/wp-json\/wp\/v2\/pages\/1623\/revisions"}],"wp:attachment":[{"href":"https:\/\/csstl.gouv.qc.ca\/chene-bleu\/wp-json\/wp\/v2\/media?parent=1623"}],"curies":[{"name":"wp","href":"https:\/\/api.w.org\/{rel}","templated":true}]}}