{"id":12,"date":"2022-09-08T12:53:23","date_gmt":"2022-09-08T12:53:23","guid":{"rendered":"https:\/\/cs3lacs.wpengine.com\/centre-des-belles-rives\/?page_id=12"},"modified":"2025-12-16T09:42:38","modified_gmt":"2025-12-16T14:42:38","slug":"personnel","status":"publish","type":"page","link":"https:\/\/csstl.gouv.qc.ca\/centre-des-belles-rives\/personnel\/","title":{"rendered":"Personnel"},"content":{"rendered":"\n<h2 class=\"wp-block-heading\">Une \u00e9quipe dynamique!<\/h2>\n\n\n\n<p>Au centre des Belles-Rives, vous pouvez compter sur une \u00e9quipe multidisciplinaire qualifi\u00e9e qui vous accompagnera tout au long de votre parcours. Enseignants, enseignantes, conseill\u00e8res p\u00e9dagogiques, agent de service social, soutien administratif, conseill\u00e8re d&rsquo;orientation, conseill\u00e8re en information scolaire, animateur de vie \u00e9tudiante ainsi qu&rsquo;une direction dynamique seront l\u00e0 afin de vous guider pour l&rsquo;atteinte de vos objectifs.<\/p>\n\n\n\n\t\t<div class=\"wppdfemb-frame-container-1\" style=\"-webkit-overflow-scrolling:auto;\">\n\t\t\t<iframe class=\"pdfembed-iframe nonfullscreen wppdf-emb-iframe-1\"\n\t\t\t\tsrc=\"https:\/\/csstl.gouv.qc.ca\/centre-des-belles-rives\/?pdfemb-data=eyJwZGZJRCI6NDA2LCJ1cmwiOiJodHRwczpcL1wvbWVkaWEuY3NzdGwuZ291di5xYy5jYVwvd3AtY29udGVudFwvdXBsb2Fkc1wvc2l0ZXNcLzUyXC8yMDI1XC8xMlwvMTYwOTM5MjNcL0xpc3RlLWR1LXBlcnNvbm5lbC1DZW50cmUtZGVzLUJlbGxlcy1SaXZlcy0yMDI1LTIwMjYucGRmIiwiaW5kZXgiOjEsIndtX3RleHQiOiIifQ\"\n\t\t\t\t\t\t\t\tdata-pdf-id=\"406\"\n\t\t\t\tdata-pdf-index=\"1\"\n\t\t\t\tstyle=\"border:none;width:100%;max-width:100%;height:100vh;\"\n\t\t\t\tscrolling=\"yes\">\n\t\t\t<\/iframe>\n\t\t<\/div>\n\n\t\t","protected":false},"excerpt":{"rendered":"<p>Une \u00e9quipe dynamique! Au centre des Belles-Rives, vous pouvez compter sur une \u00e9quipe multidisciplinaire qualifi\u00e9e qui vous accompagnera tout au long de votre parcours. Enseignants, enseignantes, conseill\u00e8res p\u00e9dagogiques, agent de [&hellip;]<\/p>\n","protected":false},"author":2,"featured_media":0,"parent":0,"menu_order":0,"comment_status":"closed","ping_status":"closed","template":"","meta":{"_genesis_hide_title":false,"_genesis_hide_breadcrumbs":false,"_genesis_hide_singular_image":false,"_genesis_hide_footer_widgets":false,"_genesis_custom_body_class":"","_genesis_custom_post_class":"","_genesis_layout":"","footnotes":""},"class_list":["post-12","page","type-page","status-publish","entry"],"featured_image_src":null,"featured_image_src_square":null,"_links":{"self":[{"href":"https:\/\/csstl.gouv.qc.ca\/centre-des-belles-rives\/wp-json\/wp\/v2\/pages\/12","targetHints":{"allow":["GET"]}}],"collection":[{"href":"https:\/\/csstl.gouv.qc.ca\/centre-des-belles-rives\/wp-json\/wp\/v2\/pages"}],"about":[{"href":"https:\/\/csstl.gouv.qc.ca\/centre-des-belles-rives\/wp-json\/wp\/v2\/types\/page"}],"author":[{"embeddable":true,"href":"https:\/\/csstl.gouv.qc.ca\/centre-des-belles-rives\/wp-json\/wp\/v2\/users\/2"}],"replies":[{"embeddable":true,"href":"https:\/\/csstl.gouv.qc.ca\/centre-des-belles-rives\/wp-json\/wp\/v2\/comments?post=12"}],"version-history":[{"count":0,"href":"https:\/\/csstl.gouv.qc.ca\/centre-des-belles-rives\/wp-json\/wp\/v2\/pages\/12\/revisions"}],"wp:attachment":[{"href":"https:\/\/csstl.gouv.qc.ca\/centre-des-belles-rives\/wp-json\/wp\/v2\/media?parent=12"}],"curies":[{"name":"wp","href":"https:\/\/api.w.org\/{rel}","templated":true}]}}