{"id":10,"date":"2019-02-06T13:15:15","date_gmt":"2019-02-06T13:15:15","guid":{"rendered":"http:\/\/cs3lacs.wpengine.com\/auclair\/?page_id=10"},"modified":"2024-11-28T11:21:16","modified_gmt":"2024-11-28T16:21:16","slug":"conseil-detablissement","status":"publish","type":"page","link":"https:\/\/csstl.gouv.qc.ca\/auclair\/conseil-detablissement\/","title":{"rendered":"Conseil d&rsquo;\u00e9tablissement"},"content":{"rendered":"\n<p class=\"has-large-font-size\"><strong><span style=\"color: #47aa42\" class=\"stk-highlight\">ANN\u00c9E SCOLAIRE 2024-2025<\/span><\/strong><\/p>\n\n\n\n<h2 class=\"wp-block-heading\">Assembl\u00e9e g\u00e9n\u00e9rale<\/h2>\n\n\n\n<ul class=\"wp-block-list\">\n<li>Le jeudi 5 septembre 2024 \u00e0 18 h 15\n<ul class=\"wp-block-list\">\n<li><a href=\"https:\/\/media.csstl.gouv.qc.ca\/wp-content\/uploads\/sites\/2\/2024\/08\/29143927\/AG-ordre-du-jour-septembre-2024.pdf\" data-type=\"attachment\" data-id=\"1339\">Ordre du jour de la rencontre<\/a><\/li>\n\n\n\n<li><a href=\"https:\/\/media.csstl.gouv.qc.ca\/wp-content\/uploads\/sites\/2\/2024\/08\/29143915\/AG-proces-verbal-septembre-2023.pdf\" data-type=\"attachment\" data-id=\"1338\">Compte-rendu de l&rsquo;assembl\u00e9e g\u00e9n\u00e9rale de septembre 2023<\/a><\/li>\n\n\n\n<li><a href=\"https:\/\/media.csstl.gouv.qc.ca\/wp-content\/uploads\/sites\/2\/2024\/08\/29143937\/Rapport-annuel-des-etablissements-2023-2024.pdf\" data-type=\"attachment\" data-id=\"1340\">Rapport annuel 2023-2024<\/a><\/li>\n<\/ul>\n<\/li>\n<\/ul>\n\n\n\n<h2 class=\"wp-block-heading\">Les membres<\/h2>\n\n\n\n<p><a href=\"https:\/\/media.csstl.gouv.qc.ca\/wp-content\/uploads\/sites\/2\/2024\/10\/17125159\/Liste-des-membres-CE-et-OPP-24-25.pdf\" data-type=\"attachment\" data-id=\"1371\">Liste des membres 2024-2025 (C\u00c9 et O.P.P.)<\/a><\/p>\n\n\n\n<h2 class=\"wp-block-heading\">Rencontres (voir Ordre du jour pour la modalit\u00e9 &#8211; virtuelle ou pr\u00e9sentielle)<\/h2>\n\n\n\n<ul class=\"wp-block-list\">\n<li><strong>16 octobre 2024<\/strong>\n<ul class=\"wp-block-list\">\n<li><a href=\"https:\/\/media.csstl.gouv.qc.ca\/wp-content\/uploads\/sites\/2\/2024\/11\/28111629\/CE-2425-ODJ-16octobre.pdf\" data-type=\"attachment\" data-id=\"1397\">Ordre du jour<\/a><\/li>\n\n\n\n<li><a href=\"https:\/\/media.csstl.gouv.qc.ca\/wp-content\/uploads\/sites\/2\/2024\/11\/28110826\/CE-2425-PV-16octobre.pdf\" data-type=\"attachment\" data-id=\"1396\">Proc\u00e8s-verbal<\/a><\/li>\n<\/ul>\n<\/li>\n\n\n\n<li><strong>27 novembre 2024<\/strong>\n<ul class=\"wp-block-list\">\n<li><a href=\"https:\/\/media.csstl.gouv.qc.ca\/wp-content\/uploads\/sites\/2\/2024\/11\/22095459\/CE-2425-ODJ-27novembre.pdf\" data-type=\"attachment\" data-id=\"1395\">Ordre du jour<\/a><\/li>\n\n\n\n<li>Proc\u00e8s-verbal<\/li>\n<\/ul>\n<\/li>\n\n\n\n<li><strong>19 f\u00e9vrier 2025<\/strong>\n<ul class=\"wp-block-list\">\n<li>Ordre du jour<\/li>\n\n\n\n<li>Proc\u00e8s-verbal<\/li>\n<\/ul>\n<\/li>\n\n\n\n<li><strong>26 mars 2025<\/strong>\n<ul class=\"wp-block-list\">\n<li>Ordre du jour<\/li>\n\n\n\n<li>Proc\u00e8s-verbal<\/li>\n<\/ul>\n<\/li>\n\n\n\n<li><strong>30 avril 2025<\/strong>\n<ul class=\"wp-block-list\">\n<li>Ordre du jour<\/li>\n\n\n\n<li>Proc\u00e8s-verbal<\/li>\n<\/ul>\n<\/li>\n\n\n\n<li><strong>28 mai 2025<\/strong>\n<ul class=\"wp-block-list\">\n<li>Ordre du jour<\/li>\n\n\n\n<li>Proc\u00e8s-verbal<\/li>\n<\/ul>\n<\/li>\n\n\n\n<li><strong>11 juin 2025<\/strong>\n<ul class=\"wp-block-list\">\n<li>Ordre du jour<\/li>\n\n\n\n<li>Proc\u00e8s-verbal<\/li>\n<\/ul>\n<\/li>\n<\/ul>\n\n\n\n<p class=\"has-large-font-size\"><strong><span style=\"color: #47aa42\" class=\"stk-highlight\">ANN\u00c9E SCOLAIRE 2023-2024<\/span><\/strong><\/p>\n\n\n\n<h2 class=\"wp-block-heading\">Assembl\u00e9e g\u00e9n\u00e9rale<\/h2>\n\n\n\n<ul class=\"wp-block-list\">\n<li>Le mardi 12 septembre 2023 \u00e0 19 h\n<ul class=\"wp-block-list\">\n<li><a href=\"https:\/\/media.csstl.gouv.qc.ca\/wp-content\/uploads\/sites\/2\/2023\/09\/08135646\/AG-ordre-du-jour-septembre-2023.pdf\" data-type=\"attachment\" data-id=\"1230\">Ordre du jour de la rencontre<\/a><\/li>\n\n\n\n<li><a href=\"https:\/\/media.csstl.gouv.qc.ca\/wp-content\/uploads\/sites\/2\/2023\/09\/11103240\/AG-proces-verbal-septembre-2022-1.pdf\" data-type=\"attachment\" data-id=\"1235\">Compte-rendu de l&rsquo;assembl\u00e9e g\u00e9n\u00e9rale de septembre 2022<\/a><\/li>\n\n\n\n<li><a href=\"https:\/\/media.csstl.gouv.qc.ca\/wp-content\/uploads\/sites\/2\/2023\/09\/11103153\/Rapport-annuel-des-etablissements-2022-2023-1.pdf\" data-type=\"attachment\" data-id=\"1234\">Rapport annuel 2022-2023<\/a><\/li>\n<\/ul>\n<\/li>\n<\/ul>\n\n\n\n<h2 class=\"wp-block-heading\"><span style=\"color: var(--stk-global-color-26594, #000000)\" class=\"stk-highlight\">Les membres<\/span><\/h2>\n\n\n\n<p><a href=\"https:\/\/media.csstl.gouv.qc.ca\/wp-content\/uploads\/sites\/2\/2023\/10\/19074209\/Liste-des-membres-CE-et-OPP-23-24.pdf\" data-type=\"attachment\" data-id=\"1246\">Liste des membres 2023-2024 (C\u00c9 et O.P.P.)<\/a><\/p>\n\n\n\n<h2 class=\"wp-block-heading\">Rencontres (voir Ordre du jour pour la modalit\u00e9 &#8211; virtuelle ou pr\u00e9sentielle)<\/h2>\n\n\n\n<ul class=\"wp-block-list\">\n<li><strong>18 octobre 2023<\/strong>\n<ul class=\"wp-block-list\">\n<li><a href=\"https:\/\/media.csstl.gouv.qc.ca\/wp-content\/uploads\/sites\/2\/2023\/10\/10082332\/CE-2223-ODJ-18octobre.pdf\" data-type=\"attachment\" data-id=\"1245\">Ordre du jour<\/a><\/li>\n\n\n\n<li><a href=\"https:\/\/media.csstl.gouv.qc.ca\/wp-content\/uploads\/sites\/2\/2023\/11\/28105138\/CE-2223-PV-18-octobre.pdf\" data-type=\"attachment\" data-id=\"1263\">Proc\u00e8s-verbal<\/a><\/li>\n<\/ul>\n<\/li>\n<\/ul>\n\n\n\n<ul class=\"wp-block-list\">\n<li><strong>29 novembre 2023<\/strong>\n<ul class=\"wp-block-list\">\n<li><a href=\"https:\/\/media.csstl.gouv.qc.ca\/wp-content\/uploads\/sites\/2\/2023\/11\/28105130\/CE-2324-ODJ-29-novembre.pdf\" data-type=\"attachment\" data-id=\"1262\">Ordre du jour<\/a><\/li>\n\n\n\n<li><a href=\"https:\/\/media.csstl.gouv.qc.ca\/wp-content\/uploads\/sites\/2\/2024\/04\/03101627\/CE-2324-PV-29-novembre.pdf\" data-type=\"attachment\" data-id=\"1288\">Proc\u00e8s-verbal<\/a><\/li>\n<\/ul>\n<\/li>\n<\/ul>\n\n\n\n<ul class=\"wp-block-list\">\n<li><strong>21 f\u00e9vrier 2024<\/strong>\n<ul class=\"wp-block-list\">\n<li><a href=\"https:\/\/media.csstl.gouv.qc.ca\/wp-content\/uploads\/sites\/2\/2024\/02\/20095523\/CE-2324-ODJ-21fevrier.pdf\" data-type=\"attachment\" data-id=\"1272\">Ordre du jour<\/a><\/li>\n\n\n\n<li><a href=\"https:\/\/media.csstl.gouv.qc.ca\/wp-content\/uploads\/sites\/2\/2024\/03\/28115056\/CE-2324-PV-21-fevrier.pdf\" data-type=\"attachment\" data-id=\"1287\">Proc\u00e8s-verbal<\/a> <\/li>\n<\/ul>\n<\/li>\n<\/ul>\n\n\n\n<ul class=\"wp-block-list\">\n<li><strong>27 mars 2024<\/strong>\n<ul class=\"wp-block-list\">\n<li><a href=\"https:\/\/media.csstl.gouv.qc.ca\/wp-content\/uploads\/sites\/2\/2024\/03\/21090358\/CE-2324-ODJ-27mars.pdf\" data-type=\"attachment\" data-id=\"1286\">Ordre du jour<\/a><\/li>\n\n\n\n<li><a href=\"https:\/\/media.csstl.gouv.qc.ca\/wp-content\/uploads\/sites\/2\/2024\/06\/03131357\/CE-2324-PV-27-mars.pdf\" data-type=\"attachment\" data-id=\"1297\">Proc\u00e8s-verbal<\/a><\/li>\n<\/ul>\n<\/li>\n<\/ul>\n\n\n\n<ul class=\"wp-block-list\">\n<li><strong>30 avril 2024<\/strong>\n<ul class=\"wp-block-list\">\n<li><a href=\"https:\/\/media.csstl.gouv.qc.ca\/wp-content\/uploads\/sites\/2\/2024\/04\/26132251\/CE-2324-ODJ-30-avril.pdf\" data-type=\"attachment\" data-id=\"1291\">Ordre du jour<\/a><\/li>\n\n\n\n<li><a href=\"https:\/\/media.csstl.gouv.qc.ca\/wp-content\/uploads\/sites\/2\/2024\/06\/10115221\/CE-2324-PV-30-avril.pdf\" data-type=\"attachment\" data-id=\"1299\">Proc\u00e8s-verbal<\/a><\/li>\n<\/ul>\n<\/li>\n<\/ul>\n\n\n\n<ul class=\"wp-block-list\">\n<li><strong>29 mai 2024<\/strong>\n<ul class=\"wp-block-list\">\n<li><a href=\"https:\/\/media.csstl.gouv.qc.ca\/wp-content\/uploads\/sites\/2\/2024\/05\/27100225\/CE-2324-ODJ-29-mai.pdf\" data-type=\"attachment\" data-id=\"1296\">Ordre du jour<\/a><\/li>\n\n\n\n<li>Proc\u00e8s-verbal<\/li>\n<\/ul>\n<\/li>\n<\/ul>\n\n\n\n<ul class=\"wp-block-list\">\n<li><strong>12 juin 2024<\/strong>\n<ul class=\"wp-block-list\">\n<li><a href=\"https:\/\/media.csstl.gouv.qc.ca\/wp-content\/uploads\/sites\/2\/2024\/06\/10115212\/CE-2324-ODJ-12-juin.pdf\" data-type=\"attachment\" data-id=\"1298\">Ordre du jour<\/a><\/li>\n\n\n\n<li>Proc\u00e8s-verbal<\/li>\n<\/ul>\n<\/li>\n<\/ul>\n","protected":false},"excerpt":{"rendered":"<p>ANN\u00c9E SCOLAIRE 2024-2025 Assembl\u00e9e g\u00e9n\u00e9rale Les membres Liste des membres 2024-2025 (C\u00c9 et O.P.P.) Rencontres (voir Ordre du jour pour la modalit\u00e9 &#8211; virtuelle ou pr\u00e9sentielle) ANN\u00c9E SCOLAIRE 2023-2024 Assembl\u00e9e g\u00e9n\u00e9rale Les membres Liste des membres 2023-2024 (C\u00c9 et O.P.P.) Rencontres (voir Ordre du jour pour la modalit\u00e9 &#8211; virtuelle ou pr\u00e9sentielle)<\/p>\n","protected":false},"author":2,"featured_media":0,"parent":0,"menu_order":11,"comment_status":"closed","ping_status":"closed","template":"","meta":{"_genesis_hide_title":false,"_genesis_hide_breadcrumbs":false,"_genesis_hide_singular_image":false,"_genesis_hide_footer_widgets":false,"_genesis_custom_body_class":"","_genesis_custom_post_class":"","_genesis_layout":"","footnotes":""},"class_list":{"0":"post-10","1":"page","2":"type-page","3":"status-publish","5":"entry"},"featured_image_src":null,"featured_image_src_square":null,"_links":{"self":[{"href":"https:\/\/csstl.gouv.qc.ca\/auclair\/wp-json\/wp\/v2\/pages\/10","targetHints":{"allow":["GET"]}}],"collection":[{"href":"https:\/\/csstl.gouv.qc.ca\/auclair\/wp-json\/wp\/v2\/pages"}],"about":[{"href":"https:\/\/csstl.gouv.qc.ca\/auclair\/wp-json\/wp\/v2\/types\/page"}],"author":[{"embeddable":true,"href":"https:\/\/csstl.gouv.qc.ca\/auclair\/wp-json\/wp\/v2\/users\/2"}],"replies":[{"embeddable":true,"href":"https:\/\/csstl.gouv.qc.ca\/auclair\/wp-json\/wp\/v2\/comments?post=10"}],"version-history":[{"count":0,"href":"https:\/\/csstl.gouv.qc.ca\/auclair\/wp-json\/wp\/v2\/pages\/10\/revisions"}],"wp:attachment":[{"href":"https:\/\/csstl.gouv.qc.ca\/auclair\/wp-json\/wp\/v2\/media?parent=10"}],"curies":[{"name":"wp","href":"https:\/\/api.w.org\/{rel}","templated":true}]}}